-- https://www.phpmyadmin.net/
--

START TRANSACTION;



--
-- Database: `thefhvew_dhensuya`
--

-- --------------------------------------------------------

--
-- Table structure for table `aboutus`
--

CREATE TABLE `aboutus` (
  `id` int(11) NOT NULL,
  `aboutus` longtext NOT NULL
) ENGINE=InnoDB DEFAULT CHARSET=utf8mb4 COLLATE=utf8mb4_general_ci;

-- --------------------------------------------------------

--
-- Table structure for table `addresses`
--

CREATE TABLE `addresses` (
  `id` int(11) NOT NULL,
  `user_id` int(11) NOT NULL,
  `address_title` varchar(50) NOT NULL,
  `address1` text NOT NULL,
  `address2` text NOT NULL,
  `name` varchar(100) NOT NULL,
  `phone_number` varchar(100) NOT NULL,
  `email_address` varchar(255) NOT NULL,
  `city` varchar(50) NOT NULL,
  `state` varchar(50) NOT NULL,
  `country` varchar(50) NOT NULL,
  `postal_code` varchar(50) NOT NULL,
  `created_on` datetime NOT NULL
) ENGINE=MyISAM DEFAULT CHARSET=latin1 COLLATE=latin1_swedish_ci;

--
-- Dumping data for table `addresses`
--

INSERT INTO `addresses` (`id`, `user_id`, `address_title`, `address1`, `address2`, `name`, `phone_number`, `email_address`, `city`, `state`, `country`, `postal_code`, `created_on`) VALUES
(1, 3, 'jbsjh bv', 'Sri lakshmi heavens mens pg,Beside Vikram hospital, Madhapur', 'Madhapur', 'Akhil Kumar', '+549885800328', 'akhil.srikakolapu@gmail.com', 'Hyderabad', 'Telangana', '99', '500081', '2022-05-08 11:12:05'),
(2, 3, 'jbsjh bv', 'jbsjh bv', 'bjsh v', 'Akhil Kumar', '+549885800328', 'akhil.srikakolapu@gmail.com', 'hs d', 'Iceland', '10', '3232', '2022-05-08 11:17:02'),
(3, 5, 'home', 'ks haahhuhaibad dfa', '', 'akhil', '90329493988', 'akhil.srikakolapu@gmail.com', 'hyderabad', 'telangana', '91', '500085', '2022-05-11 10:43:55'),
(4, 12, '5-6-13, Kistareddy Colony, Chandra Shekar Real Est', '5-6-13, Kistareddy Colony, Chandra Shekar Real Estate, Madhavi Nagar, Hydershakote, Telangana 500091, India', '5-6-12', 'vamshi', '08686563135', 'vamshikrishnaa43@gmail.com', 'Hyderabad City', 'Telangana', '99', '500091', '2022-05-15 07:28:01'),
(5, 14, 'Home ', '313 Flat No , Shiva Sai Residency , Beside Gnana Prabha High school, Hyderguda Attapur', 'Shiva Sai Residency', 'Ks Sunil', '8639830035', 'kssunil07@gmail.com', 'Hyderabad', 'Telangana', '99', '500048', '2022-06-01 10:22:54'),
(6, 13, 'Shiva sai Residency Flat No 313 attapur hyderguda ', 'Shiva sai Residency Flat No 313 attapur hyderguda HYDERABAD', 'Hyderabad ', 'Surya Kuttuvan', '09290633703', 'ktsurya31@gmail.com', 'HYDERABAD', 'Telangana', '99', '500048', '2022-06-08 10:11:45'),
(7, 13, 'Shiva Sai residence flat number 313 attapur Hydera', 'Hyderabad ', 'Telangana ', 'Surya ', '09290633703', 'ktsurya31@gmail.com', 'Hyderabad ', 'Telangana ', '99', '500048', '2022-06-09 12:54:50'),
(8, 15, '313 Flat No , Shiva Sai Residency , Beside Gnana P', '313 Flat No , Shiva Sai Residency , Beside Gnana Prabha High school, Hyderguda Attapur', 'Shiva Sai Residency', 'Ks Sunil', '8639830035', 'kssunil07@gmail.com', 'Hyderabad', 'Telangana', '99', '500048', '2022-06-10 10:01:53'),
(9, 17, 'Sri lakshmi heavens mens pg,Beside Vikram hospital', 'Sri lakshmi heavens mens pg,Beside Vikram hospital, Madhapur', 'Madhapur', 'Akhil Kumar', '9885800328', 'akhil.srikakolapu@gmail.com', 'Hyderabad', 'Telangana', '99', '500081', '2022-06-11 02:18:02'),
(10, 19, 'Home Address', 'Flat No. 313 , Shiva Sai Residency, Near Gnana Prabha High School', 'Hyderguda , Attapur ', 'Ks Maheswari', '8885416099', 'sunilop06@gmail.com', 'Hyderabad', 'Telangana', '99', '500048', '2022-06-12 04:56:23'),
(11, 5, 'home', 'test', '', 'akhil', '90329493988', 'akhil.srikakolapu@gmail.com', 'hyderabad', 'telangana', '99', '500085', '2022-06-26 03:53:52'),
(12, 5, 'Work', '2321test flat', '', 'rohith', '9834393212', 'rohith@gmail.com', 'Hyderabad', 'telangana', '91', '798816', '2022-06-26 03:59:11'),
(13, 5, 'Work', '2321test flat', '', 'rohith', '9834393212', 'text', 'Hyderabad', 'telangana', '91', '798816', '2022-06-26 03:59:39'),
(14, 5, 'Work', '2321test flat', '', 'rohith', '9834393212', 'rohith@gmail.com', 'Hyderabady', 'telangana', '91', '798816', '2022-06-26 04:00:08'),
(15, 5, 'Work', 'test address', '', 'rohith', '9858490933', 'rohith@gmail.com', 'Hyderabad', 'telangana', '91', '500076', '2022-06-26 04:02:44'),
(16, 5, 'home', 'ks haahhuhaibad dfa', '', 'akhil', '90329493988', 'akhil.srikakolapu@gmail.com', 'hyderabad', 'telangana', '99', '500085', '2022-07-04 10:22:09'),
(17, 5, 'Other address', 'test address  punjagutta', '', 'rohith', '9569876561', 'rohith@gmail.com', 'Hyderabad', 'Telangana', '91', '500089', '2022-07-04 11:45:53'),
(18, 5, 'other address1', 'test address', '', 'rohith34', '9698722390', 'rohith@gmail.com', 'Hyderabad', 'Tealangana', '91', '778322', '2022-07-04 11:49:58'),
(30, 17, 'Home', 'csdhcaj', '', 'rohith', '9199999923', 'rohithch@gmail.com', 'sdc', 'dcsdfss', '91', '500025', '2024-04-15 09:12:37'),
(29, 17, 'Home', 'csdhcaj', '', 'rohith', '9199999923', 'rohithch@gmail.com', 'sdc', 'dcsdf', '91', '500025', '2024-04-15 09:10:54'),
(21, 25, 'Home Rajendra Panibhate', 'H.no 4-3-142/2/2/2 cbit colny player no126', '', 'Rajendra p.', '9030473907', 'rajpanibhate@gmail.com', 'Hyderabad ', 'Telangana', '91', '500048', '2022-07-15 01:22:37'),
(22, 4, 'work', 'test address', '', 'rohith', '8468546876', 'rohith123@gmail.com', 'Hyderabad', 'telangana', '91', '500089', '2022-07-15 04:21:26'),
(23, 36, 'Home', '21-4-349 petlaburz ', '', 'shiva', '8686280370', 'shiva199470@gmail.com', 'Hyderabad ', 'Telangana ', '91', '500064', '2022-07-18 11:18:10'),
(24, 26, 'Home', 'flat 306 attapur', '', 'lava', '9849948474', 'Lkkuttuvan@gmail.com ', 'Hyderabad ', 'telangana', '91', '500030', '2022-07-24 12:45:30'),
(25, 5, 'text', 'text', '', 'text', 'text', 'text', 'text', 'text', '91', 'text', '2022-08-16 04:44:24'),
(27, 70, 'Home Address', '91-50 , Manikkam street , Shevaipet , Salem 636002', '', 'Gopi R', '9150909303', 'rgopi01061975@gmail.com', 'Salem', 'Tamilnadu', '99', '636002', '2022-11-07 02:20:31'),
(28, 5, 'home', 'ks haahhuhaibad dfa', '', 'akhil', '90329493988', 'akhil.srikakolapu@gmail.com', 'hyderabad', 'telangana', '99', '500085', '2024-03-14 07:36:17'),
(31, 17, 'Home', 'csdhcaj', '', 'rohith', '9199999923', 'rohithch@gmail.com', 'sdc', 'dcsdf12345', '91', '500025', '2024-04-15 09:12:53'),
(32, 108, 'Home', 'near madhapur', '', 'rohith', '9729832982', 'rohithch1811@gmail.com', 'Hyderabad', 'Telangana', '91', '500084', '2024-04-21 06:11:26'),
(33, 71, 'Home', 'miyapur', '', 'sailesh ', '9177191097', 'kallurisailesh@gmail.com', 'Hyderabad ', 'telangana ', '91', '500049', '2024-05-02 12:24:12'),
(34, 71, 'Home', 'miyapur', '', 'sailesh ', '9177191097', 'kallurisailesh@gmail.com', 'Hyderabad ', 'telangana ', '91', '500049', '2024-05-02 12:24:13'),
(35, 71, 'Home', 'miyapur', '', 'sailesh ', '9177191097', 'kallurisailesh@gmail.com', 'Hyderabad ', 'telangana ', '91', '500049', '2024-05-02 12:24:21'),
(36, 71, 'Home', 'miyapur', '', 'sailesh ', '9177191097', 'kallurisailesh@gmail.com', 'Hyderabad ', 'telangana ', '91', '500049', '2024-05-02 12:24:21'),
(37, 71, 'Home', 'miyapur', '', 'sailesh ', '9177191097', 'kallurisailesh@gmail.com', 'Hyderabad ', 'telangana ', '91', '500049', '2024-05-02 12:24:22'),
(38, 71, 'Home', 'miyapur', '', 'sailesh ', '9177191097', 'kallurisailesh@gmail.com', 'Hyderabad ', 'telangana ', '91', '500049', '2024-05-02 12:24:23'),
(39, 71, 'Home', 'miyapur', '', 'sailesh ', '9177191097', 'kallurisailesh@gmail.com', 'Hyderabad ', 'telangana ', '91', '500049', '2024-05-02 12:24:24'),
(40, 71, 'Home', 'miyapur', '', 'sailesh ', '9177191097', 'kallurisailesh@gmail.com', 'Hyderabad ', 'telangana ', '91', '500049', '2024-05-02 12:24:24'),
(41, 71, 'Home', 'miyapur', '', 'sailesh ', '9177191097', 'kallurisailesh@gmail.com', 'Hyderabad ', 'telangana ', '91', '500049', '2024-05-02 12:24:25'),
(42, 109, 'Dfg', 'mateu', '', 'sailesh ', '9177191097', 'kallurisailesh@gmail.com', 'dgg', 'zdf', '91', '500049', '2024-05-03 09:19:21'),
(43, 109, 'Dfg', 'mateu', '', 'sailesh ', '9177191097', 'kallurisailesh@gmail.com', 'dgg', 'zdf', '91', '500049', '2024-05-03 09:19:30'),
(44, 114, 'Home', 'matrusri nagar', '', 'sailesh', '9177191097', 'sailesh.k@chromiumsolutions.com', 'Hyderabad ', 'telangana ', '91', '500049', '2024-05-07 04:54:26'),
(45, 115, 'Home', 'vijaya Laxmi residency ', '', 'vijaya', '7799149797', 'vijayalakshmi.v@chromiumsolutions.com', 'Hyderabad ', 'Telangana ', '91', '500049', '2024-05-08 04:06:37'),
(46, 83, 'Home', 'miyapur ', '', 'sailesh', '9553656150', 'skalluri@zitisisolutions.com', 'Hyderabad ', 'telangana ', '91', '500049', '2024-05-08 04:54:33'),
(47, 120, '209 sharvani heights ', 'Shravani Heights ', '', 'Lokesh ', '6303079893', 'lokeshbisetti98@gmail.com', 'miyapur ', 'Telangana ', '91', '500049', '2024-05-09 01:14:15'),
(48, 119, 'Miyapur ', 'miyapur ', '', 'revathi', '9703458539', 'radari@zitisisolutions.com', 'Hyderabad ', 'Telangana ', '91', '946', '2024-05-09 02:54:38'),
(49, 118, 'Residence', 'g2, Vijaya Lakshmi residency,Rajiv ghandi nagar,bachupally', '', 'jayasri', '8790857538', 'jayasriboina@gmail.com', 'Hyderabad ', 'telangana', '91', '500090', '2024-05-09 02:56:27'),
(50, 116, 'Home', 'V R Residency,Fno 101, Road No 5,Shilpa Avenue Colony,', '', 'Sirisha D', '9885977948', 'sdevarasetty@zitisisolutions.com', 'Hyderabad ', 'Telangana ', '91', '500049', '2024-05-09 03:03:30'),
(51, 121, 'Ramalayam Temple', 'izzathnagar colony ', '', 'Anusha', '7675019215', 'anushapoloju874@gmail.com', 'Hyderabad ', 'Telangana ', '91', '500084', '2024-05-09 05:41:32'),
(52, 132, 'Home', 'vastu colony,lb nagar ', '', 'Gandhe Nethra ', '9912736568', 'gandhenethra@gmail.com', 'Hyderabad ', 'Telangana ', '91', '500074', '2024-05-09 06:19:24'),
(53, 135, 'Home', 'vzhsjhydera', '', 'rohith', '96771888', 'rohith678@gmail.com', 'hyde', 'telangana', '91', '500065', '2024-05-16 11:59:13'),
(54, 138, 'Home ', 'miyapur', '', 'lahari ', '9879876546', 'LahariPendyala@gmail.com', 'Hyderabad ', 'Telangana ', '91', '500049', '2024-06-17 05:04:45');

-- --------------------------------------------------------

--
-- Table structure for table `api_user_login`
--

CREATE TABLE `api_user_login` (
  `id` int(11) NOT NULL,
  `user_id` int(11) NOT NULL,
  `bearer_token` varchar(100) NOT NULL,
  `created_on` datetime DEFAULT NULL
) ENGINE=MyISAM DEFAULT CHARSET=latin1 COLLATE=latin1_swedish_ci;

--
-- Dumping data for table `api_user_login`
--

INSERT INTO `api_user_login` (`id`, `user_id`, `bearer_token`, `created_on`) VALUES
(1, 3, 'zw0u5r6e2o', '2022-05-04 13:02:09'),
(2, 3, 'muc43yqx1g', '2022-05-05 01:42:21'),
(3, 3, '615b3koqzf', '2022-05-05 01:44:55'),
(4, 5, 'ixk4dtch5n', '2022-05-06 05:34:13'),
(5, 5, 'qt8i9mpgrj', '2022-05-06 05:37:21'),
(6, 5, 'ql4o6h0duc', '2022-05-06 05:39:39'),
(7, 5, '6i0d91jhqa', '2022-05-06 07:23:11'),
(8, 5, '2vkhxdya7o', '2022-05-06 07:40:19'),
(9, 5, 'xejd86wim4', '2022-05-06 08:40:33'),
(10, 5, 'qrv20fe6cp', '2022-05-08 18:10:22'),
(11, 5, 'y3qjbv7a9l', '2022-05-08 22:46:57'),
(12, 5, 'h4xfz5bnum', '2022-05-08 22:50:30'),
(13, 5, '8vd6tjq4am', '2022-05-08 22:52:11'),
(14, 5, 'bcwoidufqn', '2022-05-09 12:30:07'),
(15, 5, '7pi5fosect', '2022-05-09 12:35:30'),
(16, 5, 'psf2hj3z46', '2022-05-09 12:52:40'),
(17, 5, 'b3dfvehgkz', '2022-05-09 13:13:43'),
(18, 5, 'l9g7hkx8vp', '2022-05-09 13:28:34'),
(19, 5, '8kinv4ut5m', '2022-05-09 15:35:50'),
(20, 5, 'h8ro1mxgk2', '2022-05-09 15:56:21'),
(21, 4, 'zwi4ufdsp0', '2022-05-09 16:12:31'),
(22, 5, 'vah3i24xjl', '2022-05-09 17:15:32'),
(23, 5, 'dnhpv8mz4q', '2022-05-09 17:46:25'),
(24, 5, '6svwoqpcdt', '2022-05-09 17:49:52'),
(25, 5, 'mrpogxhb8c', '2022-05-10 17:24:20'),
(26, 5, 'q6bs5ajgc2', '2022-05-10 17:36:18'),
(27, 5, 'kb17acr9fq', '2022-05-10 18:16:42'),
(28, 5, 'j6oypwrsf1', '2022-05-10 18:22:22'),
(29, 5, 'aidoecgyb9', '2022-05-13 11:40:00'),
(30, 5, '4tmiorq8fc', '2022-05-13 11:44:18'),
(31, 5, 'yr4w9qfjn1', '2022-05-13 12:24:05'),
(32, 5, 'v2qohatds9', '2022-05-13 15:22:00'),
(33, 5, '9yfgvw3rhz', '2022-05-13 16:27:46'),
(34, 5, 'u6y1b7jmrh', '2022-05-13 16:59:03'),
(35, 5, 'naw2b4rtcx', '2022-05-13 17:41:32'),
(36, 5, 't0ljsmqo47', '2022-05-13 17:51:23'),
(37, 5, '7uolcxhwim', '2022-05-15 12:38:09'),
(38, 5, '89w45s6l10', '2022-05-15 12:49:01'),
(39, 5, '4kofy3s9z0', '2022-05-15 13:10:35'),
(40, 5, '6wk28hn5ft', '2022-05-15 13:45:31'),
(41, 5, 'ki8baflmq3', '2022-06-15 23:45:51'),
(42, 5, 'gm7du4nzsw', '2022-06-15 23:47:14'),
(43, 5, 'a0i35w1hcn', '2022-06-15 23:48:55'),
(44, 5, 'dhsbk0t3eu', '2022-06-15 23:55:20'),
(45, 5, 'cu0lha5bpe', '2022-06-15 23:57:00'),
(46, 5, 'zux34gvfjo', '2022-06-16 00:05:54'),
(47, 5, '9x8ukymtq5', '2022-06-16 00:08:46'),
(48, 5, 'kevzjcrihg', '2022-06-16 00:10:11'),
(49, 5, '2nvdxtmluf', '2022-06-16 00:10:58'),
(50, 5, 'lzb5qs9rm2', '2022-06-16 00:14:23'),
(51, 5, 'j6573kmuxl', '2022-06-16 00:31:49'),
(52, 5, 'rnu7cpda3j', '2022-06-16 00:58:21'),
(53, 5, 'epnvj52sm1', '2022-06-16 01:08:41'),
(54, 5, '0oz5e4piyf', '2022-06-16 11:12:54'),
(55, 5, '60oqa5xwc4', '2022-06-16 11:19:59'),
(56, 5, '2jqrwnpzdl', '2022-06-16 11:48:19'),
(57, 5, 'whduykltos', '2022-06-16 11:48:28'),
(58, 5, 'dqpenk4vfb', '2022-06-16 11:52:54'),
(59, 5, 'j9s6qfmoin', '2022-06-16 11:53:24'),
(60, 5, 'y4sxnjtpgc', '2022-06-16 11:53:30'),
(61, 5, 'gkw9qd3hr6', '2022-06-16 11:59:22'),
(62, 5, 'pwhjkzx6ad', '2022-06-16 12:02:58'),
(63, 5, 'xw9bojkzqc', '2022-06-16 12:03:36'),
(64, 5, 'a3zgn5q1cl', '2022-06-16 12:05:22'),
(65, 5, 'pmcy3evk6d', '2022-06-16 12:05:46'),
(66, 5, 'le04w85hpd', '2022-06-16 12:26:30'),
(67, 5, '0frtq5kvec', '2022-06-16 12:27:24'),
(68, 5, '84scwibjon', '2022-06-16 12:28:10'),
(69, 5, 'mi2uwvxzhk', '2022-06-16 12:33:02'),
(70, 5, 'l6mdrxb7hj', '2022-06-16 12:37:03'),
(71, 5, '6r8z4vmk2a', '2022-06-16 12:38:04'),
(72, 5, 'tv2yum35d7', '2022-06-16 12:38:48'),
(73, 5, 'tfwn1ekypl', '2022-06-16 12:44:37'),
(74, 5, 'wb7lhfm20i', '2022-06-16 14:23:28'),
(75, 5, '3ca7ek6r84', '2022-06-16 14:46:07'),
(76, 5, 'zvdlg8nes5', '2022-06-16 14:47:44'),
(77, 5, 'c9xrb3n12h', '2022-06-16 16:08:59'),
(78, 5, '1f9n3zeq5u', '2022-06-16 16:45:49'),
(79, 5, '0yqil7jasb', '2022-06-16 17:48:18'),
(80, 5, 'c871mfd3xb', '2022-06-16 17:48:25'),
(81, 5, '0uxqi73vt8', '2022-06-16 17:51:40'),
(82, 5, 's2knvwb64e', '2022-06-16 18:00:43'),
(83, 5, '2rixo6fp9t', '2022-06-16 18:00:44'),
(84, 5, 'o913vsn0th', '2022-06-16 18:33:14'),
(85, 5, 'i5qpls0z6o', '2022-06-16 18:33:15'),
(86, 5, '9sfc6ven0w', '2022-06-16 18:40:24'),
(87, 5, 'd6154ekrbs', '2022-06-16 18:40:26'),
(88, 5, 'dfjm6wabqv', '2022-06-16 20:40:17'),
(89, 5, 'gw93dmpyrk', '2022-06-16 20:40:18'),
(90, 5, '8z0fl26a93', '2022-06-16 23:23:56'),
(91, 5, 'ba2kdmc1tu', '2022-06-16 23:26:14'),
(92, 5, '49mxduz5cg', '2022-06-16 23:27:55'),
(93, 5, 'bzhf08rdaw', '2022-06-16 23:28:50'),
(94, 5, '9z1c6fg5tj', '2022-06-16 23:31:01'),
(95, 5, 'mvh9kzeqt3', '2022-06-16 23:31:41'),
(96, 5, 'ovl8z9ujbe', '2022-06-16 23:32:55'),
(97, 5, 'wz4etfbpn5', '2022-06-16 23:33:28'),
(98, 5, 'on914rigql', '2022-06-17 00:01:02'),
(99, 12, 'fsxgjzewk3', '2022-06-17 00:25:25'),
(100, 12, '1nq2l3wzvo', '2022-06-17 00:25:26'),
(101, 12, '1ojtcaqifr', '2022-06-17 00:31:57'),
(102, 12, '5mqi39dsyw', '2022-06-17 00:34:25'),
(103, 12, 'vea4zu9jto', '2022-06-17 00:37:29'),
(104, 12, 'nojd79154t', '2022-06-17 00:38:23'),
(105, 5, '9xtp5awrev', '2022-06-17 15:37:24'),
(106, 5, 'xglp2mtcif', '2022-06-17 15:37:40'),
(107, 5, 'i9p3ocvewk', '2022-06-17 15:43:48'),
(108, 17, 'qwf35dn1u6', '2022-06-17 23:15:56'),
(109, 17, 'cayv12fbue', '2022-06-17 23:15:56'),
(110, 17, 'a1czm7yxfu', '2022-06-17 23:15:56'),
(111, 17, 'rml541uti3', '2022-06-17 23:15:56'),
(112, 17, 'szwxtyn6gd', '2022-06-17 23:15:57'),
(113, 17, 'zk0ql65emt', '2022-06-17 23:15:57'),
(114, 17, 'e13swmaruc', '2022-06-17 23:23:50'),
(115, 5, 'vkt05bsrug', '2022-06-18 00:12:50'),
(116, 5, '75vy6j1p4r', '2022-06-18 00:14:44'),
(117, 5, 'c13qybli0v', '2022-06-18 00:19:04'),
(118, 5, 'nub3pyc1j6', '2022-06-18 00:20:19'),
(119, 5, 'dvf0ng6p54', '2022-06-18 00:23:38'),
(120, 5, 'y6t8a0b59r', '2022-06-18 23:10:18'),
(121, 5, 'r8ag74sjhi', '2022-06-18 23:11:59'),
(122, 5, 'k2dht38si4', '2022-06-18 23:13:38'),
(123, 5, 'zi8a4obxgu', '2022-06-19 12:47:51'),
(124, 5, 'fnlbmz0wcx', '2022-06-19 13:01:58'),
(125, 5, 'xkz9vi3u8f', '2022-06-19 13:03:32'),
(126, 5, 'v6i2qfgb9h', '2022-06-19 13:23:24'),
(127, 5, 'zqwg5ex63n', '2022-06-19 14:45:24'),
(128, 5, '7c2tlg1q8a', '2022-06-19 14:46:06'),
(129, 5, 'ym2bcqnjsx', '2022-06-19 14:47:08'),
(130, 5, 'yl4samitok', '2022-06-19 14:57:10'),
(131, 5, 'ipl7ba95hn', '2022-06-19 14:58:56'),
(132, 5, '1osd7yn3h0', '2022-06-19 14:59:56'),
(133, 5, 'inz9ktjcsp', '2022-06-19 15:40:23'),
(134, 5, 'rxz0kdnu1l', '2022-06-19 15:45:59'),
(135, 5, 'xwgyj5zoqt', '2022-06-19 16:07:15'),
(136, 5, 'vonlmi67rb', '2022-06-19 16:17:27'),
(137, 5, '9sxmnzdwr0', '2022-06-19 16:24:46'),
(138, 5, 'mlv4xg7fib', '2022-06-19 16:42:02'),
(139, 5, 'qxre96plh8', '2022-06-19 16:45:08'),
(140, 5, 'mx4y9acfzi', '2022-06-19 16:46:53'),
(141, 5, 'gm0bs3vl2o', '2022-06-19 16:47:11'),
(142, 5, 'j3s750ar2h', '2022-06-19 16:48:54'),
(143, 5, '5dfy4v6la3', '2022-06-19 17:17:46'),
(144, 5, 'nhfqpwb4yt', '2022-06-19 17:22:40'),
(145, 5, '4m7r0f6vjq', '2022-06-19 17:34:48'),
(146, 5, 'v8xowsdchi', '2022-06-19 17:36:46'),
(147, 5, 'wqoagsp380', '2022-06-19 17:37:13'),
(148, 5, 'r0nqv7tl5u', '2022-06-19 17:38:20'),
(149, 5, 'zhikq1x2m9', '2022-06-19 17:42:55'),
(150, 5, 'oyc2gd3iaj', '2022-06-19 17:45:43'),
(151, 5, 'sj6kvf10yi', '2022-06-19 17:45:43'),
(152, 17, '0q19k4enst', '2022-06-19 17:54:46'),
(153, 5, 'jaktme601z', '2022-06-19 18:04:29'),
(154, 5, '5yc6njxo7e', '2022-06-19 18:04:54'),
(155, 5, 'wtamglhr9o', '2022-06-19 18:07:57'),
(156, 5, 'qft0y735li', '2022-06-19 18:13:54'),
(157, 5, 'rl1du3ae0q', '2022-06-19 18:16:47'),
(158, 5, 'mwasjqo83d', '2022-06-19 21:53:13'),
(159, 5, 'uq8rle9gi6', '2022-06-19 23:33:53'),
(160, 5, '13ey7ui8cd', '2022-06-19 23:34:09'),
(161, 5, 'ojfezwu3q9', '2022-06-20 14:24:44'),
(162, 5, '9ef28alnwq', '2022-06-20 14:40:51'),
(163, 5, 'ci3azq74nm', '2022-06-20 14:53:42'),
(164, 5, 'ylwrbvgahn', '2022-06-20 14:58:38'),
(165, 5, 'qycdpgzs9w', '2022-06-20 16:00:58'),
(166, 5, 'vqb6i0njxe', '2022-06-20 16:02:32'),
(167, 5, 'wny27bpzr0', '2022-06-20 16:49:38'),
(168, 5, '9o1g3j0wzu', '2022-06-20 16:55:32'),
(169, 5, '0jrzidykh2', '2022-06-20 17:06:08'),
(170, 5, '35u4qf2jdl', '2022-06-20 17:06:17'),
(171, 5, '9134wlxbck', '2022-06-20 17:17:09'),
(172, 5, 'fk108h6gpz', '2022-06-20 17:48:02'),
(173, 5, '8ifnpt29uv', '2022-06-20 17:48:27'),
(174, 5, 'xmoqkubtca', '2022-06-20 18:17:17'),
(175, 5, '2iula7j1wz', '2022-06-20 18:29:48'),
(176, 5, 'q0lge4mt7n', '2022-06-21 11:36:47'),
(177, 5, '5sun37gikp', '2022-06-21 17:11:51'),
(178, 5, '62yhmso9xd', '2022-06-21 17:56:39'),
(179, 17, 'tigsypcn8b', '2022-06-21 22:33:03'),
(180, 5, '5agv36r892', '2022-06-22 07:31:36'),
(181, 5, '9j3lthw1fs', '2022-06-22 07:31:37'),
(182, 5, '47ad8iq1hs', '2022-06-22 07:33:20'),
(183, 5, '8ak56jys2f', '2022-06-22 07:36:33'),
(184, 5, '3vca1xeubj', '2022-06-22 07:45:16'),
(185, 5, '7odq3t45js', '2022-06-22 07:45:18'),
(186, 5, 'ayv601m5qx', '2022-06-22 08:11:17'),
(187, 5, 'w1s02mc48t', '2022-06-22 08:13:29'),
(188, 5, 'x75hc0wftn', '2022-06-22 08:23:46'),
(189, 5, '3hjbu6dmpi', '2022-06-22 08:53:37'),
(190, 5, 'urdtkv9i3h', '2022-06-22 16:46:40'),
(191, 5, 'nsy4acg05u', '2022-06-22 17:28:32'),
(192, 5, 'pr70t9yzqe', '2022-06-22 17:28:41'),
(193, 5, 'huqt5wn7d4', '2022-06-22 17:37:27'),
(194, 5, 'f7t1v9rojk', '2022-06-22 17:43:19'),
(195, 5, 'z7dro03n6q', '2022-06-22 23:46:04'),
(196, 5, 'jo12i0r67s', '2022-06-23 12:30:58'),
(197, 5, 'qwo6x4fiby', '2022-06-23 12:31:08'),
(198, 5, 'wehaxrv87i', '2022-06-23 12:39:31'),
(199, 5, 'x4zyw0plvn', '2022-06-23 12:41:54'),
(200, 5, '76nby0aq32', '2022-06-23 12:46:27'),
(201, 5, '3sl75hkutb', '2022-06-23 12:57:32'),
(202, 5, '0p8wsabj9y', '2022-06-23 13:03:49'),
(203, 5, 'mhezijqk82', '2022-06-23 14:03:09'),
(204, 5, 'k5po846fru', '2022-06-23 14:28:21'),
(205, 5, '8z9ea65cbx', '2022-06-23 14:56:56'),
(206, 5, '16kuyf48ns', '2022-06-23 15:01:51'),
(207, 5, '6o01wv9hdb', '2022-06-23 16:05:46'),
(208, 5, '3m8c12qd6n', '2022-06-23 17:34:07'),
(209, 5, 'yzofvj2506', '2022-06-24 11:12:47'),
(210, 5, 'j7wpdonxle', '2022-06-24 11:50:56'),
(211, 12, '507l1nxd9b', '2022-06-24 12:13:32'),
(212, 12, '0b58zhk2vr', '2022-06-24 12:13:33'),
(213, 5, 'b2wv8ax719', '2022-06-24 12:21:17'),
(214, 5, 'rmyq659fbx', '2022-06-24 12:48:01'),
(215, 5, '98n2w6ysj3', '2022-06-24 14:09:15'),
(216, 5, '8k5pvbf97a', '2022-06-24 14:17:00'),
(217, 5, 'uh0r5jq2fa', '2022-06-24 14:27:06'),
(218, 5, '7y2onp19sa', '2022-06-24 14:43:25'),
(219, 5, 'phos48xwcg', '2022-06-24 14:47:28'),
(220, 5, 'h5bm06vlfj', '2022-06-24 15:01:04'),
(221, 5, 'lwf1hjmpo2', '2022-06-24 15:06:02'),
(222, 5, 'jim40xok5r', '2022-06-24 15:36:37'),
(223, 5, 'rc1vpiqduj', '2022-06-24 16:17:11'),
(224, 5, '54p1odvhaw', '2022-06-24 16:28:27'),
(225, 5, 'tjrcl5xwuq', '2022-06-24 16:38:37'),
(226, 5, 'ou6fdghkb1', '2022-06-24 17:17:47'),
(227, 12, 'tb23s8oceq', '2022-06-24 23:46:42'),
(228, 12, '0h7ockpuqx', '2022-06-24 23:46:43'),
(229, 5, '8yb4sht9x6', '2022-06-24 23:48:59'),
(230, 17, '8f4mkvi9wq', '2022-06-25 00:02:27'),
(231, 17, '2tyzcw75dm', '2022-06-25 00:02:28'),
(232, 5, 'ntisyr35lw', '2022-06-25 00:03:21'),
(233, 5, 'y632trszoi', '2022-06-25 00:05:43'),
(234, 17, 'sawojpctfi', '2022-06-25 00:12:43'),
(235, 17, 't0gf541psa', '2022-06-25 00:13:10'),
(236, 12, 'luchp0fj24', '2022-06-25 00:14:23'),
(237, 5, '9vuiscb7jo', '2022-06-25 00:16:46'),
(238, 12, 'r1ke8zc3la', '2022-06-25 00:32:49'),
(239, 5, 'mnhges2ktu', '2022-06-25 00:37:25'),
(240, 12, 'wjaycrp4vb', '2022-06-25 00:41:22'),
(241, 5, 'knvpwc27dy', '2022-06-25 00:44:38'),
(242, 12, '5th07zcgd9', '2022-06-25 00:48:39'),
(243, 17, 'ldkg0i8coj', '2022-06-25 13:36:06'),
(244, 17, 'norqh4b9ci', '2022-06-25 13:43:57'),
(245, 17, '0gaewoxclq', '2022-06-25 13:44:34'),
(246, 17, '62wuk31fo8', '2022-06-25 13:52:34'),
(247, 17, '6taelvwndb', '2022-06-25 13:59:17'),
(248, 5, 'xula6kpig9', '2022-06-25 14:59:55'),
(249, 5, '8kb4xs9d5o', '2022-06-25 15:06:10'),
(250, 5, 'xlja7wd96c', '2022-06-25 15:18:40'),
(251, 5, 'pglb0826vf', '2022-06-25 15:23:19'),
(252, 5, 'yaxzwg3or9', '2022-06-25 16:16:11'),
(253, 5, 'wxjaifyov6', '2022-06-25 16:59:40'),
(254, 5, 'q8yo4kndut', '2022-06-25 17:07:07'),
(255, 5, '0gn82t7lkz', '2022-06-25 17:27:24'),
(256, 5, 'j1mzf5i640', '2022-06-25 18:05:40'),
(257, 5, 'vdhb4on6xr', '2022-06-25 18:06:13'),
(258, 5, 'zdvk0blmr4', '2022-06-25 18:08:18'),
(259, 22, 'mg03eot947', '2022-06-25 21:47:09'),
(260, 22, 'af3rq6cp95', '2022-06-25 21:47:10'),
(261, 22, '4tvkjxdyh5', '2022-06-25 21:48:39'),
(262, 17, 'kyi5dgerlc', '2022-06-25 21:49:47'),
(263, 17, 'wbk8ospxq5', '2022-06-25 21:49:50'),
(264, 17, 'ynp8dghqa3', '2022-06-25 21:50:48'),
(265, 17, '1wgtjfnz3s', '2022-06-25 21:52:28'),
(266, 17, 'dgytlrpi84', '2022-06-25 21:52:35'),
(267, 22, 'j70rzqufn3', '2022-06-25 22:48:28'),
(268, 17, 'jq1z05o6uv', '2022-06-25 23:20:39'),
(269, 5, 'oxefgju98r', '2022-06-26 09:06:27'),
(270, 5, 'ngyu35fqwr', '2022-06-26 09:26:40'),
(271, 5, 'lsz1oktemi', '2022-06-26 09:29:45'),
(272, 5, 'wda7slqu13', '2022-06-26 09:41:20'),
(273, 5, 'e9z8fy61u5', '2022-06-26 09:45:51'),
(274, 5, 'dt5xi0c69r', '2022-06-26 10:10:28'),
(275, 5, 'fkrpny6aq4', '2022-06-26 10:10:29'),
(276, 5, '5qv9po4jx1', '2022-06-26 11:11:52'),
(277, 5, 'rz5dc6ptsy', '2022-06-26 11:12:41'),
(278, 5, 'yd8q7ixogt', '2022-06-26 11:13:01'),
(279, 5, 'hrulw20xf3', '2022-06-26 11:40:00'),
(280, 5, 'gzvq9ox3uh', '2022-06-26 12:05:09'),
(281, 5, '64cielndw1', '2022-06-26 12:05:30'),
(282, 5, 'sk1dhbytu5', '2022-06-26 12:09:50'),
(283, 5, 'vxqio6jgs0', '2022-06-26 12:10:34'),
(284, 5, 'n459cyaes2', '2022-06-26 12:11:17'),
(285, 5, 'n9z8or4vsi', '2022-06-26 12:11:53'),
(286, 5, 'yox6l1nrh9', '2022-06-26 12:47:25'),
(287, 5, 'bxyafe1itu', '2022-06-26 16:14:54'),
(288, 5, 'kctg5wqope', '2022-06-26 16:17:43'),
(289, 17, 'yn7krpdo0t', '2022-06-26 16:45:54'),
(290, 5, 'ain2yd9crw', '2022-06-26 17:03:03'),
(291, 5, 'zx69wdykmh', '2022-06-26 17:04:01'),
(292, 5, '8sg9ve0txm', '2022-06-26 17:05:34'),
(293, 5, 'kie7p2xamy', '2022-06-26 17:08:34'),
(294, 5, '42n1y6390j', '2022-06-26 17:10:07'),
(295, 5, 'vkr1w49jbx', '2022-06-26 17:10:34'),
(296, 5, 'y0g542bszm', '2022-06-26 17:12:07'),
(297, 22, 'ilvto8e4gq', '2022-06-26 17:26:36'),
(298, 22, '8yz6d9kcul', '2022-06-26 17:35:35'),
(299, 5, 'ay3d7ujgz4', '2022-06-26 17:58:51'),
(300, 5, '9hnb24a1gp', '2022-06-26 18:02:58'),
(301, 5, 'hb9xpeq7gy', '2022-06-26 18:08:36'),
(302, 5, 'ba379zvtx6', '2022-06-26 18:30:07'),
(303, 17, '05h28aomtn', '2022-06-26 20:14:57'),
(304, 5, 'breifsogvx', '2022-06-26 23:44:33'),
(305, 5, '9q5z4oifxm', '2022-06-27 00:05:24'),
(306, 5, 'v5r2ke30ug', '2022-06-27 00:05:28'),
(307, 5, 'at2sp97uei', '2022-06-27 00:08:29'),
(308, 5, 'epnzf4k70l', '2022-06-27 00:11:12'),
(309, 5, 'i08p6u9j2a', '2022-06-27 00:12:46'),
(310, 5, 'isojx913gy', '2022-06-27 11:01:23'),
(311, 5, '5b2fq7v4rt', '2022-06-27 11:17:22'),
(312, 5, 'i081s2l67u', '2022-06-27 11:18:16'),
(313, 5, 'ulan8x23sq', '2022-06-27 11:24:43'),
(314, 5, 'o1bg4dju5w', '2022-06-27 11:24:44'),
(315, 5, 'bdqzjx7ntl', '2022-06-27 11:24:50'),
(316, 22, 'dyo9bucn7m', '2022-06-27 11:28:30'),
(317, 5, 'i9l1jxsbc8', '2022-06-27 13:27:00'),
(318, 5, 'ijkrvwm1o7', '2022-06-27 13:29:11'),
(319, 5, 'y5o1htjs4e', '2022-06-27 16:31:34'),
(320, 5, 'pchq23t48y', '2022-06-27 16:34:05'),
(321, 5, 'w26t8xvkor', '2022-06-27 17:32:25'),
(322, 5, 'cl034brpgt', '2022-06-27 17:32:50'),
(323, 5, 'fidh8przmn', '2022-06-27 17:33:00'),
(324, 5, 'f84zkqgodi', '2022-06-27 17:36:20'),
(325, 5, 'd8xp3obiut', '2022-06-27 17:38:40'),
(326, 5, '2eou84hc7q', '2022-06-27 17:55:58'),
(327, 17, 'eyqldo891g', '2022-06-27 19:24:35'),
(328, 5, 'o7wvq54sn1', '2022-06-27 19:54:26'),
(329, 5, 'v5i6ltkexm', '2022-06-27 19:59:52'),
(330, 5, 'mtnl315kqw', '2022-06-27 20:07:35'),
(331, 5, 'alx1gs90q5', '2022-06-27 20:13:17'),
(332, 17, 'ut1ecfo4bg', '2022-06-27 21:50:51'),
(333, 17, 'jsf5gpc2w1', '2022-06-27 21:51:09'),
(334, 5, 'ztcw7d3jiq', '2022-06-27 22:22:09'),
(335, 5, 'j74ascp2ui', '2022-06-27 22:28:48'),
(336, 17, 'dbwo4q8ca9', '2022-06-27 22:39:44'),
(337, 17, 'owxv5r8i47', '2022-06-27 22:45:10'),
(338, 17, 'qbl64iejvn', '2022-06-27 22:48:35'),
(339, 17, 'qtnpro2b5g', '2022-06-27 22:57:42'),
(340, 17, 'j8edhrmy6g', '2022-06-27 23:00:07'),
(341, 17, 'cj3q2ogb8a', '2022-06-27 23:00:43'),
(342, 21, '5fuzoksx0w', '2022-06-27 23:13:38'),
(343, 21, 'ryjum32t5g', '2022-06-27 23:13:39'),
(344, 5, '80irdv1anu', '2022-06-27 23:32:00'),
(345, 5, '0zsxfbn1w2', '2022-06-27 23:36:06'),
(346, 5, 'yu4og2bqjc', '2022-06-27 23:36:19'),
(347, 5, 'd69k18po3l', '2022-06-27 23:52:50'),
(348, 5, 'ygvs3tk2d0', '2022-06-28 00:44:43'),
(349, 17, 'tplwvrzc3d', '2022-06-28 11:17:02'),
(350, 5, '195vu67xot', '2022-06-28 13:46:36'),
(351, 5, 'ihqwkcj5om', '2022-06-28 15:09:18'),
(352, 5, 'q0aycn1b89', '2022-06-28 15:23:00'),
(353, 5, 'muexp07lnd', '2022-06-28 15:35:11'),
(354, 5, 'kilben48ws', '2022-06-28 15:36:41'),
(355, 5, '0ayf2gwueh', '2022-06-28 15:44:47'),
(356, 17, 'fr9asuvih4', '2022-06-28 18:52:28'),
(357, 22, 'um1a74dt6j', '2022-06-28 20:37:29'),
(358, 22, '237mgnfxel', '2022-06-28 20:44:44'),
(359, 5, 't2eaqxm9p8', '2022-06-28 23:29:47'),
(360, 5, 'fj7gwnobip', '2022-06-28 23:37:25'),
(361, 5, 'zl7s92yu3e', '2022-06-29 00:02:26'),
(362, 5, 'arguv0xz8w', '2022-06-29 00:07:32'),
(363, 5, 'ohtkav1b83', '2022-06-29 00:24:35'),
(364, 5, 'sfbv15y40t', '2022-06-29 00:41:58'),
(365, 23, 'gr9bdv23kf', '2022-06-29 13:19:34'),
(366, 23, '9ph0gyaxqd', '2022-06-29 13:19:35'),
(367, 23, 'ol54s7kh3d', '2022-06-29 13:20:32'),
(368, 5, 'rtsk0lg3ai', '2022-06-29 23:25:41'),
(369, 5, '4saf5mwzej', '2022-06-29 23:28:54'),
(370, 5, '3mf2x0qz8t', '2022-06-29 23:53:10'),
(371, 5, '92pnzyhdea', '2022-06-29 23:58:17'),
(372, 5, '3qf8ngz7d1', '2022-06-30 00:00:54'),
(373, 5, '471mkbt3i0', '2022-06-30 00:02:29'),
(374, 5, 'm6tuk4pgew', '2022-06-30 00:11:41'),
(375, 5, 'vintd30kj1', '2022-06-30 00:14:04'),
(376, 5, 'comryef4l2', '2022-06-30 00:22:07'),
(377, 5, '4dxmf0gviz', '2022-06-30 12:18:39'),
(378, 5, 't17aivrkph', '2022-06-30 12:23:15'),
(379, 5, 'p35619jcft', '2022-06-30 12:27:37'),
(380, 5, '46qe1njhf2', '2022-06-30 12:29:22'),
(381, 5, '0qhr67gbzn', '2022-06-30 15:28:52'),
(382, 5, 'ep4uvfx1nb', '2022-06-30 16:10:52'),
(383, 5, 'bt2j1o7wqz', '2022-06-30 16:25:45'),
(384, 5, '3lwo5fz7gc', '2022-06-30 16:37:50'),
(385, 5, 'js7fx53ep9', '2022-06-30 17:28:44'),
(386, 5, '3qitf98zrk', '2022-06-30 17:41:57'),
(387, 5, '74scrw1tk2', '2022-06-30 17:47:32'),
(388, 5, 'az4ogxnkcq', '2022-06-30 17:51:41'),
(389, 5, 'pbqnfuk6c3', '2022-06-30 18:04:05'),
(390, 5, 'cwg3ud9ypz', '2022-06-30 18:06:07'),
(391, 5, 'gfkudnq4hc', '2022-06-30 18:11:31'),
(392, 17, '5e9ib806mn', '2022-06-30 22:01:41'),
(393, 5, 'xqy94gd3wf', '2022-06-30 23:16:18'),
(394, 5, '0vczs2bl9d', '2022-06-30 23:22:26'),
(395, 5, 'uqxl954eat', '2022-06-30 23:25:51'),
(396, 5, 'k4biy59rsw', '2022-06-30 23:26:27'),
(397, 5, 'tida12vrxj', '2022-06-30 23:28:40'),
(398, 17, 'sbk0vajx9d', '2022-06-30 23:41:18'),
(399, 5, 'azy32nkopd', '2022-06-30 23:45:06'),
(400, 5, 'roi8qkh72x', '2022-06-30 23:53:31'),
(401, 5, 'od825nlvtj', '2022-06-30 23:55:08'),
(402, 5, 'm87bhka2qc', '2022-06-30 23:56:16'),
(403, 5, 'a2e4c0hf1s', '2022-06-30 23:58:47'),
(404, 5, 'apks3tgxo6', '2022-06-30 23:59:17'),
(405, 5, 'r3wucjy02e', '2022-07-01 00:17:44'),
(406, 5, '2j7lvty8r5', '2022-07-01 00:17:46'),
(407, 5, '0b7w1c2rht', '2022-07-01 00:20:47'),
(408, 5, '8wfhx3lgu7', '2022-07-01 00:35:23'),
(409, 5, 'hmvrznu7k8', '2022-07-01 00:44:22'),
(410, 5, '9fjn7zukh5', '2022-07-01 00:44:23'),
(411, 5, '0157h3diju', '2022-07-01 00:45:45'),
(412, 21, '0o9pcatlv1', '2022-07-01 01:20:42'),
(413, 21, 'mkd1j726b8', '2022-07-01 01:20:43'),
(414, 21, 'moqfw6ahin', '2022-07-01 01:35:53'),
(415, 21, '0dvqmt12ku', '2022-07-01 01:35:54'),
(416, 21, 'gh86yf9ti3', '2022-07-01 01:36:08'),
(417, 21, 'athfkrbnls', '2022-07-01 01:36:49'),
(418, 21, 'x185fw2i3b', '2022-07-01 01:36:58'),
(419, 21, 'w0sxcvd7q8', '2022-07-01 01:52:00'),
(420, 21, 'bse0qt5cmj', '2022-07-01 01:52:01'),
(421, 21, 'p91jdy47bf', '2022-07-01 01:52:06'),
(422, 21, 'tkicma8fxq', '2022-07-01 01:52:28'),
(423, 21, 'agzt8fibv9', '2022-07-01 01:53:26'),
(424, 17, 'zjinxbt361', '2022-07-01 08:26:26'),
(425, 17, 'qyjcexrlna', '2022-07-01 08:26:27'),
(426, 5, 'dxk03zvlr7', '2022-07-01 09:32:17'),
(427, 5, 'vowxhkcfm3', '2022-07-01 09:32:18'),
(428, 17, 'yc09245b3d', '2022-07-01 11:41:37'),
(429, 17, 'ukgwchy7r4', '2022-07-01 11:45:06'),
(430, 17, 'g0z2kn43ie', '2022-07-01 11:45:07'),
(431, 17, 'pnvwjsdbmr', '2022-07-03 02:47:41'),
(432, 23, 'qu8hpw3ov5', '2022-07-03 11:40:48'),
(433, 13, '9j0587fohn', '2022-07-03 11:45:07'),
(434, 13, '5xl7tj0pmc', '2022-07-03 11:45:07'),
(435, 23, '4cside73ru', '2022-07-03 11:50:07'),
(436, 23, 'fn3tpd1oj8', '2022-07-03 11:50:15'),
(437, 13, 'hbar4cte2m', '2022-07-03 11:52:23'),
(438, 13, 'jbf84lxqmw', '2022-07-03 11:52:24'),
(439, 13, 'zelcxs2t6a', '2022-07-03 11:54:30'),
(440, 23, '42z8fu3bvj', '2022-07-03 11:55:22'),
(441, 13, 'axrf4m7bv6', '2022-07-03 13:01:01'),
(442, 13, '9wnb8mj7k5', '2022-07-03 13:07:41'),
(443, 13, 'zxu17yq52t', '2022-07-03 14:23:15'),
(444, 17, '37vhtud2y6', '2022-07-03 15:16:22'),
(445, 17, 's5b90zomnf', '2022-07-03 16:03:42'),
(446, 17, '3l28qzh4gi', '2022-07-03 16:08:00'),
(447, 5, 'va3m5sy4z8', '2022-07-03 16:24:48'),
(448, 5, 'ibdz20nw3t', '2022-07-03 16:24:49'),
(449, 17, 'vnoe7atd26', '2022-07-03 21:20:13'),
(450, 5, 'hrbcunep1z', '2022-07-03 23:52:56'),
(451, 5, 'o3ke9pig01', '2022-07-04 00:03:52'),
(452, 5, 'v02ahbneux', '2022-07-04 00:07:00'),
(453, 5, 'gtjl34noqb', '2022-07-04 00:13:22'),
(454, 5, 'trd2z8ehsv', '2022-07-04 00:16:29'),
(455, 17, 'ndrq5v1phc', '2022-07-04 00:52:08'),
(456, 21, 'w38vts6gk9', '2022-07-04 01:09:14'),
(457, 21, 'x3myh1icwf', '2022-07-04 01:09:15'),
(458, 21, 'krew7sa08u', '2022-07-04 01:09:50'),
(459, 21, 'qz61xl8j74', '2022-07-04 01:10:15'),
(460, 17, 'oj748bswaf', '2022-07-04 09:29:17'),
(461, 17, 'sa0v8b534k', '2022-07-04 09:29:26'),
(462, 23, '83hukgbe2x', '2022-07-04 10:01:03'),
(463, 23, 'mirpznq53k', '2022-07-04 10:04:15'),
(464, 17, 'qkgwb8ucda', '2022-07-04 10:11:31'),
(465, 17, '7ijxd60pc3', '2022-07-04 10:14:13'),
(466, 23, 'ps9z3ycvif', '2022-07-04 10:14:56'),
(467, 23, 'xeto104bwp', '2022-07-04 10:16:36'),
(468, 23, 'ytkvx0rlb2', '2022-07-04 10:17:34'),
(469, 22, 'p8ewqvzmli', '2022-07-04 11:13:27'),
(470, 14, 'qa2ns5rguc', '2022-07-04 11:25:41'),
(471, 14, '9oms84dg06', '2022-07-04 11:25:42'),
(472, 5, '65ncdsf2qb', '2022-07-04 11:52:55'),
(473, 5, 'a2b4cinstx', '2022-07-04 11:52:56'),
(474, 5, '0ljyexw15s', '2022-07-04 11:55:01'),
(475, 14, 'yxftn2zpqo', '2022-07-04 11:55:28'),
(476, 14, 'hkw39nigzm', '2022-07-04 11:55:29'),
(477, 5, '38q9fupc0h', '2022-07-04 11:56:48'),
(478, 14, '2j9z5xkdv0', '2022-07-04 11:59:51'),
(479, 14, '3spuqjm7w5', '2022-07-04 12:03:38'),
(480, 17, 'l06zr71gfn', '2022-07-04 12:27:50'),
(481, 17, 'gjuiaeqdfc', '2022-07-04 12:29:57'),
(482, 13, '72psw4hgbt', '2022-07-04 15:29:27'),
(483, 13, 'xyk69viqrt', '2022-07-04 15:30:01'),
(484, 13, 'n4ti2va0pe', '2022-07-04 15:30:14'),
(485, 13, 'jm6ftxvouw', '2022-07-04 15:32:57'),
(486, 13, 'jowsethqx9', '2022-07-04 15:35:00'),
(487, 13, '5jfmuth4ag', '2022-07-04 15:36:51'),
(488, 13, 'h26y7w5fei', '2022-07-04 21:05:51'),
(489, 5, 'njdcx96qo7', '2022-07-04 23:44:32'),
(490, 21, 'auovlenzdg', '2022-07-05 00:00:23'),
(491, 21, 'k5wuth0rb2', '2022-07-05 00:00:24'),
(492, 17, 'icjwlh46tu', '2022-07-05 00:00:49'),
(493, 21, '30sr91hjwe', '2022-07-05 00:00:57'),
(494, 17, 'koi7euvrd4', '2022-07-05 00:02:49'),
(495, 17, '9tm7dp4anu', '2022-07-05 00:03:38'),
(496, 17, '6x0zlkwcub', '2022-07-05 00:12:13'),
(497, 14, 'itsvhxerlk', '2022-07-05 10:34:52'),
(498, 14, 'unh54ktdg1', '2022-07-05 10:37:54'),
(499, 14, 'ydi5k192rl', '2022-07-05 10:43:16'),
(500, 14, 'zgdsapfx56', '2022-07-05 10:44:38'),
(501, 14, '7seg3mr0aq', '2022-07-05 10:46:10'),
(502, 14, 'o10b6wtlrd', '2022-07-05 10:57:47'),
(503, 14, '427i3qzwvl', '2022-07-05 10:58:28'),
(504, 13, 'qr3465xbyn', '2022-07-05 10:58:56'),
(505, 13, '7dt2pa1mrv', '2022-07-05 10:59:55'),
(506, 13, 'rywpzm3si7', '2022-07-05 11:28:20'),
(507, 14, 'jroyndiexu', '2022-07-05 11:53:17'),
(508, 14, 'p3a8mwflzh', '2022-07-05 14:09:02'),
(509, 17, '7p8yjq4i3w', '2022-07-05 14:29:41'),
(510, 17, 'oguztl80f2', '2022-07-05 14:35:21'),
(511, 5, 'saxfrvw4uh', '2022-07-05 17:11:35'),
(512, 22, '4srwgh5nz0', '2022-07-05 17:31:14'),
(513, 5, '0qj6my4aiv', '2022-07-05 17:32:29'),
(514, 5, 'vj4xdn217h', '2022-07-05 17:34:39'),
(515, 22, '769n1orbw2', '2022-07-05 17:36:16'),
(516, 5, 'uxo5j8b1kg', '2022-07-05 17:45:15'),
(517, 5, 'rnw68elpxh', '2022-07-05 17:48:44'),
(518, 5, '0m31hz5db9', '2022-07-05 17:53:36'),
(519, 5, '6syziv4l58', '2022-07-05 17:57:21'),
(520, 5, 'amo7tqf3cp', '2022-07-05 18:05:01'),
(521, 17, 'pm0l3but8v', '2022-07-05 19:04:17'),
(522, 17, 'lx5qu7f4z1', '2022-07-05 19:04:35'),
(523, 14, 'hznubgia65', '2022-07-06 11:03:17'),
(524, 14, 'tp8nyamgdi', '2022-07-06 11:04:12'),
(525, 14, 'q4smjvl920', '2022-07-06 12:59:12'),
(526, 14, 'tvsizl1adc', '2022-07-06 12:59:18'),
(527, 14, 'ouiv6et0dz', '2022-07-06 13:00:49'),
(528, 14, '31epoyhx5m', '2022-07-06 13:02:58'),
(529, 14, 'u0m41sw32k', '2022-07-06 13:06:02'),
(530, 14, 'mehuj32cqd', '2022-07-06 13:07:08'),
(531, 14, '7gpszr4kt1', '2022-07-06 13:59:10'),
(532, 5, '02nemvahwj', '2022-07-06 14:14:27'),
(533, 5, 'i7ejo42n9l', '2022-07-06 14:35:58'),
(534, 5, '142feg9u6j', '2022-07-06 14:41:51'),
(535, 5, 'y26ugezi0k', '2022-07-06 14:44:55'),
(536, 5, 'ezc3jpwbmx', '2022-07-06 14:45:33'),
(537, 5, 'e7qn9jtwfz', '2022-07-06 14:46:54'),
(538, 5, 'lodgvr0q7w', '2022-07-06 14:47:01'),
(539, 5, 'bueoixthr2', '2022-07-06 15:15:29'),
(540, 5, '58k9ngmaq6', '2022-07-06 15:17:54'),
(541, 5, 'lnghzp253b', '2022-07-06 15:20:29'),
(542, 14, '3jk1ndmzcy', '2022-07-06 15:23:01'),
(543, 5, 'scp2w4akbz', '2022-07-06 15:27:31'),
(544, 5, '264prxfbew', '2022-07-06 16:05:26'),
(545, 5, '3zq1tlvb78', '2022-07-06 16:19:39'),
(546, 5, '7a4tp1250h', '2022-07-06 16:26:31'),
(547, 5, 'uk09o1bvq7', '2022-07-06 16:42:21'),
(548, 5, 'zkbnjdp019', '2022-07-06 16:43:23'),
(549, 5, 'bfgpzm164c', '2022-07-06 17:25:16'),
(550, 5, 'vzubpqaer8', '2022-07-06 17:26:52'),
(551, 5, 'i3plvjrunw', '2022-07-06 17:41:21'),
(552, 5, 't6flxwpvud', '2022-07-06 17:49:21'),
(553, 5, 'potkh67cdl', '2022-07-06 17:58:27'),
(554, 5, 'ev5cn3sy26', '2022-07-06 17:59:20'),
(555, 14, 'ouhlj1prxc', '2022-07-06 18:40:55'),
(556, 14, 'rzqsjv9ut2', '2022-07-06 20:47:44'),
(557, 22, 'aykxwhc019', '2022-07-07 22:38:23'),
(558, 22, '78fikd0gru', '2022-07-08 10:11:34'),
(559, 17, 'leos64c9fg', '2022-07-10 12:07:52'),
(560, 17, 'qnwbuc7lja', '2022-07-10 12:08:44'),
(561, 17, 'uposhdfbqt', '2022-07-10 12:08:55'),
(562, 17, 'c3af7ks5r6', '2022-07-10 12:12:56'),
(563, 5, 'bnplyma62u', '2022-07-10 12:50:10'),
(564, 5, 'dkwag2hr0j', '2022-07-10 12:53:50'),
(565, 5, '1pq2r9h6gf', '2022-07-10 12:54:20'),
(566, 5, 'xynhisd0og', '2022-07-10 13:09:09'),
(567, 5, 'bk8z5jw4t6', '2022-07-10 13:10:12'),
(568, 5, 'b509k3tmfh', '2022-07-10 13:17:16'),
(569, 5, 'y2v38dbo5z', '2022-07-10 13:22:48'),
(570, 17, 'ljm96dkyoq', '2022-07-10 13:26:19'),
(571, 17, '3lj1srmihg', '2022-07-10 13:27:21'),
(572, 17, '0b2u31stwg', '2022-07-10 13:28:36'),
(573, 17, 'q42n310sm9', '2022-07-10 13:29:18'),
(574, 5, 'hvf20j3yb8', '2022-07-10 13:32:34'),
(575, 5, 'j9v3lq6iyc', '2022-07-10 13:41:40'),
(576, 5, 'e8o59032bg', '2022-07-10 13:44:34'),
(577, 5, '3ys75amuit', '2022-07-10 13:45:02'),
(578, 17, 'd31ic094v6', '2022-07-10 14:09:45'),
(579, 5, 'g3d67jitph', '2022-07-10 14:18:47'),
(580, 5, 'dbfk7cvq14', '2022-07-10 14:22:48'),
(581, 5, 'pyu0setlnx', '2022-07-10 14:23:12'),
(582, 21, 'bhmyzfoguc', '2022-07-10 14:44:28'),
(583, 21, 'kbnvlig5mc', '2022-07-10 14:44:29'),
(584, 21, 'biptwldeks', '2022-07-10 14:44:38'),
(585, 12, 'mbusad5f0n', '2022-07-10 14:56:19'),
(586, 12, 'ed3ky8v01s', '2022-07-10 14:56:20'),
(587, 12, 'k1imu9sbn3', '2022-07-10 15:00:28'),
(588, 12, 'wuqf37g0ko', '2022-07-10 15:00:35'),
(589, 5, 'wba0pvr4n7', '2022-07-10 15:10:03'),
(590, 17, '78ac0k6oib', '2022-07-10 15:21:09'),
(591, 14, 'kesd49tp8w', '2022-07-10 15:31:56'),
(592, 14, '513njkuvgw', '2022-07-10 15:31:56'),
(593, 14, '9k4obptl5c', '2022-07-10 15:32:40'),
(594, 14, 'auxvsizeof', '2022-07-10 15:33:29'),
(595, 5, '8v67cxmaj2', '2022-07-10 15:43:55'),
(596, 5, 'm5hbio9z4p', '2022-07-10 15:44:57'),
(597, 5, 'u36yzbh7im', '2022-07-10 15:51:21'),
(598, 5, '3szq2au9jy', '2022-07-10 15:52:29'),
(599, 17, '2ume4v9knz', '2022-07-10 16:07:59'),
(600, 17, 'yh214i58fc', '2022-07-10 16:20:26'),
(601, 14, 'xadt7ygm5w', '2022-07-10 16:30:16'),
(602, 17, '7dogiurbva', '2022-07-10 20:10:21'),
(603, 17, 'vsbyzf6rp3', '2022-07-10 20:10:22'),
(604, 17, 'ksrty7vb3n', '2022-07-10 20:10:39'),
(605, 17, 'olwd85jku6', '2022-07-10 20:10:40'),
(606, 17, 'zo147unvls', '2022-07-10 20:11:22'),
(607, 17, 'cglj6uo2r4', '2022-07-10 20:11:22'),
(608, 17, '2dfoyhlkru', '2022-07-10 20:25:25'),
(609, 13, 'ky9olj6qwg', '2022-07-10 21:36:13'),
(610, 13, 'j6zyl97hds', '2022-07-10 21:36:13'),
(611, 22, '7tgn0ikbvf', '2022-07-10 22:54:07'),
(612, 14, '7ard512fku', '2022-07-11 10:32:17'),
(613, 14, 'xe87cskf30', '2022-07-11 10:32:17'),
(614, 21, 'lg81zwqhtb', '2022-07-11 11:14:55'),
(615, 21, 'ar7hd5w1kf', '2022-07-11 11:14:57'),
(616, 17, 'a3h5l0rd8m', '2022-07-11 11:15:47'),
(617, 17, 'ily6v7qtd5', '2022-07-11 11:17:52'),
(618, 12, 'ci6u2s58h4', '2022-07-11 13:46:08'),
(619, 12, 'd8fq74x62c', '2022-07-11 13:46:09'),
(620, 5, '3tfk6jqwcm', '2022-07-11 14:51:13'),
(621, 5, 'celd352tgb', '2022-07-11 14:51:14'),
(622, 5, 'i8g1c5vf4t', '2022-07-11 14:52:04'),
(623, 5, 'o53iuna18x', '2022-07-11 15:10:31'),
(624, 5, '69ser8ogky', '2022-07-11 15:10:31'),
(625, 5, 'gh069tsypq', '2022-07-11 15:13:22'),
(626, 5, '7s5t4fklad', '2022-07-11 15:13:22'),
(627, 5, '5ay93vdnex', '2022-07-11 15:13:36'),
(628, 5, 'zhyxfglvwk', '2022-07-11 15:38:47'),
(629, 5, '056z8vhu3g', '2022-07-11 15:38:47'),
(630, 5, 'p62kyax5vs', '2022-07-11 15:40:45'),
(631, 14, 'q3lv21zk4r', '2022-07-11 15:47:09'),
(632, 5, 'qfh8lcs3md', '2022-07-11 15:57:52'),
(633, 5, 'nwvj9rfi46', '2022-07-11 15:57:54'),
(634, 5, '9v6fprsxqd', '2022-07-11 15:58:00'),
(635, 5, 'ps849qgubh', '2022-07-11 15:59:19'),
(636, 5, 'zdkv1jo8gq', '2022-07-11 15:59:20'),
(637, 5, 'rq0gtodv15', '2022-07-11 15:59:39'),
(638, 5, 'rpziubc7ml', '2022-07-11 15:59:40'),
(639, 5, '05z48yu9ba', '2022-07-11 16:15:33'),
(640, 5, 'r0u7l23z1a', '2022-07-11 16:15:34'),
(641, 5, 'keaxybtdsh', '2022-07-11 16:15:41'),
(642, 5, 'b8kq7vcw0e', '2022-07-11 16:16:12'),
(643, 5, '19ojpzatyn', '2022-07-11 16:16:13'),
(644, 13, 'zcgwj6x3k2', '2022-07-11 23:30:48'),
(645, 14, '5h68nm7vpd', '2022-07-12 14:37:13'),
(646, 12, 'rs1df6icz7', '2022-07-12 18:54:30'),
(647, 12, '4j75sg2dz6', '2022-07-12 18:54:43'),
(648, 22, 'sqmuet62jv', '2022-07-12 20:06:22'),
(649, 22, 'dims1wv9f6', '2022-07-12 20:15:24'),
(650, 22, '8aktlm654z', '2022-07-12 20:18:26'),
(651, 22, 'puyeg17l6t', '2022-07-12 20:20:27'),
(652, 22, 'tfuikhxm27', '2022-07-12 20:31:14'),
(653, 5, '703euip16j', '2022-07-12 21:39:57'),
(654, 5, '2moc0e7p9i', '2022-07-12 21:39:57'),
(655, 14, 'hfk26trv7w', '2022-07-13 18:26:38'),
(656, 14, 'o42bkja6h5', '2022-07-13 18:27:53'),
(657, 14, 'y8u457wo9h', '2022-07-13 18:28:28'),
(658, 14, 'j4np8u9lhi', '2022-07-13 18:28:34'),
(659, 13, '73leh8aqpf', '2022-07-13 19:26:50'),
(660, 5, 'ou39bmlqfn', '2022-07-14 18:01:30'),
(661, 5, '76cvsq8x4f', '2022-07-14 18:01:30'),
(662, 5, 't3vdaqler4', '2022-07-14 18:05:28'),
(663, 5, 'f3u2i0t1do', '2022-07-15 01:10:28'),
(664, 5, 'hpselko8cy', '2022-07-15 01:10:29'),
(665, 5, 'oinw19za5e', '2022-07-15 01:10:36'),
(666, 5, 'h7xvt1y2id', '2022-07-15 01:10:37'),
(667, 22, '409o5yalw1', '2022-07-15 01:39:53'),
(668, 13, 'rzqc65tldx', '2022-07-15 08:03:01'),
(669, 14, '0t9acsphdl', '2022-07-15 10:57:39'),
(670, 24, 'cobqvsidpl', '2022-07-15 10:59:07'),
(671, 24, 'vb1gh43yzc', '2022-07-15 10:59:07'),
(672, 24, 'e18b0wsjuh', '2022-07-15 11:03:38'),
(673, 13, 'dstveohp6u', '2022-07-15 11:03:49'),
(674, 13, '7l1t2rgxi8', '2022-07-15 11:03:49'),
(675, 14, 'c6v0uizoha', '2022-07-15 11:03:56'),
(676, 14, 'z1pce6t2wo', '2022-07-15 11:03:56'),
(677, 13, 't8sx4uygal', '2022-07-15 11:07:13'),
(678, 14, 'wr97e1zqkm', '2022-07-15 11:08:55'),
(679, 13, '59nh3mdqfw', '2022-07-15 11:21:15'),
(680, 13, '49miectu0v', '2022-07-15 11:22:55'),
(681, 12, 'yumahd5bw1', '2022-07-15 11:32:26'),
(682, 12, 'cixtgyqsm9', '2022-07-15 11:32:26'),
(683, 13, 'f5nm4c18q0', '2022-07-15 11:57:54'),
(684, 13, 's5whng7ktp', '2022-07-15 11:58:42'),
(685, 13, 'usl0faztph', '2022-07-15 12:00:46'),
(686, 13, 's8afkt0dhn', '2022-07-15 12:00:47'),
(687, 5, 'vmue259tq6', '2022-07-15 12:07:55'),
(688, 5, '3z8qo0419p', '2022-07-15 12:07:55'),
(689, 5, 'f7oi3z5n61', '2022-07-15 12:10:03'),
(690, 25, 'fpxlqtz1rn', '2022-07-15 12:10:43'),
(691, 25, 'bay8te1sfv', '2022-07-15 12:10:43'),
(692, 25, '2pohx8iwsy', '2022-07-15 13:10:12'),
(693, 25, '4la9kq2c85', '2022-07-15 13:10:44'),
(694, 25, 'fxc1dsma6t', '2022-07-15 13:11:07'),
(695, 13, '9gsro84z3f', '2022-07-15 13:12:38'),
(696, 13, 'baqr513h9d', '2022-07-15 13:13:56'),
(697, 13, '4rps5vkq3o', '2022-07-15 13:14:56'),
(698, 13, 'ckwtf9r7z8', '2022-07-15 13:58:56'),
(699, 25, 'v1u3i2to8f', '2022-07-15 14:47:12'),
(700, 13, 'jg607arqkz', '2022-07-15 14:54:26'),
(701, 14, 'fvisuw9lk5', '2022-07-15 14:56:47'),
(702, 13, 'k6hymld9pa', '2022-07-15 15:49:21'),
(703, 17, 'mlwq2uot3v', '2022-07-15 16:10:59'),
(704, 14, 'cbh81gjz7u', '2022-07-15 16:15:59'),
(705, 14, '9dmgy5t0u2', '2022-07-15 16:16:26'),
(706, 14, 'bd4g913kjw', '2022-07-15 16:16:54'),
(707, 4, '14f2jmpzbo', '2022-07-15 16:19:18'),
(708, 4, 'uh5ane8clt', '2022-07-15 16:19:19'),
(709, 4, 'v3opnxidub', '2022-07-15 16:19:48'),
(710, 4, 'jn6tk34bqe', '2022-07-15 16:20:18'),
(711, 4, 'l3290tz6d8', '2022-07-15 16:23:20'),
(712, 14, 'itpjxchyfm', '2022-07-15 16:25:51'),
(713, 4, 'kra5v9tzcp', '2022-07-15 16:26:10'),
(714, 4, '7wzxfhutqa', '2022-07-15 16:29:16'),
(715, 14, 'ya6p0hwilv', '2022-07-15 17:49:40'),
(716, 22, 'fecv7o5brn', '2022-07-15 19:16:25'),
(717, 26, 'qk0wj6tby8', '2022-07-15 19:19:47'),
(718, 26, 'o6qhpkjisa', '2022-07-15 19:19:47'),
(719, 14, 'vhjdfpkx25', '2022-07-15 21:35:04'),
(720, 13, 'hv32gl7o1j', '2022-07-15 22:21:39'),
(721, 13, 'hw0tjlmuc8', '2022-07-15 22:23:23'),
(722, 14, '1zk8vortf3', '2022-07-15 22:24:00'),
(723, 14, 'j1ny5irxtz', '2022-07-15 22:44:23'),
(724, 13, 'ea65z14tvj', '2022-07-15 22:54:22'),
(725, 14, 'jf9a6oz7ce', '2022-07-15 23:15:11'),
(726, 17, '4ij0gye1c7', '2022-07-15 23:16:32'),
(727, 17, 'to5w7b84jl', '2022-07-15 23:21:38'),
(728, 17, 'w2qf8yxp09', '2022-07-15 23:24:42'),
(729, 17, 'nmopzlwcju', '2022-07-15 23:26:25'),
(730, 14, '2y8deioabs', '2022-07-15 23:30:56'),
(731, 17, 'ovm7zudejw', '2022-07-16 07:27:30'),
(732, 13, 'myt9lr1aoh', '2022-07-16 08:35:31'),
(733, 14, 'eqsicj27d1', '2022-07-16 09:48:51'),
(734, 13, 'rldghnt87p', '2022-07-16 10:42:05'),
(735, 14, '6lrunyke3g', '2022-07-16 11:04:59'),
(736, 13, 'ousc13iqzh', '2022-07-16 11:28:03'),
(737, 13, '1cwzhrva8d', '2022-07-16 11:28:48'),
(738, 14, 'b7mjpsr86f', '2022-07-16 12:13:20'),
(739, 14, 'gy7bu0s6pc', '2022-07-16 12:20:35'),
(740, 14, '8ik2jogw6t', '2022-07-16 12:37:28'),
(741, 13, 'bou130x967', '2022-07-16 18:20:38'),
(742, 13, '79erhzixn3', '2022-07-16 18:21:30'),
(743, 13, '4wjombhfp6', '2022-07-16 20:55:01'),
(744, 26, 'w26dbkmyz0', '2022-07-16 22:51:20'),
(745, 26, 'xyls02w9be', '2022-07-16 22:51:44'),
(746, 13, 'h0luntom53', '2022-07-17 08:29:35'),
(747, 13, 'okch0a5f43', '2022-07-17 08:42:41'),
(748, 13, 'wm8qcn2z1o', '2022-07-17 09:04:13'),
(749, 13, '9egn0yzk4t', '2022-07-17 09:08:25'),
(750, 27, '67mjpxnq9t', '2022-07-17 09:12:46'),
(751, 27, 's91hnjed8b', '2022-07-17 09:12:47'),
(752, 27, 'pm3in8gaj1', '2022-07-17 09:13:07'),
(753, 13, 'tsuz9mwo6v', '2022-07-17 09:27:17'),
(754, 27, 'il3614ovax', '2022-07-17 09:52:35'),
(755, 27, 'jw7alf8r14', '2022-07-17 10:30:54'),
(756, 27, 'l8y3pgtkv7', '2022-07-17 10:31:11'),
(757, 13, 'mtpkaq9o7s', '2022-07-17 10:55:12'),
(758, 13, 'jqvk9ucm3o', '2022-07-17 11:17:40'),
(759, 13, 'xwidsymcbl', '2022-07-17 11:18:25'),
(760, 13, 'pagdc078uy', '2022-07-17 11:19:13'),
(761, 27, '10ufh4sman', '2022-07-17 11:25:43'),
(762, 13, '7kwfq61yhn', '2022-07-17 13:45:37'),
(763, 13, '03jam8fkqy', '2022-07-17 13:54:05'),
(764, 26, 'jqok8hwxm0', '2022-07-17 14:03:28'),
(765, 17, 'kjnfu28a6m', '2022-07-17 14:43:42'),
(766, 17, 'njywi2gd0u', '2022-07-17 14:44:02'),
(767, 13, 'qml2hy1vo8', '2022-07-17 15:05:56'),
(768, 13, 'juztwlhm8r', '2022-07-17 15:16:53'),
(769, 14, 'n682c9xfqs', '2022-07-17 15:42:38'),
(770, 14, 'z7qamy6ifd', '2022-07-17 15:42:38'),
(771, 14, 'v71wj9os83', '2022-07-17 15:43:08'),
(772, 14, 'dmf209lwjq', '2022-07-17 15:43:15'),
(773, 13, 'oxn0wtkm6r', '2022-07-17 16:20:46'),
(774, 27, '5yk7ca1gqr', '2022-07-17 17:32:27'),
(775, 13, 'jq0p1u8dk9', '2022-07-17 18:33:16'),
(776, 14, 'l8o0bc4fmr', '2022-07-17 18:39:05'),
(777, 14, 'sneyc2lp0k', '2022-07-17 18:42:39'),
(778, 25, 'nkgj6ael3o', '2022-07-18 09:11:42'),
(779, 25, 'oxqjy1fbs4', '2022-07-18 11:48:35'),
(780, 13, 'iyrghlpo7a', '2022-07-18 11:50:26'),
(781, 13, 'ojumca042w', '2022-07-18 11:50:48'),
(782, 14, '5wb0s7dfxn', '2022-07-18 11:50:52'),
(783, 25, '53svzd9qkh', '2022-07-18 11:58:28'),
(784, 25, 'df21jixtpb', '2022-07-18 12:12:39'),
(785, 5, 'ow96pr17u2', '2022-07-18 13:52:45'),
(786, 5, 'b7he95xfr2', '2022-07-18 13:52:45'),
(787, 13, '4lwimurtc6', '2022-07-18 13:55:44'),
(788, 5, 'eldi4x73pw', '2022-07-18 13:55:46'),
(789, 25, 'ylqbr4fgio', '2022-07-18 15:15:55'),
(790, 26, 'ml49wvtxdk', '2022-07-18 15:24:00'),
(791, 25, 'gpof1xj2zu', '2022-07-18 15:31:56'),
(792, 31, 'g3eqjwsudp', '2022-07-18 15:38:25'),
(793, 31, '53uyihsqrf', '2022-07-18 15:38:25'),
(794, 13, 'hurwi5d0ps', '2022-07-18 16:26:38'),
(795, 14, 'srtl6m1cwy', '2022-07-18 16:33:33'),
(796, 32, 'oger356xul', '2022-07-18 16:47:44'),
(797, 32, 'rso3mhnqcd', '2022-07-18 16:47:44'),
(798, 13, '3xfp62n0lr', '2022-07-18 17:05:25'),
(799, 33, 'ev9pdlnirk', '2022-07-18 17:31:09'),
(800, 33, 'vc8tmbsadx', '2022-07-18 17:31:09'),
(801, 26, 'cnj5auzxot', '2022-07-18 17:49:07'),
(802, 34, '7w3drha9ej', '2022-07-18 18:19:07'),
(803, 34, 'trg28labwz', '2022-07-18 18:19:07'),
(804, 25, '0zvmwfo9cl', '2022-07-18 18:35:25'),
(805, 26, 'gmw6hz3sp5', '2022-07-18 21:21:01'),
(806, 13, '5zn04gdp9q', '2022-07-18 21:31:10'),
(807, 13, '2vj6tyacu7', '2022-07-18 21:39:02'),
(808, 35, 's45zn3javi', '2022-07-18 21:56:35'),
(809, 35, 'd3ho7jk2t0', '2022-07-18 21:56:36'),
(810, 13, 'ycf3q16rv0', '2022-07-18 21:58:18'),
(811, 13, 'o9782iv5jr', '2022-07-18 22:00:14'),
(812, 13, '8z2ch1ijtb', '2022-07-18 22:05:52'),
(813, 26, 'wzf4xpsid5', '2022-07-18 22:58:20'),
(814, 36, 'gq4t50feda', '2022-07-18 23:15:30'),
(815, 36, 'bc9210o7gf', '2022-07-18 23:15:31'),
(816, 37, 'v72afb5wkr', '2022-07-18 23:37:42'),
(817, 37, '40a3wjutg9', '2022-07-18 23:37:42'),
(818, 27, 'ft9scey07o', '2022-07-18 23:39:46'),
(819, 13, '6a7g3qkbu1', '2022-07-19 08:02:48'),
(820, 26, '058nf1hoxt', '2022-07-19 09:22:16'),
(821, 25, 'wfer6zycoh', '2022-07-19 09:23:35'),
(822, 14, 't80hjdv24g', '2022-07-19 10:29:46'),
(823, 14, '8cwex0zg2t', '2022-07-19 10:29:57'),
(824, 14, 'w0hlcdtima', '2022-07-19 12:01:26'),
(825, 17, 'g1e4vudipx', '2022-07-19 12:02:58'),
(826, 26, 'g51ezpa7xl', '2022-07-19 16:58:19'),
(827, 26, 'sp8xljm127', '2022-07-19 16:58:58'),
(828, 26, 'k3xyiwdjos', '2022-07-19 18:48:47'),
(829, 14, '95ch0f74xj', '2022-07-19 18:51:40'),
(830, 13, 'qranl7c9s5', '2022-07-19 18:52:08'),
(831, 14, '1nzxyqg80m', '2022-07-19 18:54:46'),
(832, 14, 'khjq4xb0zm', '2022-07-19 18:55:57'),
(833, 27, '9l67xankdr', '2022-07-19 18:57:39'),
(834, 14, '7ht16rpsc2', '2022-07-19 18:58:04'),
(835, 14, 'nkrfp2wmvh', '2022-07-19 18:58:07'),
(836, 14, '7g3ida4mxu', '2022-07-19 19:07:30'),
(837, 14, '8xutp0sqwy', '2022-07-19 19:13:01'),
(838, 26, 'm4if90ylqu', '2022-07-19 19:17:04'),
(839, 13, 'yix0n1mgvs', '2022-07-19 19:17:21'),
(840, 39, 'ci74yut26g', '2022-07-19 19:17:51'),
(841, 39, '86kt0f7abd', '2022-07-19 19:17:51'),
(842, 13, '0db894xwzl', '2022-07-19 19:28:05'),
(843, 39, 'sueok5j96a', '2022-07-19 19:28:19'),
(844, 14, 'dxv2litwfe', '2022-07-19 19:34:01'),
(845, 14, 'vl27n4i3y8', '2022-07-19 19:34:26'),
(846, 14, 'akstp50mx4', '2022-07-19 19:36:12'),
(847, 14, '9tgd3k0nse', '2022-07-19 19:37:06'),
(848, 14, '483t6chfwp', '2022-07-19 19:37:30'),
(849, 14, 'cg4qmi6eku', '2022-07-19 19:39:20'),
(850, 26, 'zt36hjsyno', '2022-07-21 09:50:53'),
(851, 26, 'tmpqdhbf5x', '2022-07-21 09:55:27'),
(852, 14, 'cgkazbpd1v', '2022-07-21 09:56:55'),
(853, 14, 'djmnsb9hl5', '2022-07-21 10:26:07'),
(854, 14, 'ib836lcgp5', '2022-07-21 10:26:48'),
(855, 4, 'nerkbgcway', '2022-07-21 10:33:47'),
(856, 5, 'uqfwg4j08i', '2022-07-21 10:34:38'),
(857, 5, 's5dc08mn69', '2022-07-21 10:34:40'),
(858, 17, 'i58pycf6h0', '2022-07-21 10:35:52'),
(859, 5, 'vhby06tdf3', '2022-07-21 10:41:21'),
(860, 14, 'ap1s62mnwz', '2022-07-21 10:43:01'),
(861, 14, '8j0shvydkz', '2022-07-21 10:43:02'),
(862, 17, 'ebl6ganys5', '2022-07-21 10:48:26'),
(863, 5, 'ftqeorjx69', '2022-07-21 11:46:25'),
(864, 5, 'i389efmlr1', '2022-07-21 11:46:28'),
(865, 25, 'hd5f3bnaio', '2022-07-21 11:55:53'),
(866, 5, 'fd2r9xe7pm', '2022-07-21 11:57:41'),
(867, 5, '9wxy1hle6c', '2022-07-21 12:35:41'),
(868, 5, 'q4ox30cusd', '2022-07-21 12:35:42'),
(869, 5, '0cewbjfksi', '2022-07-21 12:35:52'),
(870, 14, '8e6zbaufoh', '2022-07-21 14:10:58'),
(871, 14, '8zciajuv3e', '2022-07-21 14:44:00'),
(872, 14, 'b7ij6opr5e', '2022-07-21 14:45:02'),
(873, 13, 'h59yojwklp', '2022-07-21 14:51:42'),
(874, 25, '8ic3umhvos', '2022-07-21 15:16:29'),
(875, 14, '2xarqenpf8', '2022-07-21 19:50:30'),
(876, 14, 'ayg8mwlq34', '2022-07-21 19:50:36'),
(877, 13, 'n897y0c4v2', '2022-07-21 20:51:09'),
(878, 14, '5mciybslaq', '2022-07-21 21:30:21'),
(879, 17, 'i2om8lv1c7', '2022-07-21 21:32:51'),
(880, 17, 's35nliz4pq', '2022-07-21 21:32:54'),
(881, 17, '13piflbwxa', '2022-07-21 21:32:55'),
(882, 17, 'qwn5iv0epk', '2022-07-21 21:32:55'),
(883, 17, '4lhj7gexsi', '2022-07-21 21:32:55'),
(884, 17, '71mlxz39pc', '2022-07-21 21:32:56'),
(885, 17, 'qx8t6rnzp3', '2022-07-21 21:32:59'),
(886, 17, '586ytgj0lu', '2022-07-21 21:33:00'),
(887, 17, 'wmndatfzig', '2022-07-21 21:33:01'),
(888, 17, 'qjp6ryn2ud', '2022-07-21 21:33:02'),
(889, 17, 'peh327vuy5', '2022-07-21 21:33:02'),
(890, 17, '48bi2wq9zt', '2022-07-21 21:33:04'),
(891, 17, 'pifv2mk87j', '2022-07-21 21:33:05'),
(892, 17, 'h2ilz15uxy', '2022-07-21 21:33:07'),
(893, 17, 'q38kxaefwj', '2022-07-21 21:33:07'),
(894, 17, '5kca0zlswy', '2022-07-21 21:33:09'),
(895, 17, 'agyrq3h64o', '2022-07-21 21:33:13'),
(896, 17, '8l0dqg73j6', '2022-07-21 21:33:13'),
(897, 17, '3sx4j7kn2e', '2022-07-21 21:33:49'),
(898, 17, 'sxkcz8wdu3', '2022-07-21 21:54:29'),
(899, 14, 'zq5kuwfstb', '2022-07-21 22:00:09'),
(900, 26, 'zu2l7dk8hf', '2022-07-21 22:24:18'),
(901, 14, '0krmfw74as', '2022-07-21 23:00:23'),
(902, 12, 'iyhx92bvc5', '2022-07-21 23:12:26'),
(903, 12, 'wyvglzo37a', '2022-07-21 23:12:27'),
(904, 17, 'y5ofizq8jg', '2022-07-21 23:13:59'),
(905, 14, 'wmjct37ib0', '2022-07-21 23:15:12'),
(906, 17, 'phrx8jmenl', '2022-07-21 23:21:37'),
(907, 17, 'im5bocg2s9', '2022-07-21 23:21:38'),
(908, 12, 'ml7k0r63di', '2022-07-21 23:22:01'),
(909, 14, '5ejiu9hasn', '2022-07-21 23:23:35'),
(910, 14, '0qcwpaemry', '2022-07-21 23:23:51'),
(911, 14, 'gd1ubtoa6s', '2022-07-21 23:24:43'),
(912, 17, 'q91zc2bswp', '2022-07-21 23:46:07'),
(913, 12, 'nebjdqwmy2', '2022-07-22 00:12:56'),
(914, 12, 'ildvgthu3y', '2022-07-22 00:17:44'),
(915, 41, 'eq3r89lfwi', '2022-07-22 00:48:08'),
(916, 41, 'a28gif09vx', '2022-07-22 00:48:10'),
(917, 12, 'e16pb9ghy0', '2022-07-22 07:38:10'),
(918, 5, 'fin62315g9', '2022-07-22 07:57:52'),
(919, 5, '6bvical5ne', '2022-07-22 07:57:53'),
(920, 5, 'v67a0oswyk', '2022-07-22 08:02:03'),
(921, 5, 'sy1nbdm9ej', '2022-07-22 08:05:57'),
(922, 14, 'qlj75kfiz3', '2022-07-22 09:03:57'),
(923, 12, '2s051jocw9', '2022-07-22 09:08:21'),
(924, 12, 'i95awvjxqs', '2022-07-22 09:08:38'),
(925, 12, 'jlxt0ygsur', '2022-07-22 09:08:39'),
(926, 12, 'e2xthu7r1v', '2022-07-22 09:09:43'),
(927, 12, 'qz6brdjkpx', '2022-07-22 09:09:44'),
(928, 12, 'ztwesq72ab', '2022-07-22 09:10:09'),
(929, 14, 'sg469wudfj', '2022-07-22 09:12:55'),
(930, 14, 'zqklob085v', '2022-07-22 09:12:56'),
(931, 17, 'r1vfmkjod7', '2022-07-22 09:27:44'),
(932, 5, 'sf07cwkivr', '2022-07-22 09:29:27'),
(933, 4, 'hpyxst8km2', '2022-07-22 09:33:29'),
(934, 4, 'pfhgntw19o', '2022-07-22 09:33:30'),
(935, 4, '4ord03t95c', '2022-07-22 09:34:11'),
(936, 4, 'mx6wp2hcbd', '2022-07-22 09:35:13'),
(937, 14, 'wjitokymsd', '2022-07-22 10:01:07'),
(938, 14, 'io3a5n29xp', '2022-07-22 10:16:12'),
(939, 13, 'wh725vefz9', '2022-07-22 10:51:45'),
(940, 13, 'urf1bz798c', '2022-07-22 10:51:45'),
(941, 13, '4uxqlow8sn', '2022-07-22 10:51:46'),
(942, 13, 'ehdj6sa5kn', '2022-07-22 10:51:46'),
(943, 13, 'r6cup90s8g', '2022-07-22 10:51:47'),
(944, 43, 'pu5nyc71m8', '2022-07-22 10:52:44'),
(945, 43, 'pvb07zfmqh', '2022-07-22 10:52:45'),
(946, 43, 'ngow59pciy', '2022-07-22 10:55:36'),
(947, 14, 'c1eugfv5rd', '2022-07-22 10:55:51'),
(948, 25, 'f85hgse9tk', '2022-07-22 11:59:28'),
(949, 13, '2e3zbxdty9', '2022-07-22 12:05:23'),
(950, 13, 'ocd8xgf935', '2022-07-22 12:05:39'),
(951, 5, 'ofljyek32d', '2022-07-22 15:05:45'),
(952, 14, '5c314tu7wd', '2022-07-22 15:14:00'),
(953, 14, 'jh6l2iwv8f', '2022-07-22 15:14:01'),
(954, 14, 'nrckbzoyvl', '2022-07-22 15:28:57'),
(955, 14, 'kx4u0hs16l', '2022-07-22 15:29:13'),
(956, 14, 'hiv30sua9l', '2022-07-22 15:31:24'),
(957, 44, 'qrp8zl7ay1', '2022-07-22 15:33:23'),
(958, 44, 'mzixjnblek', '2022-07-22 15:33:24'),
(959, 5, '1h7dg36p9y', '2022-07-22 15:52:25'),
(960, 5, '2tz7l5mskb', '2022-07-22 15:52:26'),
(961, 5, '60ytudjvhw', '2022-07-22 15:52:32'),
(962, 5, 'cl1956zjid', '2022-07-22 15:53:38'),
(963, 5, '2k0jdvg7ym', '2022-07-22 15:53:39'),
(964, 5, 'uehdvcizfg', '2022-07-22 15:55:21'),
(965, 5, 'pn1xkwg4da', '2022-07-22 15:55:22'),
(966, 5, 'k172lmehxi', '2022-07-22 15:55:37'),
(967, 14, 'afietrzsqd', '2022-07-22 16:06:49'),
(968, 14, '9hjn3b48zs', '2022-07-22 16:06:49'),
(969, 14, 'z7vdang8h2', '2022-07-22 16:06:49'),
(970, 14, 'pzvqkn5eyu', '2022-07-22 16:06:49'),
(971, 14, '2s47gbuvc6', '2022-07-22 16:06:49'),
(972, 14, 'khw0sjpcq9', '2022-07-22 16:06:49'),
(973, 14, '35ixjufq9m', '2022-07-22 16:06:49'),
(974, 14, '85ag1q06el', '2022-07-22 16:06:49'),
(975, 14, '1xvaew5q46', '2022-07-22 16:06:49'),
(976, 14, 'wkyd6bvgr3', '2022-07-22 16:06:49'),
(977, 14, 'bwc89im7es', '2022-07-22 16:06:50'),
(978, 14, 'dmz2fel3xr', '2022-07-22 16:06:50'),
(979, 14, '0qz7db4py8', '2022-07-22 16:06:50'),
(980, 14, 'f4xla7cpy0', '2022-07-22 16:06:50'),
(981, 14, 'jd8tybzinv', '2022-07-22 16:06:50'),
(982, 14, 'lsufxpth5g', '2022-07-22 16:06:50'),
(983, 14, '219plzi3gh', '2022-07-22 16:06:50'),
(984, 14, 'gmauyv0k82', '2022-07-22 16:06:50'),
(985, 14, 'j1x8r5ho7a', '2022-07-22 16:06:50'),
(986, 14, 'tpy9nehxci', '2022-07-22 16:06:50'),
(987, 14, 'pv0rqjd4k5', '2022-07-22 16:06:50'),
(988, 14, 'y0bsjp38du', '2022-07-22 16:06:50'),
(989, 14, 'xm6iaqcue0', '2022-07-22 16:06:51'),
(990, 14, 'ofp5gl8a6n', '2022-07-22 16:06:51'),
(991, 14, 'xwoc86pdis', '2022-07-22 16:06:51'),
(992, 14, 'sqz513vl4r', '2022-07-22 16:06:51'),
(993, 14, '6m489b2hrg', '2022-07-22 16:06:51'),
(994, 14, 'nm0t4bjl9q', '2022-07-22 16:06:51'),
(995, 14, 'hj2vsn4dwi', '2022-07-22 16:06:52'),
(996, 14, 'o2ku6mdngi', '2022-07-22 16:06:52'),
(997, 14, 'ujao8pnel9', '2022-07-22 16:06:52'),
(998, 14, '7as9f3uv45', '2022-07-22 16:06:52'),
(999, 14, 'rgvmw9t653', '2022-07-22 16:06:52'),
(1000, 14, 'okdwpzuacs', '2022-07-22 16:06:52'),
(1001, 14, 'zdhbe61p4n', '2022-07-22 16:06:52'),
(1002, 14, '615pxzldu7', '2022-07-22 16:06:52'),
(1003, 14, '2zyk56c30s', '2022-07-22 16:06:52'),
(1004, 14, 'vfkawns02g', '2022-07-22 16:06:52'),
(1005, 14, 'zl5j9de3ky', '2022-07-22 16:06:52'),
(1006, 14, 'z5oxrkcdtp', '2022-07-22 16:06:53'),
(1007, 14, '71sqzu0x6r', '2022-07-22 16:06:53'),
(1008, 14, 'lxep9qfjma', '2022-07-22 16:06:53'),
(1009, 14, 'w9fn62jp5i', '2022-07-22 16:06:53'),
(1010, 14, 'cleroyt25k', '2022-07-22 16:06:53'),
(1011, 14, 'g6x3u0la1o', '2022-07-22 16:06:53'),
(1012, 14, 'zx2ubo1sm3', '2022-07-22 16:06:53'),
(1013, 14, 'f3w6czpe4y', '2022-07-22 16:06:53'),
(1014, 14, 'v03htc76f4', '2022-07-22 16:06:53'),
(1015, 14, 'ix1vfl5cju', '2022-07-22 16:06:53'),
(1016, 14, 'ewgi6t1amr', '2022-07-22 16:06:53'),
(1017, 14, 'fr0xpaem6o', '2022-07-22 16:06:53'),
(1018, 14, 'e1vx2yqjb3', '2022-07-22 16:06:54'),
(1019, 14, 'q4copfzj5m', '2022-07-22 16:06:54'),
(1020, 14, 'eo2cx0r54n', '2022-07-22 16:06:54'),
(1021, 14, 'dhg5njo9us', '2022-07-22 16:06:54'),
(1022, 14, 'bwjpcsvz89', '2022-07-22 16:06:54'),
(1023, 14, 'rm2qlaut9g', '2022-07-22 16:06:54'),
(1024, 14, 'igl72eykx6', '2022-07-22 16:06:54'),
(1025, 14, 'ldv4jtz62w', '2022-07-22 16:06:54'),
(1026, 14, 'ryvgm4epj8', '2022-07-22 16:06:54'),
(1027, 14, 'vua5ecfjdy', '2022-07-22 16:06:54'),
(1028, 14, 'fstdyem5gl', '2022-07-22 16:06:54'),
(1029, 14, '5mpqk7u81z', '2022-07-22 16:06:54'),
(1030, 14, 'j4unwx6ifa', '2022-07-22 16:06:54'),
(1031, 14, 'ihaldwe5py', '2022-07-22 16:06:54'),
(1032, 14, 'b9hwgxj7ec', '2022-07-22 16:06:54'),
(1033, 14, '8idg631vro', '2022-07-22 16:06:55'),
(1034, 14, 'fk4ad0x713', '2022-07-22 16:06:55'),
(1035, 14, '7dvzj5xpfu', '2022-07-22 16:06:55'),
(1036, 5, 'whe5ix7ofl', '2022-07-22 16:09:31'),
(1037, 5, 'xtmyrwz8ij', '2022-07-22 16:09:32'),
(1038, 5, '9ym187r6uf', '2022-07-22 16:09:42'),
(1039, 5, '3a5rwuyfsd', '2022-07-22 16:12:08'),
(1040, 5, 'd7326tk8j9', '2022-07-22 16:12:09'),
(1041, 5, 'liftb84dz5', '2022-07-22 16:12:27'),
(1042, 14, 'xi87hzaswy', '2022-07-22 16:13:10'),
(1043, 39, 'udhq06ia5e', '2022-07-22 19:24:53'),
(1044, 14, 'zv2dxyhrnl', '2022-07-22 19:28:44'),
(1045, 14, '4imrhoef5v', '2022-07-22 19:28:45'),
(1046, 26, 'mo78vrgiuf', '2022-07-22 20:19:37'),
(1047, 26, 'b1mfwost5a', '2022-07-22 20:23:00'),
(1048, 26, '7e36gcjlnb', '2022-07-22 20:23:32'),
(1049, 26, 'agrh5oubv0', '2022-07-22 20:37:21'),
(1050, 26, '2orqk8glum', '2022-07-22 20:56:28'),
(1051, 26, '6pnvf2yq3b', '2022-07-22 20:58:25'),
(1052, 14, 'tg1zuxil8h', '2022-07-22 21:15:29'),
(1053, 33, 'g3yxdbf0eu', '2022-07-22 21:15:33'),
(1054, 45, 'lq25jh3dbf', '2022-07-22 21:15:54'),
(1055, 45, 'kmagdwfbs3', '2022-07-22 21:15:56'),
(1056, 45, 'tvpgyc02x1', '2022-07-22 21:16:37'),
(1057, 26, 'pzc2u57rq4', '2022-07-22 21:25:34'),
(1058, 13, 'byesj53wah', '2022-07-22 21:43:28'),
(1059, 13, 'k8de9p3g6y', '2022-07-22 21:48:48'),
(1060, 13, '47r0cioalt', '2022-07-22 21:53:33'),
(1061, 13, 'im893y1azk', '2022-07-22 21:54:43'),
(1062, 13, 'e0f2ua31qk', '2022-07-22 21:54:44'),
(1063, 26, 'jy3wz0tfec', '2022-07-22 22:01:54'),
(1064, 14, 'xmlzwp4g0h', '2022-07-22 22:28:08'),
(1065, 25, 'oal5di0c6r', '2022-07-23 08:47:55'),
(1066, 33, '2jb7mihn31', '2022-07-23 08:53:04'),
(1067, 26, 'z5ftpgraw0', '2022-07-23 09:08:30'),
(1068, 26, 'grnxq84v92', '2022-07-23 09:11:53'),
(1069, 14, 'ewp831gbta', '2022-07-23 09:18:31'),
(1070, 26, 'toa8mk6i5l', '2022-07-23 09:50:40'),
(1071, 14, 'h38amfuw60', '2022-07-23 10:18:25'),
(1072, 13, 'ds34zn8ply', '2022-07-23 10:27:09'),
(1073, 47, '18pzi7uv65', '2022-07-23 12:31:43'),
(1074, 47, '9zue5fs7vm', '2022-07-23 12:31:44'),
(1075, 47, 'ykv36igesz', '2022-07-23 12:34:07'),
(1076, 26, 'ys40adb65q', '2022-07-23 12:46:04'),
(1077, 14, 'd034fj5v9c', '2022-07-23 12:55:38'),
(1078, 33, 'reatu1zvpb', '2022-07-23 13:51:59'),
(1079, 13, 'y83rkqo7xb', '2022-07-23 15:44:00'),
(1080, 26, 'htjv8pea62', '2022-07-23 17:09:33'),
(1081, 26, 'bz4sacq9gh', '2022-07-23 17:16:29'),
(1082, 12, '2nawpjxo9y', '2022-07-23 17:23:21'),
(1083, 12, 'n20al6vz8w', '2022-07-23 17:23:22'),
(1084, 26, 'srbmzk5o73', '2022-07-23 20:18:05'),
(1085, 25, 'uvnay5zbt2', '2022-07-23 20:28:27'),
(1086, 17, 'jx7zi3e0hm', '2022-07-23 20:59:35'),
(1087, 17, '0aqp3l98vx', '2022-07-23 20:59:36'),
(1088, 17, 'nb58a60xge', '2022-07-23 21:01:02'),
(1089, 17, '4t9f1umiqs', '2022-07-23 21:03:12'),
(1090, 13, '94m37sbgp8', '2022-07-23 21:14:50'),
(1091, 5, 'pge49ztubl', '2022-07-24 08:04:05'),
(1092, 5, 'm24ljgeuiy', '2022-07-24 08:04:06'),
(1093, 5, '1a50zeiumn', '2022-07-24 08:04:16'),
(1094, 13, 'r2klcjoa6g', '2022-07-24 08:25:27'),
(1095, 33, 'zsgfiv6ja8', '2022-07-24 11:21:11'),
(1096, 48, 'h9f5w0zotj', '2022-07-24 11:35:46');
INSERT INTO `api_user_login` (`id`, `user_id`, `bearer_token`, `created_on`) VALUES
(1097, 48, '0dukrtwq3e', '2022-07-24 11:35:47'),
(1098, 48, 'm425uxo3la', '2022-07-24 11:39:09'),
(1099, 49, '8phvxydirw', '2022-07-24 11:51:23'),
(1100, 49, '8lr19qtbpu', '2022-07-24 11:51:24'),
(1101, 26, 'qbt20a7izw', '2022-07-24 11:55:16'),
(1102, 33, 't0lj9k8sgu', '2022-07-24 11:55:28'),
(1103, 26, '7qijzt92c1', '2022-07-24 12:42:32'),
(1104, 26, 'ntwqrhejgk', '2022-07-24 12:45:41'),
(1105, 26, '7ivh108dtj', '2022-07-24 12:51:48'),
(1106, 26, 'y4bhc6irum', '2022-07-24 12:53:22'),
(1107, 13, '9ydokx370i', '2022-07-24 13:06:25'),
(1108, 48, 'xs42o1fwy6', '2022-07-24 13:16:02'),
(1109, 33, 'e065aydrt8', '2022-07-24 13:19:07'),
(1110, 50, 'pqnsj1dueh', '2022-07-24 13:22:54'),
(1111, 50, 'xsu2o5rz9j', '2022-07-24 13:22:55'),
(1112, 51, '5d3zo7ptxv', '2022-07-24 13:23:57'),
(1113, 51, '5v2qrkem4b', '2022-07-24 13:23:58'),
(1114, 51, 'awzebcoq1m', '2022-07-24 13:27:37'),
(1115, 13, 'gjkwv9pslb', '2022-07-24 13:27:53'),
(1116, 50, '3h9y8qas6b', '2022-07-24 13:30:55'),
(1117, 26, 'o1b7kfhpi6', '2022-07-24 13:31:16'),
(1118, 49, 'pdsge1m3i5', '2022-07-24 13:40:12'),
(1119, 49, 'zm3k1bgapq', '2022-07-24 13:41:57'),
(1120, 25, 'p3b5x8neso', '2022-07-24 13:52:03'),
(1121, 26, 'gjuf43veoh', '2022-07-24 14:04:29'),
(1122, 26, 'at1x3k592g', '2022-07-24 19:18:18'),
(1123, 49, 'qihegl38a4', '2022-07-24 19:55:00'),
(1124, 13, 'm7elszgqx8', '2022-07-24 19:55:50'),
(1125, 13, 'i9gsalj4ft', '2022-07-24 19:56:33'),
(1126, 13, '8oujq7kfna', '2022-07-24 19:57:15'),
(1127, 13, 'uo3qp1c2h4', '2022-07-24 19:58:17'),
(1128, 13, 'vbhsecz78u', '2022-07-24 20:05:45'),
(1129, 13, 'vn4gk98eq0', '2022-07-24 20:08:40'),
(1130, 14, '7vdcahtb05', '2022-07-24 20:09:09'),
(1131, 26, 'rzd8p3ej01', '2022-07-24 20:14:21'),
(1132, 17, 'p4ksey0dfo', '2022-07-24 20:15:36'),
(1133, 13, 'l4w3sn6xmu', '2022-07-24 20:16:02'),
(1134, 17, '6n9a2cgfjr', '2022-07-24 20:21:13'),
(1135, 17, 'tzxol6uhnb', '2022-07-24 20:21:57'),
(1136, 17, 'uezh8r9w6b', '2022-07-24 20:22:22'),
(1137, 52, 'nftx5mp6lc', '2022-07-24 20:24:16'),
(1138, 52, 'kbgq327mvu', '2022-07-24 20:24:17'),
(1139, 52, '95pinhs36j', '2022-07-24 20:24:19'),
(1140, 52, 'kfbcdnyt6z', '2022-07-24 20:24:19'),
(1141, 52, 'wpy0ejm7sv', '2022-07-24 20:24:20'),
(1142, 52, 'y7s1ul5i4o', '2022-07-24 20:24:20'),
(1143, 52, 'u365j8l0sp', '2022-07-24 20:24:21'),
(1144, 52, 'xbj3p60u8h', '2022-07-24 20:24:21'),
(1145, 52, 'kncebigslf', '2022-07-24 20:24:21'),
(1146, 52, '10mp6lownq', '2022-07-24 20:24:21'),
(1147, 52, 'szk9xfamhb', '2022-07-24 20:24:22'),
(1148, 52, '7pscxzqy89', '2022-07-24 20:24:23'),
(1149, 52, 'uy1z0avek2', '2022-07-24 20:24:23'),
(1150, 52, 'j732wfo9ay', '2022-07-24 20:24:23'),
(1151, 52, 'jlid8mzvsk', '2022-07-24 20:24:23'),
(1152, 52, 'rf18nsokhb', '2022-07-24 20:24:24'),
(1153, 52, 's5c4owvfnx', '2022-07-24 20:24:24'),
(1154, 52, 'd6ry3aek0o', '2022-07-24 20:24:24'),
(1155, 52, 'lfx2ko7pnj', '2022-07-24 20:24:25'),
(1156, 52, '3wgb2zsm4t', '2022-07-24 20:24:25'),
(1157, 52, 'ctfr7do9as', '2022-07-24 20:24:27'),
(1158, 52, 'kc6bvpo5ht', '2022-07-24 20:24:27'),
(1159, 52, 'aln07hrx91', '2022-07-24 20:24:27'),
(1160, 52, '7y1smogir6', '2022-07-24 20:24:27'),
(1161, 52, 'y1432w0mbd', '2022-07-24 20:24:28'),
(1162, 52, 'u4l2pe73q9', '2022-07-24 20:24:29'),
(1163, 52, '9k3tzpwfae', '2022-07-24 20:24:29'),
(1164, 52, 'q76helv9xj', '2022-07-24 20:24:30'),
(1165, 52, '0aslfit1eo', '2022-07-24 20:24:31'),
(1166, 52, 'grqw2zuda1', '2022-07-24 20:24:31'),
(1167, 52, '8wpv713tmq', '2022-07-24 20:24:31'),
(1168, 52, '0ebjnhirtw', '2022-07-24 20:24:31'),
(1169, 52, '71py2dltg4', '2022-07-24 20:24:32'),
(1170, 52, 'rakfg4j3y7', '2022-07-24 20:24:33'),
(1171, 52, '8shaqvcwd3', '2022-07-24 20:24:34'),
(1172, 52, 'aj8q0dirtm', '2022-07-24 20:24:34'),
(1173, 52, '39aenf2mqh', '2022-07-24 20:24:34'),
(1174, 52, 'venximsb4z', '2022-07-24 20:24:35'),
(1175, 52, 'gmekfy4hnl', '2022-07-24 20:24:35'),
(1176, 52, 'vtc0zlix65', '2022-07-24 20:24:36'),
(1177, 52, '29m86tndh7', '2022-07-24 20:24:36'),
(1178, 52, 'va3n74soed', '2022-07-24 20:24:37'),
(1179, 52, 'ig81cobwxu', '2022-07-24 20:24:38'),
(1180, 52, 'u18ye63o04', '2022-07-24 20:24:38'),
(1181, 52, 'kfpwin726h', '2022-07-24 20:24:38'),
(1182, 52, 'uekna7cgdo', '2022-07-24 20:24:39'),
(1183, 52, '70w6gxuko2', '2022-07-24 20:24:39'),
(1184, 52, 'x2wikt1nhl', '2022-07-24 20:24:42'),
(1185, 14, 'o0b2rxt9kn', '2022-07-24 20:34:57'),
(1186, 13, '1842jm0nhl', '2022-07-24 20:47:26'),
(1187, 17, '1fdu7spqyt', '2022-07-24 20:53:14'),
(1188, 13, 'eflygr3iwh', '2022-07-24 21:01:55'),
(1189, 13, '7l41x2ocey', '2022-07-24 21:02:26'),
(1190, 14, 'qel8zg5xfb', '2022-07-24 21:02:34'),
(1191, 13, '5s7g9qbixd', '2022-07-24 21:11:39'),
(1192, 25, 'rd82oz3fwk', '2022-07-24 21:23:21'),
(1193, 13, 'am7fl2q45p', '2022-07-24 21:30:42'),
(1194, 26, 'pxyw04g5i2', '2022-07-24 21:41:10'),
(1195, 13, 'wz3atcpb1h', '2022-07-24 22:18:53'),
(1196, 26, 'xj48cwpbz5', '2022-07-24 22:23:12'),
(1197, 14, 'gefyxocrwi', '2022-07-24 22:37:48'),
(1198, 13, '9m7ehlqjn5', '2022-07-24 23:29:40'),
(1199, 49, 'jv48sek1gz', '2022-07-24 23:30:33'),
(1200, 48, 'c0rvdsim2a', '2022-07-24 23:43:16'),
(1201, 12, 'c4furjx5gh', '2022-07-24 23:44:56'),
(1202, 12, 'sdup9yov3n', '2022-07-24 23:45:44'),
(1203, 54, 'airoufd30b', '2022-07-25 08:53:07'),
(1204, 54, 'hacf72st4g', '2022-07-25 08:53:08'),
(1205, 33, '2ej9a4t51u', '2022-07-25 09:07:10'),
(1206, 13, '5sb2fo6n4a', '2022-07-25 09:11:24'),
(1207, 14, '46kgla1o3p', '2022-07-25 09:49:16'),
(1208, 52, '5an6uqh47b', '2022-07-25 10:23:31'),
(1209, 33, 'j0syu1w8q6', '2022-07-25 10:23:52'),
(1210, 17, 'usg58apqko', '2022-07-25 11:11:18'),
(1211, 55, 'o0i523mlf7', '2022-07-25 11:28:40'),
(1212, 55, 't168erzs09', '2022-07-25 11:28:41'),
(1213, 55, 'gfjzyro9me', '2022-07-25 11:31:16'),
(1214, 48, '1aefb9iy7h', '2022-07-25 11:42:57'),
(1215, 13, '42khgy59zw', '2022-07-25 11:51:06'),
(1216, 33, 'v60tnba2ze', '2022-07-25 12:46:16'),
(1217, 48, 'lsctny17kb', '2022-07-25 14:00:40'),
(1218, 13, 'ad185o6rms', '2022-07-25 14:15:09'),
(1219, 33, '2tksuhzpcx', '2022-07-25 15:06:45'),
(1220, 14, 'bz935ea1ux', '2022-07-25 17:19:26'),
(1221, 48, 'wyaepqgv4x', '2022-07-25 17:39:04'),
(1222, 4, 'beci82uypg', '2022-07-25 18:10:03'),
(1223, 13, 'l9ed3t0ugm', '2022-07-25 18:22:04'),
(1224, 39, 'zyvr3d4nf6', '2022-07-25 18:32:46'),
(1225, 12, 'uq92l0yoca', '2022-07-25 19:19:25'),
(1226, 12, 'o6lht4v2e8', '2022-07-25 19:19:27'),
(1227, 33, '75djcakzei', '2022-07-25 19:21:44'),
(1228, 12, 'cbqd1pat6x', '2022-07-25 19:27:30'),
(1229, 33, 'moqxfbr8ht', '2022-07-25 20:08:38'),
(1230, 12, 'iyhrxzfep7', '2022-07-25 20:14:41'),
(1231, 12, '075tuy8af3', '2022-07-25 20:15:18'),
(1232, 12, 'lz8ast5i4e', '2022-07-25 20:15:33'),
(1233, 12, '9rikdehgcz', '2022-07-25 20:15:51'),
(1234, 12, 'ka1cif0439', '2022-07-25 20:16:30'),
(1235, 12, 'aumx39b7cs', '2022-07-25 20:19:28'),
(1236, 12, '6s8y3h2cln', '2022-07-25 20:21:11'),
(1237, 12, '8otxadpnbz', '2022-07-25 20:22:55'),
(1238, 33, '1mtfurdpln', '2022-07-25 20:42:53'),
(1239, 50, 'd4p3njybz9', '2022-07-26 08:49:31'),
(1240, 51, '7heyd1p6uo', '2022-07-26 09:16:13'),
(1241, 13, 'ogxncawutz', '2022-07-26 09:19:31'),
(1242, 26, 'y7odnbfka0', '2022-07-26 09:23:52'),
(1243, 26, 't0wluryocp', '2022-07-26 09:44:47'),
(1244, 14, 'gv4rf2jiqe', '2022-07-26 09:54:10'),
(1245, 26, 'd2ms3jub0g', '2022-07-26 11:51:04'),
(1246, 48, 'lpmzj93nay', '2022-07-26 12:14:30'),
(1247, 50, 'cpxn1werv8', '2022-07-26 12:19:05'),
(1248, 33, 'brhwmd3g4o', '2022-07-26 12:45:56'),
(1249, 33, 'k38ehytxal', '2022-07-26 14:07:18'),
(1250, 33, 'vep10d4j3l', '2022-07-26 14:08:01'),
(1251, 33, 'jcq4u3r7gb', '2022-07-26 14:23:50'),
(1252, 5, 'xcbhauj10k', '2022-07-26 15:19:43'),
(1253, 5, '2wyxruo0t8', '2022-07-26 15:19:45'),
(1254, 5, '6wqj5kbpre', '2022-07-26 15:21:17'),
(1255, 5, 'fdxe6u81qz', '2022-07-26 15:21:31'),
(1256, 5, 'ukwbzjvy4g', '2022-07-26 16:09:29'),
(1257, 25, '9rnklv46ox', '2022-07-26 16:23:42'),
(1258, 48, 'p13d9fj6gt', '2022-07-26 17:31:35'),
(1259, 33, 'lmghbtquvp', '2022-07-26 17:54:20'),
(1260, 25, 'fkwa5c0rz8', '2022-07-26 18:01:10'),
(1261, 36, 'bi0hsj3a7l', '2022-07-26 18:39:06'),
(1262, 5, 'nq5r8xchbu', '2022-07-26 18:52:45'),
(1263, 5, 'wz67s8crtf', '2022-07-26 18:52:46'),
(1264, 5, 'dte63y70bp', '2022-07-26 18:57:35'),
(1265, 33, 'wfibnt09ej', '2022-07-26 18:58:17'),
(1266, 33, 'vkzs25wa6d', '2022-07-26 20:09:05'),
(1267, 48, 'h5pucxlbn1', '2022-07-26 20:46:57'),
(1268, 48, '7g6tlpzak3', '2022-07-26 20:47:34'),
(1269, 33, 'htr1c94e8u', '2022-07-26 22:37:23'),
(1270, 57, 'i08zhngux4', '2022-07-26 22:49:21'),
(1271, 57, 'unsqcam9yv', '2022-07-26 22:49:23'),
(1272, 13, '8m13h4vfc5', '2022-07-26 22:56:05'),
(1273, 14, 'klcgz5o608', '2022-07-26 22:56:51'),
(1274, 33, '5dzurf9cvx', '2022-07-27 09:32:47'),
(1275, 48, 'ja6fki25co', '2022-07-27 12:41:11'),
(1276, 14, 'w8x1ito0cm', '2022-07-27 12:46:19'),
(1277, 33, 'y4z9ln5o18', '2022-07-27 13:24:39'),
(1278, 13, '01n4bp8kh7', '2022-07-27 15:22:30'),
(1279, 48, '67dujwxyvt', '2022-07-27 16:14:24'),
(1280, 48, 'iwu9zs36xv', '2022-07-27 18:40:02'),
(1281, 50, '8oemzyw3xj', '2022-07-27 19:47:22'),
(1282, 33, 'f3ey8viuga', '2022-07-27 20:21:04'),
(1283, 17, 'bqhysfwpu0', '2022-07-27 21:03:14'),
(1284, 17, 'jems925t03', '2022-07-27 21:05:44'),
(1285, 17, 'z9pt6ymf7d', '2022-07-27 21:06:09'),
(1286, 17, 'iq57r0skjp', '2022-07-27 21:06:51'),
(1287, 48, 'd6fbaemw0s', '2022-07-27 21:17:14'),
(1288, 48, '71oi08ml5e', '2022-07-27 21:18:01'),
(1289, 48, 'ocfkmvali6', '2022-07-27 21:18:15'),
(1290, 33, 'd3u9pglnfi', '2022-07-27 21:23:11'),
(1291, 48, '6hbxvtu75l', '2022-07-27 23:36:02'),
(1292, 48, 'laxm3sy8o2', '2022-07-28 01:38:48'),
(1293, 26, 'jawnm9ts50', '2022-07-28 01:41:03'),
(1294, 33, 'gexuzcb9rk', '2022-07-28 08:07:22'),
(1295, 13, 'cmixs38o62', '2022-07-28 08:35:14'),
(1296, 13, 'p9dxr483wv', '2022-07-28 09:41:11'),
(1297, 33, 'rq9b07o3gd', '2022-07-28 10:33:45'),
(1298, 13, '72jiwkr4sv', '2022-07-28 12:32:11'),
(1299, 33, 'nb3jwiym5p', '2022-07-28 14:06:56'),
(1300, 26, 'bh2a9l8y3w', '2022-07-28 15:03:21'),
(1301, 13, 'cuh5tzij9w', '2022-07-28 15:29:26'),
(1302, 33, 'bxifrd2jv9', '2022-07-28 17:04:19'),
(1303, 13, 'elwy3c8uor', '2022-07-28 17:35:09'),
(1304, 26, 'mtoj3c6e1z', '2022-07-28 18:48:36'),
(1305, 33, 'isy2pdh7qt', '2022-07-28 18:53:16'),
(1306, 51, 'l67jr4it3h', '2022-07-28 19:21:43'),
(1307, 48, 'ndet9r4fqh', '2022-07-28 21:00:22'),
(1308, 58, 'iql6rpgoa5', '2022-07-28 22:58:48'),
(1309, 58, 'qdxjrp712u', '2022-07-28 22:58:49'),
(1310, 58, 'sdcvl09z4q', '2022-07-28 22:59:52'),
(1311, 26, '6dvnf5jex3', '2022-07-29 02:44:32'),
(1312, 26, '0192576sp3', '2022-07-29 02:46:01'),
(1313, 50, 'dspu4wxrk9', '2022-07-29 05:33:37'),
(1314, 5, 'g2nplvso8m', '2022-07-29 07:37:08'),
(1315, 5, 'vs12j8ceti', '2022-07-29 07:37:09'),
(1316, 5, 'iuxpmbtyzk', '2022-07-29 07:37:26'),
(1317, 5, '2ahm7ipj93', '2022-07-29 07:37:31'),
(1318, 5, 'tx23cgh64l', '2022-07-29 07:39:14'),
(1319, 5, '1sdycqr8ua', '2022-07-29 07:39:15'),
(1320, 48, 'h5tyxv7cj3', '2022-07-29 08:24:04'),
(1321, 50, 'zgcjl0ipxr', '2022-07-29 10:06:19'),
(1322, 50, '6c5ze7g0um', '2022-07-29 12:03:10'),
(1323, 14, 's8hzmnfu3e', '2022-07-29 13:03:18'),
(1324, 14, '50naprt3oy', '2022-07-29 13:03:35'),
(1325, 13, 'iz0sn16eh3', '2022-07-29 13:05:15'),
(1326, 26, 'xv9ua5fcw4', '2022-07-29 13:34:45'),
(1327, 50, 'wx5ij0ktrm', '2022-07-29 13:47:14'),
(1328, 13, 'yfw5s0igcm', '2022-07-29 14:15:15'),
(1329, 59, 'exb14nloqf', '2022-07-29 14:20:33'),
(1330, 59, '3pz2n14o8y', '2022-07-29 14:20:34'),
(1331, 13, 'lq10setvx3', '2022-07-29 14:23:11'),
(1332, 14, '4ek9lits1r', '2022-07-29 14:23:14'),
(1333, 50, 'e3iduxnfbz', '2022-07-29 15:40:06'),
(1334, 14, 'y1f7dt8hno', '2022-07-29 16:43:05'),
(1335, 50, 'rmnbv8etiu', '2022-07-29 16:46:53'),
(1336, 5, 'ipt6caboqy', '2022-07-29 16:54:21'),
(1337, 5, 'w2i3btlyr6', '2022-07-29 17:04:40'),
(1338, 50, 'w2h3lby7az', '2022-07-29 17:27:27'),
(1339, 5, 'yf6n594srq', '2022-07-29 17:45:36'),
(1340, 14, '9keroutwfq', '2022-07-29 17:50:49'),
(1341, 26, '4woapgb6k3', '2022-07-29 18:04:32'),
(1342, 26, 'b8gly41wzq', '2022-07-29 18:56:14'),
(1343, 13, 'fr9tcebhxj', '2022-07-29 19:25:03'),
(1344, 33, 'lvn3o4e6dx', '2022-07-29 22:19:49'),
(1345, 48, 'oi0yks1bf9', '2022-07-29 23:09:01'),
(1346, 13, '1qwcpolmuy', '2022-07-30 07:50:06'),
(1347, 13, '9mbr8o71e2', '2022-07-30 08:27:14'),
(1348, 13, 'yf0g7s3mbk', '2022-07-30 10:20:26'),
(1349, 5, 'asqbn0z537', '2022-07-30 10:31:13'),
(1350, 5, 'etzlbj35f7', '2022-07-30 10:35:59'),
(1351, 5, 'wu1346ycxj', '2022-07-30 10:53:25'),
(1352, 33, 'hn5uzvpa1i', '2022-07-30 12:36:53'),
(1353, 55, '8n43zdjopf', '2022-07-30 13:43:35'),
(1354, 50, 'zr72npg8l1', '2022-07-30 15:33:18'),
(1355, 13, 'vz3ls54axt', '2022-07-30 15:35:53'),
(1356, 13, 't05mv8u4x1', '2022-07-30 17:17:33'),
(1357, 25, 'u28ptxz1sm', '2022-07-30 21:07:07'),
(1358, 25, 'xgq9unbdzi', '2022-07-30 21:55:10'),
(1359, 25, 'ml2csk6y35', '2022-07-30 22:02:12'),
(1360, 25, 'ybs7eaz46i', '2022-07-30 22:04:19'),
(1361, 25, '5zw6yegxah', '2022-07-30 22:07:11'),
(1362, 25, 'ikl26ghcrn', '2022-07-30 22:08:03'),
(1363, 60, 'w7byo9pran', '2022-07-30 22:09:06'),
(1364, 60, '23kbuwgn1q', '2022-07-30 22:09:07'),
(1365, 25, 'j25taivpe1', '2022-07-30 22:09:40'),
(1366, 60, 'qm69xhw8z7', '2022-07-30 22:10:03'),
(1367, 25, 'xw9m1q745o', '2022-07-30 22:10:10'),
(1368, 25, '5g0fi47j2b', '2022-07-30 22:28:44'),
(1369, 25, 'xvikdl5g1j', '2022-07-30 22:28:52'),
(1370, 13, '0q9meozkf8', '2022-07-31 10:25:53'),
(1371, 25, 'v8qwgfkazd', '2022-07-31 10:32:55'),
(1372, 5, 'zq79xw6o0i', '2022-07-31 11:13:30'),
(1373, 13, 'vkl34pwfcg', '2022-07-31 11:56:34'),
(1374, 26, 'wuzj1v7iq2', '2022-07-31 11:57:42'),
(1375, 33, 'jfqbcm8lwr', '2022-07-31 12:43:27'),
(1376, 13, '56bw3vkcmd', '2022-07-31 12:44:57'),
(1377, 26, '7h4xlq3wnc', '2022-07-31 13:27:17'),
(1378, 48, '7w2cort5i3', '2022-07-31 14:13:37'),
(1379, 5, 'txksjzcur0', '2022-07-31 16:48:23'),
(1380, 26, '9lerw6dqck', '2022-07-31 16:56:19'),
(1381, 5, 'lzheopjd03', '2022-07-31 23:53:21'),
(1382, 13, 'mkjzr8uyvo', '2022-08-01 10:11:35'),
(1383, 13, '93lcv0d5wf', '2022-08-01 11:13:46'),
(1384, 5, 'ns8h5b67f3', '2022-08-01 11:31:57'),
(1385, 5, 'j17qshzbyu', '2022-08-01 11:31:58'),
(1386, 25, 'ea0obu41pn', '2022-08-01 11:46:39'),
(1387, 5, 'ymoah42e8p', '2022-08-01 12:10:16'),
(1388, 5, '9myg2fjlvh', '2022-08-01 12:22:16'),
(1389, 5, 'nri5glc8sv', '2022-08-01 12:29:19'),
(1390, 5, 'ymhjtxc7z6', '2022-08-01 12:34:18'),
(1391, 13, 'iwk79aqs45', '2022-08-01 13:04:59'),
(1392, 13, '0olfxpwqky', '2022-08-01 13:46:37'),
(1393, 5, '5q3p98d2xs', '2022-08-01 14:29:14'),
(1394, 5, 'ualgytd8rq', '2022-08-01 14:29:16'),
(1395, 5, 'z3d5t6i2sn', '2022-08-01 14:34:06'),
(1396, 5, 'u90hf35kjy', '2022-08-01 15:48:01'),
(1397, 5, '7o8cz9q5p0', '2022-08-01 15:55:32'),
(1398, 5, '74waqexsg2', '2022-08-01 16:05:31'),
(1399, 14, 'gteha308uc', '2022-08-01 16:11:24'),
(1400, 5, 'kq3ro50bay', '2022-08-01 16:28:51'),
(1401, 5, 'fjh5derto6', '2022-08-01 16:29:10'),
(1402, 5, 'pwr5k60bxh', '2022-08-01 16:35:56'),
(1403, 5, 'nk085m1t3f', '2022-08-01 16:36:56'),
(1404, 5, 'phmgu4sqcf', '2022-08-01 16:49:57'),
(1405, 50, 'o30vg28thf', '2022-08-01 17:50:31'),
(1406, 33, 'dhaf53rx6m', '2022-08-01 20:45:39'),
(1407, 5, 'pt1vyqgi5h', '2022-08-01 23:23:33'),
(1408, 5, 'biym0gca1p', '2022-08-01 23:26:07'),
(1409, 50, 'gociz6rnlh', '2022-08-02 09:03:54'),
(1410, 26, 'd9h25asxwm', '2022-08-02 09:35:08'),
(1411, 5, 'dvclt0yio2', '2022-08-02 10:53:56'),
(1412, 5, 'asxeo2hrk8', '2022-08-02 11:37:57'),
(1413, 5, '8xy34v5siu', '2022-08-02 11:38:09'),
(1414, 5, 'ocdhxl5v9y', '2022-08-02 11:38:41'),
(1415, 5, 'yunf7s361o', '2022-08-02 11:42:04'),
(1416, 5, 'iqdmlacsh1', '2022-08-02 11:50:52'),
(1417, 5, '3at2yxm5pj', '2022-08-02 11:52:56'),
(1418, 25, 'ht2bx9sun7', '2022-08-02 12:09:56'),
(1419, 5, '5o60vzr9j8', '2022-08-02 12:35:35'),
(1420, 14, '9obdep0yza', '2022-08-02 12:55:14'),
(1421, 5, '6542oc01ef', '2022-08-02 13:02:03'),
(1422, 5, 'dfgaijo4r0', '2022-08-02 14:08:25'),
(1423, 26, 'oc9v654ws3', '2022-08-02 14:16:17'),
(1424, 5, 'uqv30ogltf', '2022-08-02 14:22:17'),
(1425, 5, 'kmcenopi31', '2022-08-02 14:40:54'),
(1426, 13, '5f172wgo86', '2022-08-02 14:50:07'),
(1427, 5, 'jxz8orwfke', '2022-08-02 15:04:53'),
(1428, 5, '7y89nwt4rk', '2022-08-02 15:18:09'),
(1429, 5, 'bcyr5igkvq', '2022-08-02 17:10:51'),
(1430, 5, 't2ep71jham', '2022-08-02 17:10:53'),
(1431, 5, '671nofuwjx', '2022-08-02 17:14:06'),
(1432, 13, '8a1gnkply4', '2022-08-02 19:06:00'),
(1433, 26, 'mxl2igh4r9', '2022-08-02 19:56:07'),
(1434, 14, 'kncxtaq09j', '2022-08-02 20:46:38'),
(1435, 5, '06quyw1vng', '2022-08-02 22:21:39'),
(1436, 13, 'fq16d9cy0u', '2022-08-02 22:26:20'),
(1437, 5, 'sorxh7ait8', '2022-08-02 22:26:26'),
(1438, 5, 'tes8g3i6dr', '2022-08-02 23:21:58'),
(1439, 5, 'hxgm3r6870', '2022-08-02 23:22:00'),
(1440, 5, 'b4wj0v359d', '2022-08-02 23:25:15'),
(1441, 17, '7usayxmbf9', '2022-08-03 00:08:27'),
(1442, 5, '6kv9rljx2o', '2022-08-03 00:09:56'),
(1443, 17, '53p7gvcu4h', '2022-08-03 00:12:07'),
(1444, 5, '9jfxy62nbs', '2022-08-03 00:12:24'),
(1445, 17, 'nmw6yptlki', '2022-08-03 00:12:30'),
(1446, 5, '7qxde2ch69', '2022-08-03 00:38:30'),
(1447, 5, 'g45xwldnmc', '2022-08-03 00:38:32'),
(1448, 5, 'h52drz83vt', '2022-08-03 01:00:24'),
(1449, 5, '9asi1476ok', '2022-08-03 01:01:28'),
(1450, 5, 'zduf3c54qx', '2022-08-03 01:02:56'),
(1451, 17, 'lf3emtajuv', '2022-08-03 01:03:39'),
(1452, 17, 'ag7io2bx3m', '2022-08-03 01:05:11'),
(1453, 5, 'ka48rxndfy', '2022-08-03 01:06:08'),
(1454, 5, 'bs9pendcft', '2022-08-03 01:07:39'),
(1455, 5, 'vcytpw290l', '2022-08-03 01:10:32'),
(1456, 5, 'zg1b78yeu4', '2022-08-03 03:58:30'),
(1457, 5, 'p1czqlt5se', '2022-08-03 03:58:31'),
(1458, 5, 'cgqynt3248', '2022-08-03 04:01:16'),
(1459, 13, '1x58tgm6qo', '2022-08-03 09:55:14'),
(1460, 5, 'dtxa84em9s', '2022-08-03 10:54:25'),
(1461, 5, 'j6gx0m9qyv', '2022-08-03 11:13:53'),
(1462, 5, '2c59mb8l7f', '2022-08-03 11:46:27'),
(1463, 5, '9kuwsy2qva', '2022-08-03 14:16:10'),
(1464, 5, 'trae1jiks3', '2022-08-03 14:16:12'),
(1465, 5, 'tjpkv0iylq', '2022-08-03 14:50:40'),
(1466, 5, 'vdmf79yxa6', '2022-08-03 23:25:43'),
(1467, 5, 's1wgj6fprt', '2022-08-03 23:30:49'),
(1468, 5, 'o2i9yh0kjc', '2022-08-04 00:22:14'),
(1469, 5, 'xhi1dumft6', '2022-08-04 00:25:26'),
(1470, 13, 'makbowdeqt', '2022-08-04 07:01:18'),
(1471, 25, 'lrg7te6hvy', '2022-08-04 07:11:15'),
(1472, 25, '670w3ifne1', '2022-08-04 12:07:07'),
(1473, 13, '3mnjcpkvi1', '2022-08-04 12:39:49'),
(1474, 50, 't2qds8cg9u', '2022-08-04 12:43:14'),
(1475, 12, 'g2upf493tv', '2022-08-04 12:51:45'),
(1476, 12, 'iqu9dzlem8', '2022-08-04 12:51:46'),
(1477, 14, 'mykgexj14w', '2022-08-04 12:58:33'),
(1478, 14, '3nbkq6rht1', '2022-08-04 12:58:52'),
(1479, 14, '46iu1qnt9d', '2022-08-04 12:58:53'),
(1480, 12, 'm5s1ik89p0', '2022-08-04 13:02:29'),
(1481, 14, 'mwezdg0l5c', '2022-08-04 13:02:48'),
(1482, 14, 'actr79md1n', '2022-08-04 13:05:39'),
(1483, 14, '40rh52pkve', '2022-08-04 13:05:40'),
(1484, 12, 'qj1amyu8ef', '2022-08-04 13:10:23'),
(1485, 50, '9z2ihdwfac', '2022-08-04 14:20:11'),
(1486, 13, '4wgyp3tc07', '2022-08-04 16:37:29'),
(1487, 50, 'bo7z02p49l', '2022-08-04 19:01:13'),
(1488, 17, 'hvzqpgcsoe', '2022-08-04 22:02:54'),
(1489, 13, 'pa5uvj6m8i', '2022-08-04 22:04:12'),
(1490, 13, 'hy0asu23vl', '2022-08-04 22:04:55'),
(1491, 5, 'm64ajkury5', '2022-08-04 22:57:38'),
(1492, 5, '5d1v2pij6t', '2022-08-04 23:05:17'),
(1493, 5, 'umx7snbiw6', '2022-08-04 23:12:12'),
(1494, 5, 'k34v05nt16', '2022-08-04 23:28:45'),
(1495, 5, '2yo3jbs8w6', '2022-08-04 23:40:35'),
(1496, 5, 't0wdgq8avr', '2022-08-04 23:45:49'),
(1497, 5, '7mdioxftrk', '2022-08-05 00:33:59'),
(1498, 13, 'ji6zpafug5', '2022-08-05 09:05:41'),
(1499, 5, '317mcuxfnz', '2022-08-05 11:47:17'),
(1500, 5, 'dk1gx2p8ya', '2022-08-05 12:09:57'),
(1501, 13, '8u4kzcai6v', '2022-08-05 14:48:09'),
(1502, 5, 'hny4s9ijw5', '2022-08-05 16:37:45'),
(1503, 5, 'ityxu70njd', '2022-08-05 16:54:11'),
(1504, 5, 'h4unj5c3yw', '2022-08-05 17:12:07'),
(1505, 5, 'y1aubi39rc', '2022-08-05 17:12:08'),
(1506, 12, 'gkbqvslpc1', '2022-08-05 17:19:48'),
(1507, 12, '0ipk8s12gr', '2022-08-05 17:22:49'),
(1508, 50, 'i5s378d610', '2022-08-05 17:39:15'),
(1509, 5, 'n937vykw84', '2022-08-05 17:44:13'),
(1510, 5, 'k7fqco4j8l', '2022-08-05 17:44:14'),
(1511, 5, 'vetkbsrh28', '2022-08-05 17:44:22'),
(1512, 5, '1twdumgzor', '2022-08-05 17:44:23'),
(1513, 5, 'bojle4nv2d', '2022-08-05 17:44:23'),
(1514, 5, 'vqnl2if8h7', '2022-08-05 17:45:25'),
(1515, 5, 'u7vp345cjr', '2022-08-05 17:45:27'),
(1516, 5, 'd4gk7tnmq3', '2022-08-05 17:45:40'),
(1517, 5, '3b5vdra2mc', '2022-08-05 17:46:36'),
(1518, 5, '1kln3sxdg7', '2022-08-05 17:46:42'),
(1519, 5, '0wpmiub1rd', '2022-08-05 17:48:13'),
(1520, 50, '26ifmtvz4a', '2022-08-05 18:56:42'),
(1521, 13, '0sbguzr8x7', '2022-08-05 20:40:01'),
(1522, 14, 'dt5xwzcrp3', '2022-08-06 00:22:30'),
(1523, 62, 'cjtr5zko6f', '2022-08-06 07:11:46'),
(1524, 62, 'vqczth18n7', '2022-08-06 07:11:47'),
(1525, 62, '9o4rf1z8bv', '2022-08-06 09:09:12'),
(1526, 13, 'zy0nlhg2cp', '2022-08-06 09:31:07'),
(1527, 17, '5r9cde842j', '2022-08-06 11:53:01'),
(1528, 17, '64b7hyxrqj', '2022-08-06 12:21:34'),
(1529, 17, 'jhmgxbnec7', '2022-08-06 12:22:07'),
(1530, 13, '96475tbsmd', '2022-08-06 14:02:02'),
(1531, 48, 'umko03bafp', '2022-08-06 16:25:16'),
(1532, 14, 'i3k7ryplvu', '2022-08-06 18:02:44'),
(1533, 13, 'q9nctrmf6w', '2022-08-06 18:19:48'),
(1534, 13, 'kzv35ujr76', '2022-08-06 19:56:18'),
(1535, 13, 'bx9ilq815r', '2022-08-06 22:36:27'),
(1536, 5, 'yiq7g8mfwu', '2022-08-07 07:43:30'),
(1537, 5, '2j5scgt0x9', '2022-08-07 07:43:32'),
(1538, 5, 'rn1xom7uf0', '2022-08-07 07:43:49'),
(1539, 60, 'wnm5376bxi', '2022-08-07 09:25:16'),
(1540, 60, 'qr8ain2op3', '2022-08-07 09:29:02'),
(1541, 25, '4v91oisx3d', '2022-08-07 10:06:04'),
(1542, 26, 'apjym5bf7r', '2022-08-07 13:13:58'),
(1543, 25, '6jq2w5msck', '2022-08-07 14:01:12'),
(1544, 17, 'k5o0uf4xqg', '2022-08-07 20:06:18'),
(1545, 17, '3jpvfgerc9', '2022-08-07 20:06:19'),
(1546, 25, '3p9mxrai58', '2022-08-08 11:35:35'),
(1547, 5, 'icyjzuh87e', '2022-08-08 17:12:57'),
(1548, 5, 'ux1fthlc72', '2022-08-08 17:12:58'),
(1549, 5, 't1wgk3q94n', '2022-08-08 17:13:09'),
(1550, 14, 'wrda4yv3uh', '2022-08-08 17:44:40'),
(1551, 13, 'dvzlq873a4', '2022-08-08 17:46:30'),
(1552, 5, '1ef7ovibcn', '2022-08-08 23:07:38'),
(1553, 5, 'te8fkg09cz', '2022-08-08 23:07:39'),
(1554, 5, 't6er03z1hk', '2022-08-08 23:07:57'),
(1555, 13, 'iu5wqkeh0m', '2022-08-09 11:01:39'),
(1556, 33, 'q9z7bts0cp', '2022-08-09 17:05:23'),
(1557, 48, 'isouq4l5t1', '2022-08-10 20:47:43'),
(1558, 5, 'ifrusao2xg', '2022-08-11 12:27:30'),
(1559, 5, 'p6d5b8uhr3', '2022-08-11 12:27:31'),
(1560, 5, '43g7c98e2p', '2022-08-11 12:27:56'),
(1561, 13, '9jd78qf6v5', '2022-08-11 13:07:54'),
(1562, 17, '6zk2wxfaqt', '2022-08-11 14:24:50'),
(1563, 13, '4bgpwn7syr', '2022-08-12 18:55:44'),
(1564, 26, '593qfexvnl', '2022-08-12 19:23:19'),
(1565, 48, '6ai2txvjqo', '2022-08-13 18:24:49'),
(1566, 13, 'fnwkr34hvs', '2022-08-13 18:40:37'),
(1567, 13, 'yrtdlbgnhv', '2022-08-13 21:34:23'),
(1568, 13, 'mzst9ny5wo', '2022-08-14 09:52:45'),
(1569, 13, 'qecf0m6lwg', '2022-08-14 12:42:44'),
(1570, 33, 'sem0c8tjrf', '2022-08-14 13:40:46'),
(1571, 17, '4iluyhpecq', '2022-08-15 00:34:05'),
(1572, 17, 'l3zd1c6kb2', '2022-08-15 00:35:53'),
(1573, 17, 'xjwr7g2hbc', '2022-08-15 00:37:24'),
(1574, 17, 'kgfdwhq6c9', '2022-08-15 00:37:48'),
(1575, 17, 'tqj9cumbhr', '2022-08-15 00:38:01'),
(1576, 48, 'p8cj7sk6tf', '2022-08-15 10:43:07'),
(1577, 13, '396b7ljzw0', '2022-08-15 18:02:56'),
(1578, 5, 'p4q9ljcz8f', '2022-08-16 04:01:30'),
(1579, 5, 'elaum2jsz5', '2022-08-16 04:01:31'),
(1580, 5, 'fe0qzbdk2p', '2022-08-16 04:02:01'),
(1581, 5, 'gxpoz25a8q', '2022-08-16 04:02:32'),
(1582, 5, '5w80pymeud', '2022-08-16 11:50:11'),
(1583, 5, '1glnhjzkmc', '2022-08-16 11:50:12'),
(1584, 5, 'm98y2n5foa', '2022-08-16 11:50:12'),
(1585, 5, 'jq9t8emawg', '2022-08-16 11:50:28'),
(1586, 13, 'cryjilkqw0', '2022-08-16 13:37:39'),
(1587, 13, 'p69cdywi30', '2022-08-16 16:04:57'),
(1588, 5, 'q62oizkm31', '2022-08-16 16:22:53'),
(1589, 5, 'ibl1x0yup6', '2022-08-16 16:22:55'),
(1590, 5, '7i26csjow3', '2022-08-16 16:23:15'),
(1591, 5, 'i9fsu87ep4', '2022-08-16 16:23:54'),
(1592, 5, 'i0xz53dtpf', '2022-08-16 16:24:01'),
(1593, 5, 'pzqcwn071u', '2022-08-16 16:41:35'),
(1594, 5, 'mvaboyinjg', '2022-08-16 16:41:38'),
(1595, 5, 'fnvm30wsx8', '2022-08-16 16:42:00'),
(1596, 5, '0eg9t3fslv', '2022-08-16 16:42:11'),
(1597, 5, 'lmpbt8f4ze', '2022-08-16 16:42:16'),
(1598, 33, 'wnbxqhvmls', '2022-08-16 19:17:19'),
(1599, 13, 'ipvn3187hu', '2022-08-16 21:29:22'),
(1600, 33, 'dzn6v4ybux', '2022-08-16 21:31:23'),
(1601, 17, 'kbdqx92p3c', '2022-08-16 22:34:49'),
(1602, 5, 'm5xhze32ua', '2022-08-16 22:49:17'),
(1603, 17, 'uc8yrk4dwl', '2022-08-16 22:50:04'),
(1604, 5, 'fk1mb98wae', '2022-08-16 22:50:32'),
(1605, 17, '25neyt9rd3', '2022-08-16 23:07:36'),
(1606, 17, 'hgitlcd2p8', '2022-08-16 23:07:37'),
(1607, 47, 'qxbsfl80at', '2022-08-17 08:21:22'),
(1608, 17, 'n1elp3ujzo', '2022-08-17 10:56:58'),
(1609, 13, 'vsqgz80tx7', '2022-08-17 12:32:59'),
(1610, 25, 'ixknj5fyt6', '2022-08-17 18:16:57'),
(1611, 17, 'sqh46dgc0o', '2022-08-17 19:42:35'),
(1612, 13, 'ixd4yhb9ms', '2022-08-18 10:39:53'),
(1613, 13, '9dlvxw2ch1', '2022-08-18 10:40:23'),
(1614, 17, 'caf7ksz3gp', '2022-08-19 21:10:09'),
(1615, 17, '6jdb928chm', '2022-08-19 21:13:44'),
(1616, 26, '8clagk4shy', '2022-08-20 03:15:21'),
(1617, 52, 'phrk1qju3c', '2022-08-20 07:56:09'),
(1618, 13, 'ntobpywf79', '2022-08-20 14:14:14'),
(1619, 13, 'aln2vgridu', '2022-08-21 10:52:41'),
(1620, 13, '2qvl9exwou', '2022-08-21 11:26:30'),
(1621, 13, '0r9f42hvoy', '2022-08-21 15:43:42'),
(1622, 13, 'sl728kg3dw', '2022-08-22 08:59:52'),
(1623, 13, '8s94w0vcdf', '2022-08-22 15:17:45'),
(1624, 39, '2xr5f064q3', '2022-08-22 15:39:41'),
(1625, 13, 'r4f7un6ybm', '2022-08-22 17:34:44'),
(1626, 13, 'vqdmk5jufn', '2022-08-22 17:37:41'),
(1627, 13, 'tg28ukv3x6', '2022-08-23 09:47:27'),
(1628, 50, '3am21byni8', '2022-08-23 19:41:24'),
(1629, 13, 'b21sratx4i', '2022-08-24 20:30:18'),
(1630, 17, '1ahrk6ge54', '2022-08-24 22:18:50'),
(1631, 17, 'fpu8412dk6', '2022-08-24 22:19:21'),
(1632, 50, 'owxqgmztva', '2022-08-25 09:46:39'),
(1633, 13, '31kny5qu46', '2022-08-25 11:38:47'),
(1634, 14, 'vhts05ae3f', '2022-08-26 08:12:24'),
(1635, 13, '0j87xn6v2e', '2022-08-27 12:18:17'),
(1636, 14, '8lpoihvsxt', '2022-08-27 15:34:24'),
(1637, 14, 'byldnijugr', '2022-08-27 15:34:25'),
(1638, 26, '3xf1gcyd4l', '2022-08-27 15:34:36'),
(1639, 13, 'w4olb1hcq8', '2022-08-27 15:59:50'),
(1640, 17, 'c04iog7xfd', '2022-08-27 17:46:06'),
(1641, 17, 'oln62v7gbm', '2022-08-27 17:46:07'),
(1642, 50, 'ynf470m6h5', '2022-08-29 13:03:05'),
(1643, 17, '08vl2f95d6', '2022-08-29 23:35:31'),
(1644, 50, '63femqaxzr', '2022-08-30 09:11:26'),
(1645, 50, '5xv0aj3q8r', '2022-08-30 12:00:16'),
(1646, 17, '7nsfitygj4', '2022-08-30 12:23:58'),
(1647, 13, 'kldy0w6b91', '2022-08-31 08:18:33'),
(1648, 13, '4u6qz9fv05', '2022-08-31 16:57:03'),
(1649, 13, 'b83ao65l4u', '2022-09-01 21:10:40'),
(1650, 45, 't395lrmxw1', '2022-09-02 18:00:06'),
(1651, 50, 'hfqb1ia49w', '2022-09-03 10:59:11'),
(1652, 48, '1y84jmcat7', '2022-09-03 17:15:12'),
(1653, 13, 'edrufhgzin', '2022-09-03 23:11:14'),
(1654, 13, 'vt2ci7qkrb', '2022-09-04 06:47:17'),
(1655, 64, 'n1bum68a42', '2022-09-04 09:46:40'),
(1656, 64, 'gbfpcr940x', '2022-09-04 09:46:41'),
(1657, 50, 'kwnv9isdul', '2022-09-04 11:29:37'),
(1658, 50, '3iucrghqk6', '2022-09-05 13:49:12'),
(1659, 50, 'jimap6n2eq', '2022-09-05 18:09:21'),
(1660, 5, 'whcbeuf7z3', '2022-09-05 23:25:14'),
(1661, 5, '6qd7kmfhza', '2022-09-05 23:25:16'),
(1662, 5, '8fa0dh7wqv', '2022-09-05 23:25:26'),
(1663, 13, 'vpqlw72i4u', '2022-09-06 09:51:25'),
(1664, 50, 'l9wyiq4sgp', '2022-09-06 10:34:18'),
(1665, 13, '8go37z4paj', '2022-09-06 23:16:40'),
(1666, 13, '95j710i2l6', '2022-09-07 09:06:14'),
(1667, 50, '1kudg29by0', '2022-09-07 11:46:35'),
(1668, 66, 'm9u2v76l5x', '2022-09-07 12:21:23'),
(1669, 66, 'smy5bfwnpr', '2022-09-07 12:21:24'),
(1670, 66, '8bd4m2jqy6', '2022-09-07 15:21:12'),
(1671, 17, '95tzw0eryp', '2022-09-07 20:21:26'),
(1672, 33, 'kr9ynz2cj8', '2022-09-07 23:28:38'),
(1673, 13, 'pcvbisnmry', '2022-09-09 19:02:53'),
(1674, 67, '1pybie64da', '2022-09-12 23:17:07'),
(1675, 67, 'v0rsepy34o', '2022-09-12 23:17:08'),
(1676, 67, 'yrjm0t27kz', '2022-09-12 23:20:50'),
(1677, 67, 'yg5qrz6af7', '2022-09-12 23:26:53'),
(1678, 67, 'z64ew51dsq', '2022-09-12 23:26:54'),
(1679, 48, 'r7ctnyl4xs', '2022-09-13 13:11:44'),
(1680, 5, 'vbj8c6ok39', '2022-09-14 04:21:12'),
(1681, 5, 'x73wqkzaps', '2022-09-14 04:21:13'),
(1682, 5, 'aso3mrz8g5', '2022-09-14 04:21:16'),
(1683, 5, 'bhxq23oidf', '2022-09-14 04:21:20'),
(1684, 5, 'idfv7xnygz', '2022-09-14 04:21:31'),
(1685, 5, 'e8jyqr9h24', '2022-09-14 04:21:46'),
(1686, 5, 'ypqurtnmx4', '2022-09-14 04:21:54'),
(1687, 5, 'tgrl86va5f', '2022-09-14 04:22:58'),
(1688, 5, 'qwcmdonh6v', '2022-09-14 06:11:33'),
(1689, 5, 'gf1yxohe5t', '2022-09-14 06:11:35'),
(1690, 5, '3mbw84czx0', '2022-09-14 06:11:40'),
(1691, 5, 'wsvco8ubhp', '2022-09-14 06:11:50'),
(1692, 5, 'nvyxjismpk', '2022-09-14 06:27:59'),
(1693, 5, 'wf8kyliqag', '2022-09-14 06:28:01'),
(1694, 5, '1izwonmphu', '2022-09-14 06:28:11'),
(1695, 5, 'go95axt7ml', '2022-09-14 06:29:17'),
(1696, 5, 'wdfgvnu516', '2022-09-14 07:18:03'),
(1697, 5, 'nw4tqkh512', '2022-09-14 07:18:04'),
(1698, 5, 'm4nto9lawi', '2022-09-14 07:18:14'),
(1699, 13, 'fhacyv5z0r', '2022-09-14 11:55:40'),
(1700, 55, 'ez8lvdtyab', '2022-09-15 09:41:15'),
(1701, 32, '8qbytd2xpo', '2022-09-15 13:11:28'),
(1702, 32, '7k06lw5a3z', '2022-09-15 13:11:29'),
(1703, 39, 'n7102djaqi', '2022-09-15 15:29:35'),
(1704, 39, '9an8gmqu0y', '2022-09-15 16:26:04'),
(1705, 48, 'rbh6jspizo', '2022-09-15 20:46:54'),
(1706, 48, 'causx5890r', '2022-09-15 20:47:23'),
(1707, 13, 'b9vxduqlph', '2022-09-15 20:47:50'),
(1708, 5, 'aot7xcu0l8', '2022-09-15 23:44:42'),
(1709, 5, '3us2m9vdol', '2022-09-15 23:44:45'),
(1710, 5, '1lya57dhkq', '2022-09-15 23:45:04'),
(1711, 13, '4cj8qb1kiw', '2022-09-16 16:15:00'),
(1712, 25, 'sc315d9gwo', '2022-09-16 19:10:04'),
(1713, 48, '2fmug6rceb', '2022-09-17 17:38:18'),
(1714, 48, 'n2soewc1fk', '2022-09-17 17:38:43'),
(1715, 64, 'znt8uxa9fp', '2022-09-19 11:06:25'),
(1716, 13, 'iebu3a7q2p', '2022-09-19 11:27:28'),
(1717, 13, 'ztj0xqe2yp', '2022-09-19 16:07:43'),
(1718, 50, 'abu7z5vwi8', '2022-09-19 18:50:05'),
(1719, 13, 'wx0q4265hu', '2022-09-19 23:11:04'),
(1720, 13, 'xsgf7c1ju8', '2022-09-20 08:28:52'),
(1721, 13, 'qtuv4pefn7', '2022-09-20 17:41:45'),
(1722, 50, 'oycn6i1re8', '2022-09-21 15:50:12'),
(1723, 25, 'sdeyt46wnr', '2022-09-21 20:32:07'),
(1724, 25, 'lv62jyq85k', '2022-09-22 18:40:17'),
(1725, 13, '30954qfjh2', '2022-09-22 20:21:38'),
(1726, 13, '3i425mo9w7', '2022-09-24 09:24:43'),
(1727, 13, 't7co9vuf5j', '2022-09-24 22:33:57'),
(1728, 13, '4oaxvbl9e0', '2022-09-25 11:07:54'),
(1729, 14, 'dzr8hgftmk', '2022-09-25 12:24:08'),
(1730, 14, 'r1mexhz832', '2022-09-25 12:24:09'),
(1731, 47, 'o7zw50muqj', '2022-09-26 06:53:30'),
(1732, 14, 'v3zkc1jdoq', '2022-09-29 10:30:43'),
(1733, 50, '1kcir24a7n', '2022-09-29 11:36:22'),
(1734, 26, 'hi2srxgzfp', '2022-09-29 12:07:54'),
(1735, 13, 'gjei0zfklw', '2022-09-30 13:03:52'),
(1736, 50, 'qbgtespu89', '2022-10-01 09:47:55'),
(1737, 48, 'yomcu80i5g', '2022-10-01 11:54:31'),
(1738, 48, 'hgtk7vw2py', '2022-10-03 21:20:55'),
(1739, 50, 'spb390toyf', '2022-10-04 10:50:47'),
(1740, 50, 'kcdrjnlm4z', '2022-10-04 23:22:00'),
(1741, 25, 'kwys041ot2', '2022-10-05 18:32:07'),
(1742, 14, 'gsh1c4ienl', '2022-10-06 10:03:12'),
(1743, 33, 'wdjsq30or4', '2022-10-07 08:28:35'),
(1744, 13, 'kdm2bth54s', '2022-10-09 14:57:01'),
(1745, 13, 'tr67wkylc9', '2022-10-10 09:45:24'),
(1746, 48, '2wdcvskpjf', '2022-10-10 12:19:37'),
(1747, 14, 'oucwxz49vn', '2022-10-11 20:06:51'),
(1748, 17, 'iwrgd5hy6q', '2022-10-12 00:26:50'),
(1749, 17, 'a453x8y0rf', '2022-10-12 00:27:11'),
(1750, 13, 'oy0imprbte', '2022-10-12 09:13:44'),
(1751, 13, '0u2awg8evj', '2022-10-13 07:17:26'),
(1752, 48, 'tzb3vdgaeo', '2022-10-13 23:34:53'),
(1753, 48, 'ydrnsc19xi', '2022-10-14 14:21:02'),
(1754, 13, '6j5y8z3qe2', '2022-10-16 11:54:07'),
(1755, 13, 'fjclu57woz', '2022-10-17 08:33:57'),
(1756, 5, '9m1ykudarx', '2022-10-19 23:12:27'),
(1757, 5, 'ymzkjnao2c', '2022-10-19 23:12:28'),
(1758, 5, 'vedpghzf4j', '2022-10-19 23:13:06'),
(1759, 50, 'fbsi1qlcmy', '2022-10-22 14:39:43'),
(1760, 50, '0ycwb7zp23', '2022-10-22 14:40:53'),
(1761, 50, 'ul4ymx3i9c', '2022-10-22 14:41:37'),
(1762, 69, 'jtfxv6agqk', '2022-10-22 21:59:52'),
(1763, 69, 'ros2ay1h7u', '2022-10-22 21:59:53'),
(1764, 5, 'l1wgfmza2c', '2022-10-23 00:47:08'),
(1765, 5, 'zh1ti6pg4c', '2022-10-23 00:47:10'),
(1766, 5, 'tn9iedwf6b', '2022-10-23 00:47:26'),
(1767, 5, '2yx6h8pc9r', '2022-10-23 00:49:13'),
(1768, 5, 'cljt0kqrns', '2022-10-23 00:49:21'),
(1769, 13, 'p0i6th3eky', '2022-10-23 08:55:56'),
(1770, 33, 'z8eip5lyt2', '2022-10-24 09:03:02'),
(1771, 33, 'jtnsxrizl6', '2022-10-24 09:03:15'),
(1772, 33, 'btc4yua1dn', '2022-10-24 09:07:11'),
(1773, 5, 'hfq1zlu2r3', '2022-10-25 11:11:59'),
(1774, 5, 'ogdxsmaqb1', '2022-10-25 11:12:01'),
(1775, 5, 'y3t6oevskd', '2022-10-25 11:12:02'),
(1776, 5, '30d79zs6e4', '2022-10-25 11:12:22'),
(1777, 13, '5h9kyf2jqu', '2022-10-27 14:12:48'),
(1778, 5, 'odutxfsa6h', '2022-10-27 23:34:07'),
(1779, 5, 'hsv3royx9a', '2022-10-27 23:34:09'),
(1780, 5, 'vp6onumgkc', '2022-10-27 23:34:40'),
(1781, 5, '37ldof0n6j', '2022-10-27 23:36:25'),
(1782, 5, 'w3qku8a6nr', '2022-10-27 23:36:57'),
(1783, 5, 'qku9iz1co6', '2022-10-29 19:36:01'),
(1784, 5, 'xc207psnoy', '2022-10-29 19:36:04'),
(1785, 5, 'p84wbiz5k2', '2022-10-29 19:36:04'),
(1786, 5, 'pht8gq039k', '2022-10-29 19:36:26'),
(1787, 5, 'vcxsot0adf', '2022-10-29 19:36:30'),
(1788, 48, 'dmx3zuhklv', '2022-10-30 21:43:08'),
(1789, 14, 'zxlyeh0wtf', '2022-10-31 09:12:27'),
(1790, 36, '0tr1g3qo7y', '2022-11-02 23:53:03'),
(1791, 48, '0cbtvsd1op', '2022-11-04 14:43:47'),
(1792, 14, 'amiy0vu3wp', '2022-11-05 09:54:33'),
(1793, 5, 'dkrxa4lv8f', '2022-11-06 23:31:15'),
(1794, 5, '5utrzf9k0g', '2022-11-06 23:31:16'),
(1795, 5, 'fylzr2q7ox', '2022-11-06 23:31:30'),
(1796, 5, 'p31xiyzt8r', '2022-11-06 23:33:12'),
(1797, 5, '24l7uhfqa3', '2022-11-06 23:33:14'),
(1798, 5, 'mirkpg7dln', '2022-11-06 23:33:22'),
(1799, 5, '1sgzfy6brq', '2022-11-06 23:33:30'),
(1800, 14, 'r4m8uy9x7w', '2022-11-07 14:09:08'),
(1801, 14, 'v170nklyxi', '2022-11-07 14:09:16'),
(1802, 13, '4ys86qb1lz', '2022-11-08 15:42:46'),
(1803, 48, 'cjyhtx4e51', '2022-11-09 13:04:38'),
(1804, 26, '2ian1oz790', '2022-11-10 04:10:39'),
(1805, 13, 'fb7s82czi0', '2022-11-10 15:05:10'),
(1806, 33, 'b63159p0xz', '2022-11-11 07:32:33'),
(1807, 48, 'fugs3r8n5t', '2022-11-13 23:52:52'),
(1808, 39, 'poeav9i6j1', '2022-11-16 15:34:01'),
(1809, 17, 'olwh347ura', '2024-03-14 19:33:02'),
(1810, 4, '8roqa53xhn', '2024-03-15 11:35:52'),
(1811, 4, 'j1d6u2h9o8', '2024-03-15 11:35:53'),
(1812, 4, 'ko3lyij427', '2024-03-15 11:37:04'),
(1813, 4, '40z3pr85u1', '2024-03-15 11:59:20'),
(1814, 4, 'qagtph6run', '2024-03-17 12:28:42'),
(1815, 4, '0snc1vl6x3', '2024-03-17 12:28:42'),
(1816, 17, 'fhi2mzgrv7', '2024-03-17 12:38:17'),
(1817, 4, 'auq1ompght', '2024-03-17 12:47:49'),
(1818, 4, '2jxnqmurcz', '2024-03-17 12:47:50'),
(1819, 4, 'zi2gp7a69u', '2024-03-17 13:06:39'),
(1820, 4, 'g2rpluz4h1', '2024-03-17 13:06:40'),
(1821, 4, 'ilju85a7qg', '2024-03-17 13:17:37'),
(1822, 4, 'segt5wf9ck', '2024-03-17 13:17:38'),
(1823, 4, '7h2pmugr3t', '2024-03-17 13:21:31'),
(1824, 4, 'o0s14xkimh', '2024-03-17 13:21:32'),
(1825, 4, 'z9au4qverb', '2024-03-17 13:25:38'),
(1826, 4, 'w2xl53o8j1', '2024-03-17 13:25:39'),
(1827, 4, '26tvocrz0m', '2024-03-17 13:39:25'),
(1828, 4, 'ensv91bpow', '2024-03-17 13:39:26'),
(1829, 4, '2kea9sjh4y', '2024-03-17 14:00:00'),
(1830, 4, 'dz0mbi4j29', '2024-03-17 14:00:01'),
(1831, 4, '1vfa6xtqc3', '2024-03-17 14:09:02'),
(1832, 4, '8w6h27gijc', '2024-03-17 14:09:02'),
(1833, 4, '4iv9x6kmgn', '2024-03-17 14:09:03'),
(1834, 4, 'eslxbrt4ih', '2024-03-17 14:09:03'),
(1835, 4, 'l9wdxuap0n', '2024-03-17 14:13:58'),
(1836, 4, 'y8eaxt516p', '2024-03-17 14:13:59'),
(1837, 4, 'z0d4sjtp2f', '2024-03-17 15:03:34'),
(1838, 4, 'mti90jrue5', '2024-03-17 15:05:26'),
(1839, 4, '9eh2bn6xus', '2024-03-17 15:10:54'),
(1840, 4, 't4v86ru1yi', '2024-03-17 15:13:30'),
(1841, 4, 'nyk1qesxpg', '2024-03-17 15:15:26'),
(1842, 4, 'xejkilncbr', '2024-03-17 15:16:38'),
(1843, 4, '6tiuaxmejy', '2024-03-17 15:26:03'),
(1844, 4, 'enmt3l8pwc', '2024-03-17 17:13:43'),
(1845, 4, 'x132u7ntmc', '2024-03-17 17:13:45'),
(1846, 4, 'a6sm3z02ki', '2024-03-17 17:19:00'),
(1847, 4, '4v70fkxz3g', '2024-03-17 17:21:07'),
(1848, 4, 'h7ebqid5tu', '2024-03-17 17:27:07'),
(1849, 4, '79fhju2btq', '2024-03-17 17:30:58'),
(1850, 4, '6ji2wns7ya', '2024-03-17 17:41:39'),
(1851, 4, '2y3t0c9anb', '2024-03-17 17:53:51'),
(1852, 4, 'dxau1rbl63', '2024-03-17 17:54:43'),
(1853, 4, 'lix61anc9d', '2024-03-17 18:05:28'),
(1854, 4, 'q60eht8csw', '2024-03-17 18:13:02'),
(1855, 4, 'oh5t0s6q3y', '2024-03-17 18:13:04'),
(1856, 4, 'sxpaf7kwid', '2024-03-17 18:20:45'),
(1857, 4, 'g261uvx0pz', '2024-03-17 18:20:51'),
(1858, 4, 'qpecuhsk03', '2024-03-17 18:26:03'),
(1859, 4, 'z9j1wtu34k', '2024-03-17 18:27:04'),
(1860, 4, '8nsh1azufq', '2024-03-17 18:37:16'),
(1861, 4, '26g7vrzm54', '2024-03-17 18:40:54'),
(1862, 4, 'qxvzep96ig', '2024-03-17 18:43:03'),
(1863, 4, 'dol2hsm0nw', '2024-03-17 19:15:19'),
(1864, 4, '16ry3qib0c', '2024-03-17 19:18:31'),
(1865, 4, 'ki8q3ayeu0', '2024-03-17 19:22:14'),
(1866, 4, 'mv7y5lojnu', '2024-03-17 19:22:51'),
(1867, 4, 'mdeopuwr81', '2024-03-17 19:24:44'),
(1868, 4, 'lsfc80n1pm', '2024-03-17 19:26:38'),
(1869, 4, 'bmvzu2klc1', '2024-03-17 21:48:44'),
(1870, 4, 'a1f40sgb3h', '2024-03-17 22:09:12'),
(1871, 4, 'cwyijahfgv', '2024-03-17 22:09:13'),
(1872, 4, 'ys0jb9z31w', '2024-03-18 10:00:09'),
(1873, 4, 'l5axb2pud4', '2024-03-18 10:00:10'),
(1874, 71, 'nkl3pquvfi', '2024-03-18 11:21:38'),
(1875, 71, '4rocnhbedg', '2024-03-18 11:21:39'),
(1876, 71, 'xc3nkp6q4r', '2024-03-18 11:24:05'),
(1877, 71, 'xd294kis6b', '2024-03-18 11:24:25'),
(1878, 71, '37g8c40jd6', '2024-03-18 11:24:43'),
(1879, 71, 'w7bt1iuokz', '2024-03-18 11:24:56'),
(1880, 71, '1q0dxv3hcr', '2024-03-18 11:26:56'),
(1881, 71, '08qtdyxn3h', '2024-03-18 11:27:22'),
(1882, 71, '0s98xin4ge', '2024-03-18 11:29:43'),
(1883, 77, 'kn8jp14b07', '2024-03-18 12:23:50'),
(1884, 77, '821v6mec9a', '2024-03-18 12:23:50'),
(1885, 77, '3lojvgcmku', '2024-03-18 12:24:42'),
(1886, 77, 'rqzi4lmw76', '2024-03-18 12:25:48'),
(1887, 77, 'xdci69u2o1', '2024-03-18 12:27:17'),
(1888, 77, 'vh27b4fpla', '2024-03-18 12:27:18'),
(1889, 77, 'ebfqc8tl1x', '2024-03-18 12:27:18'),
(1890, 78, 'gs7o3amctd', '2024-03-18 12:28:11'),
(1891, 78, '58kuos26x0', '2024-03-18 12:28:11'),
(1892, 78, 'j3yfomcr6k', '2024-03-18 12:28:22'),
(1893, 78, 'gq7spj2bun', '2024-03-18 12:44:18'),
(1894, 78, 'nvbxqgl2y7', '2024-03-18 12:45:28'),
(1895, 78, 'ra8q5ebkz4', '2024-03-18 12:46:40'),
(1896, 78, 'xe8orfh6j3', '2024-03-18 12:48:18'),
(1897, 71, 'yp74t1qawf', '2024-03-19 15:47:01'),
(1898, 4, 'dnioblvgj9', '2024-03-19 17:19:23'),
(1899, 4, 'sxoaivzeck', '2024-03-19 17:19:23'),
(1900, 4, 'zjv0wp42ad', '2024-03-19 17:20:31'),
(1901, 4, 'm0tya5ezvn', '2024-03-19 17:20:31'),
(1902, 71, 'gh4vicrzbp', '2024-03-19 17:56:55'),
(1903, 71, 'mc5dev9u2f', '2024-03-19 18:07:57'),
(1904, 71, 'dk91rthufb', '2024-03-19 18:07:58'),
(1905, 71, '4dgl7f3rtn', '2024-03-19 18:09:16'),
(1906, 4, '10orkxsfyc', '2024-03-19 18:17:47'),
(1907, 4, '1phy2wlvda', '2024-03-19 18:21:11'),
(1908, 4, 'j8rbxav9zw', '2024-03-20 11:01:01'),
(1909, 4, '7zpyowvn6u', '2024-03-20 14:13:38'),
(1910, 4, 'kl5awdncs4', '2024-03-20 17:09:44'),
(1911, 4, 'gz2i1moepl', '2024-03-20 17:14:37'),
(1912, 4, 'b1p5fl3m0w', '2024-03-20 17:15:06'),
(1913, 71, 'g2ro3nue56', '2024-03-20 17:25:45'),
(1914, 71, 'jmkge53z9n', '2024-03-20 17:28:13'),
(1915, 71, 'oqfy915820', '2024-03-20 17:28:13'),
(1916, 71, 'v5rbx7wqh3', '2024-03-20 17:31:52'),
(1917, 4, 'ipbmzc36re', '2024-03-21 10:48:24'),
(1918, 4, '34bvjzykf7', '2024-03-21 10:48:35'),
(1919, 4, 'co8d6ghiv9', '2024-03-21 11:05:40'),
(1920, 4, '8lpv2oqfbx', '2024-03-21 17:08:51'),
(1921, 4, '2bm7q0di9v', '2024-03-21 17:30:06'),
(1922, 4, 'p69x7dnig8', '2024-03-21 20:07:42'),
(1923, 4, 'wqp2t0cehj', '2024-03-21 20:07:44'),
(1924, 4, 'sl5n6hevf2', '2024-03-22 09:48:48'),
(1925, 4, 'mla4d0rypu', '2024-03-22 10:07:35'),
(1926, 4, '9qkic4bvah', '2024-03-22 10:19:09'),
(1927, 4, '3c1oqraen0', '2024-03-22 10:20:12'),
(1928, 4, 'jaw3pxr26m', '2024-03-22 10:23:11'),
(1929, 4, 'lky3hjnpi6', '2024-03-22 10:26:59'),
(1930, 4, 'qbi103ltmu', '2024-03-22 10:33:58'),
(1931, 4, 'q13hkvuinr', '2024-03-22 10:36:35'),
(1932, 4, 'gkoyb1e09t', '2024-03-22 10:38:39'),
(1933, 4, 'dmy7ubnh42', '2024-03-22 10:39:16'),
(1934, 4, 'tdc095bl8u', '2024-03-22 10:56:40'),
(1935, 4, 'ftar1z37pj', '2024-03-22 10:59:07'),
(1936, 4, 'af6t41dys5', '2024-03-22 11:38:25'),
(1937, 4, 'sk3atwehfb', '2024-03-22 11:41:12'),
(1938, 4, 'wvinqtpxro', '2024-03-22 14:20:26'),
(1939, 17, 'izchw0nsod', '2024-03-22 14:23:59'),
(1940, 17, 's32n0y9fbw', '2024-03-22 14:23:59'),
(1941, 17, '6bs7anwk2m', '2024-03-22 14:23:59'),
(1942, 17, '60bqug1hm2', '2024-03-22 14:24:04'),
(1943, 17, '1wkdbetqpy', '2024-03-22 14:30:52'),
(1944, 17, 'u05e8fzdtj', '2024-03-22 14:32:47'),
(1945, 17, '2ngkurtj5m', '2024-03-22 14:43:54'),
(1946, 17, 'ahingk04yc', '2024-03-22 14:44:18'),
(1947, 17, 'xmnwcf32io', '2024-03-22 14:49:13'),
(1948, 17, 'tvmglbiz9n', '2024-03-22 15:04:51'),
(1949, 17, '2ivwtnl9dc', '2024-03-22 15:09:31'),
(1950, 17, 'lgt48z23n7', '2024-03-22 15:11:48'),
(1951, 17, '6835ejfsml', '2024-03-22 15:12:00'),
(1952, 17, '42whuzxpq9', '2024-03-22 15:31:43'),
(1953, 17, '42igk8zvac', '2024-03-22 17:17:23'),
(1954, 17, 'jt0wxqfrn5', '2024-03-22 17:21:49'),
(1955, 83, '30jsuvogfk', '2024-03-22 18:56:01'),
(1956, 83, 'mdigunf5rt', '2024-03-22 18:56:02'),
(1957, 83, 'ac5nhk7m12', '2024-03-22 18:57:58'),
(1958, 78, 'r27mjzh8u3', '2024-03-22 18:58:24'),
(1959, 83, '2tb6g0cun8', '2024-03-22 19:00:56'),
(1960, 83, 'bcfmpw4ray', '2024-03-22 19:01:54'),
(1961, 83, 'xuwzcofv7e', '2024-03-22 19:10:42'),
(1962, 78, 'oyxr5d980q', '2024-03-22 19:47:39'),
(1963, 87, 'rf2tl80ka3', '2024-03-22 20:01:18'),
(1964, 87, 'qg4i8pcnxz', '2024-03-22 20:01:19'),
(1965, 87, 'nh2pwrzcab', '2024-03-22 20:01:39'),
(1966, 78, 'swckzq3bx2', '2024-03-22 20:01:42'),
(1967, 87, 't5xuh12mnz', '2024-03-22 20:03:57'),
(1968, 89, 'mrh850436t', '2024-03-22 23:04:50'),
(1969, 89, '3z4t0kv5wp', '2024-03-22 23:04:50'),
(1970, 89, 'yi1w90z5kq', '2024-03-22 23:04:50'),
(1971, 89, 'bprofu1lij', '2024-03-22 23:05:23'),
(1972, 89, 'hygtne6wb8', '2024-03-22 23:08:37'),
(1973, 89, '53iwsftzcg', '2024-03-22 23:09:08'),
(1974, 89, 'kjanetxzvr', '2024-03-22 23:10:30'),
(1975, 89, '9jimhluewr', '2024-03-22 23:11:10'),
(1976, 89, 'taf7jqry5e', '2024-03-22 23:11:21'),
(1977, 89, '9ur5x3am7h', '2024-03-22 23:11:21'),
(1978, 89, '7cf94v56it', '2024-03-22 23:11:46'),
(1979, 89, 'jv2pkohny5', '2024-03-22 23:12:43'),
(1980, 89, 'p0hrogf3t9', '2024-03-22 23:12:47'),
(1981, 89, 'ol7w1zdr9t', '2024-03-22 23:12:48'),
(1982, 89, 't5u82vhiwz', '2024-03-22 23:13:26'),
(1983, 89, 'hvprmyxzfn', '2024-03-22 23:15:36'),
(1984, 90, '5mdncuy9lj', '2024-03-23 22:19:40'),
(1985, 90, 'rqlytk0pmx', '2024-03-23 22:19:40'),
(1986, 90, '40qfab1txk', '2024-03-23 22:23:13'),
(1987, 90, 'prlqncau21', '2024-03-24 04:26:43'),
(1988, 91, '3hnliwm57e', '2024-03-24 22:38:18'),
(1989, 91, 'uel28zgnqm', '2024-03-24 22:38:19'),
(1990, 91, 'y5zxj6dm7b', '2024-03-24 22:38:59'),
(1991, 92, '1r5py8izkc', '2024-03-25 08:04:29'),
(1992, 92, 'majkit0dx3', '2024-03-25 08:04:30'),
(1993, 92, 'qe1c9k328t', '2024-03-25 08:04:30'),
(1994, 17, 'q0rhijle4z', '2024-03-25 21:34:55'),
(1995, 17, 'ywmujvsdxf', '2024-03-25 21:34:55'),
(1996, 17, '3g0ruh17wy', '2024-03-25 21:50:13'),
(1997, 17, 'rkdfhsjco4', '2024-03-25 21:50:26'),
(1998, 89, 'j518vswknt', '2024-03-26 09:56:54'),
(1999, 89, 'y5jd8rkbqe', '2024-03-26 10:35:33'),
(2000, 87, 'jx2c49hlyf', '2024-03-26 10:36:47'),
(2001, 87, 'whr3b8zq1f', '2024-03-26 10:38:09'),
(2002, 87, '4dc2pega13', '2024-03-26 10:38:34'),
(2003, 89, 'n8ie5b0o1m', '2024-03-26 10:40:13'),
(2004, 78, 'cd47iohjyu', '2024-03-26 10:42:27'),
(2005, 87, '6f3wmdt79i', '2024-03-26 10:42:30'),
(2006, 87, '137ygdk2c9', '2024-03-26 10:42:52'),
(2007, 87, 'kqx1djr49f', '2024-03-26 10:43:00'),
(2008, 87, 'fwq98x2umk', '2024-03-26 10:43:05'),
(2009, 89, 'dp6e0t5uy1', '2024-03-26 10:44:33'),
(2010, 78, 'hqkoi03lgp', '2024-03-26 10:46:48'),
(2011, 89, 'y420mq6x5l', '2024-03-26 10:50:03'),
(2012, 78, 'zacmluktg3', '2024-03-26 10:50:15'),
(2013, 89, '7soj6b24ze', '2024-03-26 10:50:15'),
(2014, 89, '8xaizvsmdb', '2024-03-26 10:52:29'),
(2015, 78, '74eyti1bwa', '2024-03-26 10:59:13'),
(2016, 89, 'z3gifukc4q', '2024-03-26 10:59:16'),
(2017, 89, 't3f7oacnvz', '2024-03-26 10:59:38'),
(2018, 89, '9uhtqlemg7', '2024-03-26 11:01:02'),
(2019, 87, 'vl70f9nxip', '2024-03-26 11:04:22'),
(2020, 89, 'zv9qprcol3', '2024-03-26 11:06:08'),
(2021, 89, 'q5oi4b9y17', '2024-03-26 11:09:21'),
(2022, 89, '7qmbj8lvuf', '2024-03-26 11:13:00'),
(2023, 89, 'ue8rtjl2ka', '2024-03-26 11:13:00'),
(2024, 89, 's2unkegywx', '2024-03-26 11:14:47'),
(2025, 89, 'vhaqs8uk61', '2024-03-26 11:29:35'),
(2026, 89, 'e5vn0oyg49', '2024-03-26 12:25:43'),
(2027, 87, '8t609vrg3h', '2024-03-26 12:34:56'),
(2028, 87, 'xukjtwe5hc', '2024-03-26 12:35:03'),
(2029, 87, 'nphdmroa7y', '2024-03-26 12:35:15'),
(2030, 87, '068pz5coej', '2024-03-26 12:35:19'),
(2031, 89, 'puoxnkba51', '2024-03-26 12:35:19'),
(2032, 87, 'hfmp16rlto', '2024-03-26 12:38:02'),
(2033, 87, 'hia785xycl', '2024-03-26 12:40:09'),
(2034, 78, 'hat26p51wn', '2024-03-26 12:41:23'),
(2035, 87, '37y4cpgkwx', '2024-03-26 12:42:34'),
(2036, 87, 'ljyr2ef5zd', '2024-03-26 12:46:50'),
(2037, 78, 'dbx9ul3y4e', '2024-03-26 12:47:23'),
(2038, 87, 'etl6aur2dv', '2024-03-26 12:48:10'),
(2039, 92, 'blzh42soq9', '2024-03-26 13:11:32'),
(2040, 92, 'p2jnrlm1ka', '2024-03-26 13:12:04'),
(2041, 92, 'o5bx897vp0', '2024-03-26 13:14:58'),
(2042, 92, 'moxegcwyn3', '2024-03-26 13:17:31'),
(2043, 92, 'bzp59q61cl', '2024-03-26 13:17:49'),
(2044, 89, 'cgpej75naw', '2024-03-26 14:57:00'),
(2045, 87, '3hrpxadu59', '2024-03-26 15:25:42'),
(2046, 87, '05d2mgnsq9', '2024-03-26 15:39:38'),
(2047, 87, 'y61jx5749d', '2024-03-26 15:48:30'),
(2048, 87, 'byrujk5pze', '2024-03-26 15:48:41'),
(2049, 87, 'za7q3rdboy', '2024-03-26 16:10:38'),
(2050, 87, 'op7816qydx', '2024-03-26 18:47:54'),
(2051, 87, 'j7klohz4dw', '2024-03-26 18:49:57'),
(2052, 89, '4m83bgd5r1', '2024-03-26 19:07:58'),
(2053, 89, '9zwi4uosxl', '2024-03-26 19:09:22'),
(2054, 89, 'n28lgoti74', '2024-03-26 19:09:23'),
(2055, 89, 'o6y8qv4l0h', '2024-03-26 19:11:05'),
(2056, 89, 'k695q8tgxm', '2024-03-26 19:15:45'),
(2057, 89, '4ibdo6wm8q', '2024-03-26 19:23:01'),
(2058, 97, '0h92zqg6op', '2024-03-26 19:24:10'),
(2059, 97, 'ohmknglx25', '2024-03-26 19:24:10'),
(2060, 97, '9ko1sjbwde', '2024-03-26 19:24:26'),
(2061, 98, 'x3wzij924u', '2024-03-26 19:25:19'),
(2062, 98, 'lf2kb7newd', '2024-03-26 19:25:20'),
(2063, 89, '9un2bwfvy1', '2024-03-26 19:26:16'),
(2064, 98, 'aetg6vzrns', '2024-03-26 19:27:42'),
(2065, 89, '0kvtb3fans', '2024-03-26 19:27:53'),
(2066, 89, 'g9sheamzfq', '2024-03-26 19:28:38'),
(2067, 78, 'p4e2cusbmx', '2024-03-26 19:29:42'),
(2068, 89, 'fzuoan5qd0', '2024-03-26 19:30:08'),
(2069, 78, 'bu43s5o08l', '2024-03-26 19:30:39'),
(2070, 78, 'fsro048mx5', '2024-03-26 19:31:35'),
(2071, 100, '6jrxey28ws', '2024-03-26 19:32:28'),
(2072, 100, 'gl26takyfj', '2024-03-26 19:32:29'),
(2073, 89, 'letqn52017', '2024-03-26 19:32:32'),
(2074, 89, 'mthqxoa6bp', '2024-03-26 19:33:34'),
(2075, 89, 'cbd1gvqltr', '2024-03-26 19:33:35'),
(2076, 89, 'r9pkq6onfy', '2024-03-26 19:34:02'),
(2077, 100, 'cm0d3oklne', '2024-03-26 19:35:05'),
(2078, 89, 'sz4k6pmf8i', '2024-03-26 19:35:09'),
(2079, 17, '59y8ukc7ix', '2024-03-28 13:54:35'),
(2080, 89, 'hvr41bjd92', '2024-03-28 15:52:35'),
(2081, 17, 'chid4xwuvz', '2024-03-28 18:04:15'),
(2082, 17, 'cjrp1gli7z', '2024-03-28 18:06:10'),
(2083, 17, '7vqawnpr60', '2024-03-28 18:06:11'),
(2084, 17, '3e8j1h70d5', '2024-04-01 21:01:57'),
(2085, 17, 'cal0f1gzrh', '2024-04-01 21:01:58'),
(2086, 17, '96j7al2pqv', '2024-04-02 20:39:22'),
(2087, 17, '9z8n3bawmx', '2024-04-02 20:39:24'),
(2088, 17, 'grwe6ftcb1', '2024-04-02 21:55:26'),
(2089, 17, 'ifjwpb5xk7', '2024-04-02 22:01:14'),
(2090, 17, 'svpc72o1gl', '2024-04-02 22:15:11'),
(2091, 17, '4ncd9fv5ql', '2024-04-03 06:56:47'),
(2092, 17, '9zag6sim13', '2024-04-03 07:11:40'),
(2093, 17, 'g7btop6lkj', '2024-04-03 08:13:42'),
(2094, 17, 'wis4haquky', '2024-04-03 08:16:09'),
(2095, 17, 'hzl9vtcrau', '2024-04-03 08:17:36'),
(2096, 17, 'mb62cja4f8', '2024-04-03 08:20:47'),
(2097, 17, 'q240kdm8ec', '2024-04-03 08:23:18'),
(2098, 17, '9vhfqsmp6z', '2024-04-05 10:33:12'),
(2099, 17, 'g5m6s1cb07', '2024-04-05 10:33:12'),
(2100, 17, 'g75136lkaz', '2024-04-05 10:42:14'),
(2101, 17, '2y7fcpt1r5', '2024-04-05 10:54:49'),
(2102, 17, 'pco1lumdw5', '2024-04-05 12:19:55'),
(2103, 17, '7l4d0vwbto', '2024-04-05 12:29:00'),
(2104, 17, '8hpmf1i6ol', '2024-04-05 12:30:30'),
(2105, 17, 'bxl1ngejp7', '2024-04-05 14:52:40'),
(2106, 17, '5pwacg4o31', '2024-04-05 15:07:38'),
(2107, 17, '9oaxr5bc1n', '2024-04-05 16:01:00'),
(2108, 17, '5ogtwc8pse', '2024-04-05 16:06:55'),
(2109, 17, 'r9bxzldqme', '2024-04-05 16:47:29'),
(2110, 17, 'g6w4p301so', '2024-04-05 16:54:00'),
(2111, 17, 'dqgtvx94yr', '2024-04-05 17:05:15'),
(2112, 17, 'x8bic6mk4s', '2024-04-05 17:46:26'),
(2113, 17, 'm2g7zhx93r', '2024-04-05 17:53:37'),
(2114, 17, 'xekalpgyus', '2024-04-05 17:55:05'),
(2115, 17, 'c2mgbh19l6', '2024-04-05 17:56:50'),
(2116, 17, 'wcuikr5xhy', '2024-04-05 18:00:21'),
(2117, 17, 'uanbljd9mw', '2024-04-05 18:02:10'),
(2118, 17, 'iyphbxf102', '2024-04-05 18:03:40'),
(2119, 17, 'r2g7ptj31b', '2024-04-05 18:08:41'),
(2120, 17, 'k72vadcn31', '2024-04-05 18:09:06'),
(2121, 17, 'faiklp36vb', '2024-04-05 18:12:08'),
(2122, 17, 'nbed0twkxc', '2024-04-05 18:15:46'),
(2123, 17, 'tw0fuq4xgy', '2024-04-05 18:18:17'),
(2124, 17, 'hu4k07lbza', '2024-04-05 19:53:49'),
(2125, 17, 'oudacz5e6m', '2024-04-05 19:53:51'),
(2126, 17, 'yzn4ji19q2', '2024-04-05 19:56:30'),
(2127, 17, 'xtm8ki7egb', '2024-04-05 20:10:34'),
(2128, 17, '3t0dcw8j7n', '2024-04-05 20:16:41'),
(2129, 17, '9ewvkbg85s', '2024-04-05 20:37:54'),
(2130, 17, '7en4290qbl', '2024-04-05 20:39:59'),
(2131, 17, 'nm5t6l0gvq', '2024-04-05 20:50:07'),
(2132, 17, 'nhc3s9lmj7', '2024-04-05 22:26:02'),
(2133, 17, 'k1t7q6axrj', '2024-04-05 22:27:45'),
(2134, 17, '9hycagq6dj', '2024-04-05 22:39:53'),
(2135, 17, '6boehlwx0v', '2024-04-05 22:40:44'),
(2136, 17, 'javl1ogwn0', '2024-04-07 13:33:37'),
(2137, 17, '1nhpd2gmvf', '2024-04-07 13:37:51'),
(2138, 17, '9exi8m0sbz', '2024-04-07 13:37:52'),
(2139, 17, '568gmt7khi', '2024-04-07 13:56:23'),
(2140, 17, '0c9zs643ta', '2024-04-07 13:56:50'),
(2141, 17, 'dzcgb9o368', '2024-04-07 13:57:39'),
(2142, 17, '5kivqef7g4', '2024-04-10 10:04:25'),
(2143, 17, '6p0vtdo814', '2024-04-10 10:04:25'),
(2144, 17, '14cfk5xtwy', '2024-04-10 10:22:47'),
(2145, 17, 'trdib4fc6v', '2024-04-10 10:31:17'),
(2146, 17, 'frb6pdwymz', '2024-04-10 10:42:24'),
(2147, 17, 'ubls8gqzko', '2024-04-10 11:23:29'),
(2148, 17, 'cwx2tr7v09', '2024-04-10 11:30:20'),
(2149, 17, 'b7fjydaiol', '2024-04-10 11:40:43'),
(2150, 17, 'rc1h63e9xg', '2024-04-10 11:44:13'),
(2151, 17, 'jrx4mecnwi', '2024-04-10 11:47:16'),
(2152, 17, 'furcozypgw', '2024-04-10 11:54:19'),
(2153, 17, 'dhz3ful861', '2024-04-10 12:16:28'),
(2154, 17, '5lp3tv4fng', '2024-04-10 12:18:47'),
(2155, 87, '2576r0epui', '2024-04-11 13:12:55'),
(2156, 87, '81fvdks0xl', '2024-04-11 13:13:03'),
(2157, 100, 'kp86miwh25', '2024-04-11 13:14:07'),
(2158, 89, '4vo0hc6ng8', '2024-04-11 13:14:21'),
(2159, 100, 'yektp9lxug', '2024-04-11 13:14:28'),
(2160, 89, 'jv0odf7q8y', '2024-04-11 13:15:54'),
(2161, 89, 'soin9mp13x', '2024-04-11 13:16:03'),
(2162, 71, '8ybpc1k4a6', '2024-04-11 13:16:18'),
(2163, 71, 'uny96i23rp', '2024-04-11 13:16:19'),
(2164, 87, '473wbj980i', '2024-04-11 13:16:31');
INSERT INTO `api_user_login` (`id`, `user_id`, `bearer_token`, `created_on`) VALUES
(2165, 87, 'br3dc4f1qx', '2024-04-11 13:16:45'),
(2166, 100, '2k0irtvedu', '2024-04-11 13:17:32'),
(2167, 89, '97fsm5zro6', '2024-04-11 13:18:20'),
(2168, 89, 'vzeh1fbp7l', '2024-04-11 13:19:35'),
(2169, 89, 'ufc6vxtwe5', '2024-04-11 13:52:11'),
(2170, 89, 'mtl2cehz59', '2024-04-11 13:56:03'),
(2171, 89, 'gakhnd6pci', '2024-04-11 13:56:23'),
(2172, 89, '8yhvsewo59', '2024-04-11 13:56:40'),
(2173, 100, '582tgzsx7a', '2024-04-11 14:01:31'),
(2174, 87, 'm63qcni8z4', '2024-04-11 14:02:05'),
(2175, 87, 'go5m71nhc8', '2024-04-11 14:02:29'),
(2176, 87, 'klmjr87o4d', '2024-04-11 14:04:12'),
(2177, 100, 'exkr6dot8n', '2024-04-11 14:05:11'),
(2178, 100, 'vp69102x8b', '2024-04-11 14:06:15'),
(2179, 87, 'ut2ndxs7f5', '2024-04-11 14:06:19'),
(2180, 100, 'q9bfgszylr', '2024-04-11 14:07:11'),
(2181, 100, 'fr8w1duyiq', '2024-04-11 14:07:23'),
(2182, 89, 'hdnzsil0g9', '2024-04-11 14:08:50'),
(2183, 100, 'wzmt6c9ohp', '2024-04-11 14:16:15'),
(2184, 89, 'h8x4aljn6i', '2024-04-11 14:16:28'),
(2185, 100, 'oksfea537g', '2024-04-11 14:16:31'),
(2186, 100, 'io6gv9m70p', '2024-04-11 14:16:59'),
(2187, 100, 'eo37vskldf', '2024-04-11 14:17:15'),
(2188, 100, 'e8lfavnj6p', '2024-04-11 14:18:05'),
(2189, 89, '5raq0jou4g', '2024-04-11 14:22:56'),
(2190, 89, 'p38m4nw1yx', '2024-04-11 14:23:22'),
(2191, 89, '6fh8edbivg', '2024-04-11 14:24:24'),
(2192, 89, '3odv8itaz9', '2024-04-11 14:24:36'),
(2193, 100, '6emfosy0hx', '2024-04-11 14:24:55'),
(2194, 100, 'gl305qc6kp', '2024-04-11 14:28:38'),
(2195, 71, 'wfupzmsc83', '2024-04-11 14:56:45'),
(2196, 106, 'um9ogna1y8', '2024-04-11 15:12:51'),
(2197, 106, 'vm3dytckgi', '2024-04-11 15:12:52'),
(2198, 107, 'nctgfxlm8a', '2024-04-11 15:44:05'),
(2199, 107, 'psyxro0twi', '2024-04-11 15:44:06'),
(2200, 107, 'gpwxezo9uh', '2024-04-11 15:45:04'),
(2201, 107, 'pm5oc4vbf9', '2024-04-11 15:45:05'),
(2202, 107, 'q5nahivets', '2024-04-11 16:01:31'),
(2203, 107, 'nuktj2smqh', '2024-04-11 16:02:05'),
(2204, 71, 'q5bmr2yvs3', '2024-04-11 16:07:23'),
(2205, 107, 'vc0z3a2y7l', '2024-04-11 16:08:24'),
(2206, 17, 'rgl6k28zj3', '2024-04-12 12:24:08'),
(2207, 107, 'fvjdz0lon6', '2024-04-12 15:34:13'),
(2208, 107, 'r39mie2hvw', '2024-04-12 17:51:28'),
(2209, 17, 'acp1bszqh9', '2024-04-14 10:31:14'),
(2210, 17, 'dkfy4a15le', '2024-04-14 10:34:52'),
(2211, 17, 'q68240ygfk', '2024-04-14 11:19:46'),
(2212, 17, 'c58nz76x4m', '2024-04-14 11:27:46'),
(2213, 17, 'af268g3w5v', '2024-04-14 11:49:33'),
(2214, 17, 'pj03871yeo', '2024-04-14 15:38:40'),
(2215, 17, 'bua46vwmyz', '2024-04-14 15:41:38'),
(2216, 17, 'a84d1yumoj', '2024-04-14 16:02:37'),
(2217, 17, 'o2kfpd3z0y', '2024-04-14 16:16:37'),
(2218, 17, 'l6jchodbye', '2024-04-14 17:35:16'),
(2219, 17, 't04zhw7a19', '2024-04-14 17:50:19'),
(2220, 17, 'q015jplvec', '2024-04-14 17:52:32'),
(2221, 17, 'l1udnz3abq', '2024-04-14 18:12:25'),
(2222, 17, 'zmv6xnoa8y', '2024-04-14 18:13:12'),
(2223, 17, 'mcqtyfn9p7', '2024-04-14 18:33:54'),
(2224, 17, 'lt317mxgj6', '2024-04-14 18:34:26'),
(2225, 17, 'wvf3qlb79x', '2024-04-14 18:36:34'),
(2226, 17, 'lvzyte1r67', '2024-04-15 21:05:39'),
(2227, 17, 'z4bin6ugep', '2024-04-15 21:05:41'),
(2228, 17, 'vr68kejz13', '2024-04-15 21:07:12'),
(2229, 17, '3ufiazt4s7', '2024-04-15 21:22:30'),
(2230, 17, 'ekm3prbgql', '2024-04-15 21:31:50'),
(2231, 17, '9yv2x8f1cb', '2024-04-15 21:35:48'),
(2232, 17, '0q7ie6lh5j', '2024-04-16 19:07:05'),
(2233, 17, 'wenctu6lrp', '2024-04-16 22:21:54'),
(2234, 17, '2ethslpgx9', '2024-04-16 22:49:09'),
(2235, 17, 'sfma24kxh5', '2024-04-18 18:57:12'),
(2236, 17, 't8hli436cq', '2024-04-18 19:00:13'),
(2237, 17, 'gyxhjn39tl', '2024-04-18 19:17:05'),
(2238, 17, '0o5in1zubs', '2024-04-19 06:58:07'),
(2239, 17, 'a3qcu4rvep', '2024-04-19 06:58:46'),
(2240, 17, 'em68rkvcza', '2024-04-19 07:05:03'),
(2241, 17, 'dkaw4u9zy6', '2024-04-19 07:22:31'),
(2242, 17, 'mtaieo6p2y', '2024-04-19 12:08:18'),
(2243, 17, '9jvf43gkhd', '2024-04-20 13:13:09'),
(2244, 17, '270wnad5i3', '2024-04-20 13:13:10'),
(2245, 17, 'wvlkfb3icd', '2024-04-20 13:23:12'),
(2246, 17, 'arg2s4wxld', '2024-04-20 13:31:53'),
(2247, 17, 'iv6gl4dfnm', '2024-04-20 13:34:10'),
(2248, 17, 'emrfndsqjo', '2024-04-20 13:35:53'),
(2249, 17, 'cd5f7w4yi8', '2024-04-20 13:39:45'),
(2250, 17, '4aymp17zs2', '2024-04-20 13:41:04'),
(2251, 17, 'vuqo4fmhld', '2024-04-20 13:42:48'),
(2252, 17, 'hcwfp0mn51', '2024-04-20 13:43:32'),
(2253, 17, '5rsqp1ufxn', '2024-04-20 16:54:15'),
(2254, 17, 'zqnc9g48la', '2024-04-20 16:54:55'),
(2255, 17, '5vs9iymhlw', '2024-04-20 16:59:58'),
(2256, 17, 'gw8rqxo9zy', '2024-04-20 17:00:55'),
(2257, 17, '2zjaptd8ck', '2024-04-20 17:01:14'),
(2258, 17, 'dwchm3aoet', '2024-04-20 17:02:35'),
(2259, 17, 'bp65sekcld', '2024-04-20 17:03:14'),
(2260, 17, 'q4yjhts957', '2024-04-20 17:04:21'),
(2261, 17, 'njufwia8c3', '2024-04-20 17:08:38'),
(2262, 17, 'l1npqoab53', '2024-04-20 17:15:23'),
(2263, 17, '1p28ofnv9x', '2024-04-20 17:17:33'),
(2264, 17, '5y3aoqkx8v', '2024-04-20 17:23:59'),
(2265, 17, '5ixjv910rf', '2024-04-20 17:41:15'),
(2266, 17, 'k9mo367flg', '2024-04-20 17:46:53'),
(2267, 17, '9qmbfeaxkn', '2024-04-20 17:53:50'),
(2268, 17, 'sa8ditwvbz', '2024-04-21 08:48:06'),
(2269, 17, 'gud0ak4v6b', '2024-04-21 08:48:06'),
(2270, 17, 'h7k5sy9cwo', '2024-04-21 18:02:57'),
(2271, 108, 'ena84jiduo', '2024-04-21 18:07:52'),
(2272, 108, '6ngte89i0k', '2024-04-21 18:07:52'),
(2273, 108, '7ahfkm52lt', '2024-04-21 18:11:35'),
(2274, 108, 'ks9yr7oqa3', '2024-04-21 18:12:45'),
(2275, 108, '2iqd6vo1m5', '2024-04-21 18:45:05'),
(2276, 108, 'vfqkhbilnz', '2024-04-21 18:46:42'),
(2277, 108, 'b6y3z2ei1p', '2024-04-21 18:48:44'),
(2278, 108, 'e7a5ocx9yt', '2024-04-21 18:58:51'),
(2279, 108, '7p9q10ofbx', '2024-04-21 18:58:59'),
(2280, 108, 'i8tkjc6uh7', '2024-04-21 19:00:12'),
(2281, 108, 'fopxtciwj3', '2024-04-21 19:00:42'),
(2282, 108, 'ltjdgxy18e', '2024-04-21 19:07:55'),
(2283, 108, 'cbjlrfu1i3', '2024-04-21 19:08:09'),
(2284, 108, '2y3pjibstg', '2024-04-22 15:22:08'),
(2285, 108, 'bwanxqi92o', '2024-04-22 15:22:09'),
(2286, 108, '30wbxs751g', '2024-04-22 15:32:57'),
(2287, 108, 'sn16lm2fag', '2024-04-22 16:27:23'),
(2288, 108, '8x52y3nwgl', '2024-04-22 18:02:57'),
(2289, 108, 'eoycrl8qft', '2024-04-23 07:57:38'),
(2290, 108, 'gt3sn1c4yl', '2024-04-23 09:17:21'),
(2291, 108, '89ak0y4s7n', '2024-04-23 09:20:31'),
(2292, 108, '2vno0hu3ld', '2024-04-23 09:20:43'),
(2293, 108, 'd3p42h9bxf', '2024-04-23 09:21:00'),
(2294, 108, 'pvzxo17uwj', '2024-04-23 09:21:31'),
(2295, 108, 'kogfjiwl1r', '2024-04-23 09:23:25'),
(2296, 108, 'pnzs0uro5q', '2024-04-23 09:23:26'),
(2297, 108, 'f9j2mqh0e3', '2024-04-23 09:32:33'),
(2298, 108, 'sy74hrvibz', '2024-04-23 09:34:24'),
(2299, 108, 'uiepqnharv', '2024-04-23 09:36:37'),
(2300, 108, 'od41c6qagw', '2024-04-23 09:36:47'),
(2301, 108, 'qa2dvnoz1k', '2024-04-23 10:00:29'),
(2302, 17, '6efgtasxrj', '2024-04-23 10:02:03'),
(2303, 108, 'ecw3fm5s8i', '2024-04-23 20:19:47'),
(2304, 108, 'jb4ca87qsk', '2024-04-23 20:37:20'),
(2305, 108, '5trfh4xzyp', '2024-04-23 20:43:06'),
(2306, 108, '7h9e5wicgk', '2024-04-23 20:50:13'),
(2307, 108, 's4ap1of8ml', '2024-04-24 07:39:12'),
(2308, 108, 'hz6weas48v', '2024-04-24 14:22:27'),
(2309, 108, 'dlpw0f5jti', '2024-04-24 14:22:27'),
(2310, 108, 'sx58cjev6k', '2024-05-01 09:50:39'),
(2311, 108, '0b2o5rhekv', '2024-05-01 10:24:34'),
(2312, 108, 'zbo8grs7pq', '2024-05-01 10:24:34'),
(2313, 108, 'c9veoayqd6', '2024-05-01 10:24:48'),
(2314, 108, '6p0xwg32u8', '2024-05-01 10:25:03'),
(2315, 108, 'tvz7xalkin', '2024-05-01 10:25:35'),
(2316, 108, 'oc3up87z2j', '2024-05-01 10:25:46'),
(2317, 71, '16kgpw5n8t', '2024-05-01 19:28:08'),
(2318, 71, 'hlq0nfjckx', '2024-05-01 19:28:09'),
(2319, 71, '7m1twvqzex', '2024-05-01 19:44:36'),
(2320, 71, '6m5urndeyg', '2024-05-02 10:36:14'),
(2321, 71, 'novsyd32mq', '2024-05-02 10:38:20'),
(2322, 71, 'djg2uyzpm6', '2024-05-02 10:45:02'),
(2323, 71, 'r761jdnmu5', '2024-05-02 11:09:28'),
(2324, 71, 'ewpgtfus93', '2024-05-02 11:09:56'),
(2325, 71, 'esi5qu91ly', '2024-05-02 11:10:19'),
(2326, 71, '2adchv1u0x', '2024-05-02 11:11:05'),
(2327, 71, 'ing0h8sbm5', '2024-05-02 11:15:43'),
(2328, 71, 'grn5p6mfq7', '2024-05-02 11:15:43'),
(2329, 71, 'ktcy0vds28', '2024-05-02 11:17:21'),
(2330, 71, 'e21kluqtns', '2024-05-02 11:18:10'),
(2331, 71, 'c9pkwnr615', '2024-05-02 11:19:16'),
(2332, 71, 'x2kj65p1to', '2024-05-02 11:19:17'),
(2333, 71, 'z54b6e70kl', '2024-05-02 11:19:51'),
(2334, 71, 'i5hdy7plu2', '2024-05-02 11:20:01'),
(2335, 71, 'yiv83ka7pe', '2024-05-02 11:28:18'),
(2336, 71, '1u5h74pcme', '2024-05-02 11:28:41'),
(2337, 108, 'cjr0yvsat7', '2024-05-02 11:37:46'),
(2338, 108, '1bwpticv2e', '2024-05-02 11:45:54'),
(2339, 71, 'o27luc1w4e', '2024-05-02 12:12:15'),
(2340, 71, '0g9abv7oxi', '2024-05-02 12:18:26'),
(2341, 71, '965ijdoq14', '2024-05-02 12:18:26'),
(2342, 71, 'tvoum03dhg', '2024-05-02 12:18:53'),
(2343, 71, '23fa86xhzr', '2024-05-02 12:22:49'),
(2344, 71, 'n1xovbu6cw', '2024-05-02 12:24:47'),
(2345, 71, '6e24l3kguf', '2024-05-02 12:24:58'),
(2346, 71, '5ndriq46ua', '2024-05-02 12:29:34'),
(2347, 71, 'x0bdo97g38', '2024-05-02 12:29:45'),
(2348, 71, 'kei45zvltn', '2024-05-02 12:30:11'),
(2349, 71, '7glcw60mof', '2024-05-02 12:30:11'),
(2350, 71, 'rgdxcu7vwp', '2024-05-02 12:30:32'),
(2351, 71, 'yx1cstmd0r', '2024-05-02 12:32:08'),
(2352, 71, 'fht1lg9bwe', '2024-05-02 12:34:40'),
(2353, 71, '1mp83h2jcl', '2024-05-02 12:34:54'),
(2354, 71, 'jbgq2z3fp9', '2024-05-02 12:37:15'),
(2355, 71, 'z8rivhm60b', '2024-05-03 11:10:51'),
(2356, 71, 'q7c6afmjz2', '2024-05-03 11:10:51'),
(2357, 71, 'ret8jvbmis', '2024-05-03 11:16:36'),
(2358, 71, 'jxcdpzvmeq', '2024-05-03 11:18:39'),
(2359, 71, 'opaxbh15s8', '2024-05-03 11:19:19'),
(2360, 71, 'lfy8sjgiw5', '2024-05-03 11:37:30'),
(2361, 71, '2ley30kac1', '2024-05-03 16:47:00'),
(2362, 71, '4izmr1bj62', '2024-05-03 16:53:15'),
(2363, 71, '8srvdefln9', '2024-05-03 17:58:12'),
(2364, 71, 'qut8i0lmnx', '2024-05-03 18:02:21'),
(2365, 71, 'z03od5keyq', '2024-05-03 18:07:09'),
(2366, 71, 'o8vphbj5em', '2024-05-03 18:07:26'),
(2367, 71, 'olmyu89and', '2024-05-03 18:15:29'),
(2368, 71, 'z1gse2x4yp', '2024-05-03 18:16:01'),
(2369, 108, '3zvlcp8n2r', '2024-05-03 19:39:40'),
(2370, 108, 'ybjxmk9p64', '2024-05-03 19:41:03'),
(2371, 108, 'o2vdjxypw4', '2024-05-03 19:41:03'),
(2372, 108, 'jhcg5b2k07', '2024-05-03 19:41:19'),
(2373, 108, '7mh8fvtw4l', '2024-05-03 19:42:42'),
(2374, 108, '71enmlwg0f', '2024-05-03 19:42:42'),
(2375, 108, 'jpyedwq25f', '2024-05-03 19:43:25'),
(2376, 108, 'flysqeh4ix', '2024-05-03 19:43:25'),
(2377, 108, 'v75ckjmh2n', '2024-05-03 19:43:38'),
(2378, 108, 'a35fhke98u', '2024-05-03 19:45:02'),
(2379, 108, 'otmbwsin6j', '2024-05-03 19:49:12'),
(2380, 108, 'zptj0eqhgb', '2024-05-03 19:50:46'),
(2381, 108, '49z7wl23h5', '2024-05-03 19:58:03'),
(2382, 71, 'wzjxbe946u', '2024-05-03 21:08:56'),
(2383, 109, 'klh8509pne', '2024-05-03 21:09:54'),
(2384, 109, 'sip9njuh6l', '2024-05-03 21:09:55'),
(2385, 110, 'luhdwi7k5b', '2024-05-03 21:13:47'),
(2386, 110, 'bik8nxluzo', '2024-05-03 21:13:48'),
(2387, 109, 'y9hep6jw0g', '2024-05-03 21:19:37'),
(2388, 109, 'jbinlxwvh2', '2024-05-03 21:20:01'),
(2389, 109, '7nhsfpbktv', '2024-05-03 21:27:31'),
(2390, 110, 'wb4uamokvn', '2024-05-03 21:31:22'),
(2391, 109, 'okgqt790cz', '2024-05-03 21:36:57'),
(2392, 110, 'c1jvp0un48', '2024-05-03 21:37:34'),
(2393, 110, '5fuh1yjbci', '2024-05-03 21:38:22'),
(2394, 108, 'yixgec63ap', '2024-05-03 21:40:45'),
(2395, 108, 'ed63bglu95', '2024-05-03 21:42:13'),
(2396, 108, 'miend05zl3', '2024-05-06 18:41:47'),
(2397, 108, 'xcyntfs9ib', '2024-05-06 18:41:47'),
(2398, 108, 's5j7c3fvxg', '2024-05-06 18:44:32'),
(2399, 108, 'mxc4nog3uf', '2024-05-06 18:53:09'),
(2400, 108, 'er0a9h5sd3', '2024-05-07 10:53:45'),
(2401, 108, '9ptlknrgym', '2024-05-07 10:53:46'),
(2402, 108, 'wz57qrp9e3', '2024-05-07 12:15:11'),
(2403, 108, 'qwb6215f3e', '2024-05-07 14:43:24'),
(2404, 114, 'm0el1z6bhi', '2024-05-07 16:36:48'),
(2405, 114, 'z5ctvkqpgm', '2024-05-07 16:36:49'),
(2406, 114, '2zkqw6tfro', '2024-05-07 16:52:20'),
(2407, 114, 'ujoixtr2ys', '2024-05-08 10:40:31'),
(2408, 114, '1pnax87rtu', '2024-05-08 10:49:15'),
(2409, 114, '3keu17tbjf', '2024-05-08 10:56:01'),
(2410, 114, '3p1f0urzhe', '2024-05-08 11:00:53'),
(2411, 114, 'dawpjmoy7u', '2024-05-08 11:09:20'),
(2412, 114, 'onitj2p1we', '2024-05-08 11:13:06'),
(2413, 114, 'go826hzlr0', '2024-05-08 12:07:34'),
(2414, 114, 'kbawc328xf', '2024-05-08 12:09:23'),
(2415, 114, 'o1cw6kz0bm', '2024-05-08 12:09:53'),
(2416, 114, 'i0u4co6pbw', '2024-05-08 12:31:03'),
(2417, 114, 'y0kzndpsv1', '2024-05-08 12:36:35'),
(2418, 114, 'isp5lc39k2', '2024-05-08 12:51:06'),
(2419, 71, '8q0xk73job', '2024-05-08 14:47:17'),
(2420, 71, '2xhpgwdaj5', '2024-05-08 14:47:18'),
(2421, 114, 'nr5mt0zu13', '2024-05-08 15:54:46'),
(2422, 115, 's6viafyknw', '2024-05-08 16:02:29'),
(2423, 115, 'g27nbdt0rk', '2024-05-08 16:02:30'),
(2424, 115, 'xmncveyjpz', '2024-05-08 16:04:19'),
(2425, 115, 'hzfsd8epgu', '2024-05-08 16:05:04'),
(2426, 115, 'mrotn5v2z6', '2024-05-08 16:06:47'),
(2427, 115, 's4xqhb9f8u', '2024-05-08 16:06:59'),
(2428, 83, 'oybcm8ne5v', '2024-05-08 16:51:31'),
(2429, 83, 'i2vngwahuz', '2024-05-08 16:51:32'),
(2430, 83, 'rkxhyg5de3', '2024-05-08 16:52:54'),
(2431, 83, '6iqrfwhmz7', '2024-05-08 16:54:40'),
(2432, 83, '37rvx2ys6h', '2024-05-08 16:55:02'),
(2433, 83, 'l2kjrx9io0', '2024-05-08 16:55:41'),
(2434, 83, 'o4nwmlk50d', '2024-05-08 16:55:50'),
(2435, 116, 'fo31eqajbk', '2024-05-09 12:47:36'),
(2436, 116, 'xq5hfwrn13', '2024-05-09 12:47:37'),
(2437, 118, 'dn50bfgx7j', '2024-05-09 13:10:38'),
(2438, 118, 'vc6gr9pynb', '2024-05-09 13:10:38'),
(2439, 118, 'p4xugi5amz', '2024-05-09 13:11:53'),
(2440, 119, 'lfor8ehsvc', '2024-05-09 13:11:55'),
(2441, 119, 'mlhpavwi1e', '2024-05-09 13:11:56'),
(2442, 120, '7u4enhkqsv', '2024-05-09 13:11:56'),
(2443, 120, 'mi9nv2ao6s', '2024-05-09 13:11:57'),
(2444, 120, 'vufqk6olsn', '2024-05-09 13:14:24'),
(2445, 121, 'crbpky506i', '2024-05-09 13:17:02'),
(2446, 121, 'ae5ifb7osn', '2024-05-09 13:17:02'),
(2447, 122, 'zs23tq9jxb', '2024-05-09 13:17:37'),
(2448, 122, '6oqlpsvm5t', '2024-05-09 13:17:37'),
(2449, 122, '86vmgblz35', '2024-05-09 13:18:34'),
(2450, 121, 'sa9d4w26bm', '2024-05-09 13:19:13'),
(2451, 121, 'vsacw9qmpe', '2024-05-09 13:19:31'),
(2452, 124, 'ubd4zolf38', '2024-05-09 14:25:44'),
(2453, 124, 'lhb4a26sky', '2024-05-09 14:25:45'),
(2454, 71, 'lexr97d2ah', '2024-05-09 14:39:09'),
(2455, 127, 'ck8uojp15a', '2024-05-09 14:48:03'),
(2456, 127, 'k6egrfsjdy', '2024-05-09 14:48:03'),
(2457, 127, '2wfaopkvz3', '2024-05-09 14:48:04'),
(2458, 116, 'brtc9eqfzp', '2024-05-09 14:54:31'),
(2459, 118, 'o10p9fgarx', '2024-05-09 14:54:47'),
(2460, 119, 'tcg6myzoj4', '2024-05-09 14:54:59'),
(2461, 119, '21dvn3jeo4', '2024-05-09 14:55:26'),
(2462, 118, 'wo8vyxel74', '2024-05-09 14:56:46'),
(2463, 118, '52y7bstpld', '2024-05-09 14:57:08'),
(2464, 116, '7fmsagzlnw', '2024-05-09 15:05:02'),
(2465, 116, 'pbf7uxtsov', '2024-05-09 15:07:18'),
(2466, 120, 'p41qetzuhf', '2024-05-09 15:33:08'),
(2467, 120, 'hdi5ns16y9', '2024-05-09 15:34:01'),
(2468, 120, 'f0dup8onm6', '2024-05-09 15:34:19'),
(2469, 116, 'wd8achy04z', '2024-05-09 15:43:55'),
(2470, 130, 'y5bp32vgl9', '2024-05-09 15:47:50'),
(2471, 130, '4u9vc758mn', '2024-05-09 15:47:50'),
(2472, 131, '8kyc0w7x9u', '2024-05-09 15:53:30'),
(2473, 131, 'g4cx91hae0', '2024-05-09 15:53:30'),
(2474, 124, 'xuiw2otb8s', '2024-05-09 16:51:23'),
(2475, 124, '56xks98j3m', '2024-05-09 16:51:23'),
(2476, 124, 'jg1q9pa5sc', '2024-05-09 16:54:32'),
(2477, 132, '7az3b2tld5', '2024-05-09 17:32:23'),
(2478, 132, 'd0x3whfmiu', '2024-05-09 17:32:24'),
(2479, 132, '543rg2k1lx', '2024-05-09 17:33:10'),
(2480, 132, 'n7raxygq1l', '2024-05-09 17:33:38'),
(2481, 127, '0b9tgjdai5', '2024-05-09 17:34:32'),
(2482, 121, 'ri9fm3d6au', '2024-05-09 17:39:07'),
(2483, 121, '4svh3e6f5x', '2024-05-09 17:39:34'),
(2484, 121, 'd3w7q2hybg', '2024-05-09 17:41:53'),
(2485, 121, 'gh6r7ay1z2', '2024-05-09 17:42:31'),
(2486, 83, 'cq5smv1kti', '2024-05-09 17:54:28'),
(2487, 134, 'y7ibrdkqnu', '2024-05-09 17:58:55'),
(2488, 134, '8impa3exhr', '2024-05-09 17:58:56'),
(2489, 120, '3b2nfrgo6s', '2024-05-09 17:59:27'),
(2490, 71, 'ltsd4fu2x6', '2024-05-09 18:07:15'),
(2491, 132, 'kxrno9vi7a', '2024-05-09 18:20:03'),
(2492, 71, 'jwklhe36cg', '2024-05-09 18:21:27'),
(2493, 135, 'mdfceij90h', '2024-05-09 18:40:46'),
(2494, 135, 'r2h5ajp07u', '2024-05-09 18:40:47'),
(2495, 135, 'oq1gyu3lhc', '2024-05-09 18:48:55'),
(2496, 116, 'd90xl4s2qh', '2024-05-10 11:57:50'),
(2497, 17, '9ifl6uxnr2', '2024-05-10 17:11:15'),
(2498, 71, 'h5vo7u3lf2', '2024-05-10 20:50:59'),
(2499, 71, 'ta9xdv4wqi', '2024-05-10 20:51:23'),
(2500, 71, '0kgs6my5ht', '2024-05-10 20:54:19'),
(2501, 71, '196wahlpg7', '2024-05-10 20:56:03'),
(2502, 71, 'z4sr08tjhg', '2024-05-10 20:56:35'),
(2503, 71, '6e7lg38qv0', '2024-05-10 20:57:17'),
(2504, 71, 's07th8qw4c', '2024-05-10 20:58:05'),
(2505, 71, '4ija95hns1', '2024-05-10 20:59:13'),
(2506, 71, 'li382nvkgf', '2024-05-10 20:59:59'),
(2507, 71, '4xjomwavty', '2024-05-10 21:02:04'),
(2508, 71, 'zdumj7g3lp', '2024-05-10 21:03:44'),
(2509, 71, 'cwam3v7oeu', '2024-05-10 21:04:25'),
(2510, 71, 'indm0f9lus', '2024-05-10 21:04:50'),
(2511, 71, 'jxdbuvptc8', '2024-05-10 21:07:17'),
(2512, 71, 'r45bl7106d', '2024-05-10 21:14:56'),
(2513, 71, 'wto6q90lfi', '2024-05-10 21:24:44'),
(2514, 71, '6ri5mk1oq2', '2024-05-10 21:25:04'),
(2515, 71, 'suofbc5gwz', '2024-05-10 21:25:28'),
(2516, 71, '9tmwgnd5yq', '2024-05-10 21:34:01'),
(2517, 71, 'g6y8kunhrm', '2024-05-10 21:38:32'),
(2518, 71, 'iamuwq2re8', '2024-05-10 21:44:30'),
(2519, 71, 'f40dg2u91b', '2024-05-10 21:47:53'),
(2520, 71, '2xh5czrbay', '2024-05-10 21:48:47'),
(2521, 71, '8nz9cga7mr', '2024-05-10 21:49:35'),
(2522, 71, 'ckgizahx8b', '2024-05-10 21:58:00'),
(2523, 71, 'y7ghlzmqti', '2024-05-10 22:01:09'),
(2524, 71, 'fj2rn41ky7', '2024-05-10 22:03:34'),
(2525, 71, '2suzxnptrh', '2024-05-10 22:04:10'),
(2526, 71, '4knvs3l6dq', '2024-05-10 22:04:51'),
(2527, 71, 'kt8zgv6qj9', '2024-05-10 22:32:50'),
(2528, 71, 'xmsp81gjuh', '2024-05-10 22:34:05'),
(2529, 108, 'cgt937bxum', '2024-05-10 22:35:27'),
(2530, 108, 'q7blavrgyz', '2024-05-10 22:35:27'),
(2531, 114, 'vxnkej2t9a', '2024-05-10 22:51:19'),
(2532, 114, '5wuzta689p', '2024-05-10 22:51:20'),
(2533, 114, 'hlg3pnw62o', '2024-05-10 22:51:29'),
(2534, 108, '385dmsn70v', '2024-05-12 09:00:20'),
(2535, 108, 'ps85bxiaht', '2024-05-12 09:00:20'),
(2536, 108, 'w95irh0moc', '2024-05-12 09:26:13'),
(2537, 108, '2yals893ip', '2024-05-12 09:27:29'),
(2538, 108, '7mwjvonb4l', '2024-05-12 09:28:07'),
(2539, 108, 'nt69im2ps8', '2024-05-12 10:31:37'),
(2540, 114, '1zru4fxy5v', '2024-05-14 14:50:46'),
(2541, 4, 'xls63duthn', '2024-05-14 15:02:39'),
(2542, 4, '0kncuwabg2', '2024-05-14 15:02:40'),
(2543, 4, '3rds7zjoh8', '2024-05-14 15:02:48'),
(2544, 4, 's0o6rif31t', '2024-05-14 15:04:07'),
(2545, 4, 'iobnm3tszv', '2024-05-14 15:09:31'),
(2546, 4, 'vx3dg8ojy4', '2024-05-14 15:10:16'),
(2547, 4, '2l16gz4uf7', '2024-05-14 15:14:25'),
(2548, 4, 'k35z0i8dax', '2024-05-14 15:16:46'),
(2549, 114, '78hqd0l41c', '2024-05-14 16:20:29'),
(2550, 114, 'w3e7skodav', '2024-05-14 16:32:36'),
(2551, 114, '9gjknelu4t', '2024-05-14 17:01:42'),
(2552, 114, 'qb45zn8ix3', '2024-05-14 17:01:47'),
(2553, 114, '0xiywbr4dk', '2024-05-14 17:07:20'),
(2554, 114, '7p0t5irhq1', '2024-05-14 17:19:42'),
(2555, 114, 'w0kl6xt5sz', '2024-05-14 17:20:43'),
(2556, 114, '5042nm3xr9', '2024-05-14 17:35:30'),
(2557, 114, 'zp54bm16ou', '2024-05-14 17:41:18'),
(2558, 114, 'tjg5pf1uy0', '2024-05-14 17:41:57'),
(2559, 4, 'rey5374znv', '2024-05-14 17:47:12'),
(2560, 114, 'ycfripdwg5', '2024-05-15 12:20:09'),
(2561, 71, 'qwrsuok2x6', '2024-05-15 12:20:43'),
(2562, 71, 'ixez7gduhr', '2024-05-15 12:20:44'),
(2563, 71, 'd04aqxf57r', '2024-05-15 12:20:51'),
(2564, 71, 'qu3a9nz0lo', '2024-05-15 17:23:29'),
(2565, 71, 'qzb76i8h20', '2024-05-15 17:23:34'),
(2566, 108, 'yj5f2vb9wo', '2024-05-15 17:39:36'),
(2567, 108, '1ehv62f8pg', '2024-05-15 17:40:33'),
(2568, 108, '7kjcrf3z0n', '2024-05-15 17:45:34'),
(2569, 108, 'dblqrwntms', '2024-05-15 17:46:43'),
(2570, 108, 'gj93q8t5cp', '2024-05-15 17:49:03'),
(2571, 108, 'fglitz7emu', '2024-05-15 18:03:41'),
(2572, 4, '8ev6m4fpiw', '2024-05-16 11:54:20'),
(2573, 4, '0wucxdkhbq', '2024-05-16 11:54:22'),
(2574, 135, 'iohe642p3g', '2024-05-16 11:58:02'),
(2575, 135, '1o8xb2jvlf', '2024-05-16 11:58:03'),
(2576, 135, '5h27byt8vd', '2024-05-16 11:59:29'),
(2577, 108, 'tnou9bwzl1', '2024-05-17 20:43:40'),
(2578, 108, '4eyzos5li2', '2024-05-17 20:44:27'),
(2579, 108, '6r2yakxh8g', '2024-05-17 21:05:24'),
(2580, 108, '89d1tk6poj', '2024-05-17 21:07:14'),
(2581, 108, 'fj1ki43bsn', '2024-05-17 21:11:17'),
(2582, 108, 'xyzc83slg1', '2024-05-17 21:13:57'),
(2583, 108, 'ian1pbe9sl', '2024-05-17 21:15:39'),
(2584, 108, '1ivlf6swry', '2024-05-17 21:19:16'),
(2585, 116, '1dt3uejpnm', '2024-05-18 08:45:02'),
(2586, 108, 's1jd30oblq', '2024-05-18 10:01:38'),
(2587, 108, 'jzxkgqfl6a', '2024-05-18 10:04:06'),
(2588, 108, 'k7if410rvj', '2024-05-18 10:07:36'),
(2589, 108, '9ep354f7nb', '2024-05-18 10:13:14'),
(2590, 108, 'c4qf8ezuk2', '2024-05-18 10:13:24'),
(2591, 108, '4mnqdjk57f', '2024-05-18 10:13:32'),
(2592, 108, '1u5c4egk8v', '2024-05-18 10:22:04'),
(2593, 108, 'viksd0yzt3', '2024-05-18 10:23:38'),
(2594, 108, 'ljwfvdpgxr', '2024-05-18 10:24:24'),
(2595, 108, 'foi9y2nmgl', '2024-05-18 10:24:35'),
(2596, 108, 'hfj63eyop8', '2024-05-18 10:27:27'),
(2597, 108, 'pjoqxhs0yn', '2024-05-18 10:27:27'),
(2598, 108, 't0he4yw3o9', '2024-05-18 10:58:52'),
(2599, 108, '5foa4l7jbc', '2024-05-18 11:00:59'),
(2600, 108, 'f2hed98v6r', '2024-05-18 11:01:02'),
(2601, 108, '4ey02baowd', '2024-05-18 11:05:33'),
(2602, 108, 'dk83pblhsi', '2024-05-18 11:07:01'),
(2603, 108, 'jiw3l09f8d', '2024-05-18 11:12:50'),
(2604, 108, 'a3nf4iz7u9', '2024-05-18 11:16:23'),
(2605, 108, 'aws5ug8eod', '2024-05-18 11:16:51'),
(2606, 108, 'n493bdcxmj', '2024-05-18 11:18:07'),
(2607, 108, 'wfhxpusvja', '2024-05-18 11:18:23'),
(2608, 108, 'zb35g9t2se', '2024-05-18 11:21:26'),
(2609, 108, '47byzplcxh', '2024-05-18 11:21:48'),
(2610, 108, 'k4891gwue2', '2024-05-18 11:22:14'),
(2611, 108, 'd52ury196e', '2024-05-18 11:22:29'),
(2612, 108, 'g6j810rkvd', '2024-05-18 11:22:58'),
(2613, 108, 'z5jdrl79ke', '2024-05-18 11:24:04'),
(2614, 108, 'i1op9rygke', '2024-05-18 11:24:10'),
(2615, 108, 'sblkfxgy7e', '2024-05-18 11:24:35'),
(2616, 108, 'k19w8oynmq', '2024-05-18 11:25:30'),
(2617, 108, '1mpqrk4asl', '2024-05-18 11:25:41'),
(2618, 108, 'clx26mdw90', '2024-05-18 11:32:42'),
(2619, 108, 'noyr3q71vt', '2024-05-18 11:36:48'),
(2620, 108, 'xy7q8wkfob', '2024-05-18 13:42:13'),
(2621, 4, 'ypgj4vf2zl', '2024-05-18 13:44:19'),
(2622, 4, 'xzrlgtwbp9', '2024-05-18 13:44:20'),
(2623, 4, 'fvz7hqxt3y', '2024-05-18 13:44:40'),
(2624, 4, 'jfib13hgvn', '2024-05-18 13:44:52'),
(2625, 4, 'yjqnaxhzr6', '2024-05-18 13:45:00'),
(2626, 4, '60carmykiw', '2024-05-18 13:45:23'),
(2627, 4, '3h5e6csz4r', '2024-05-18 13:45:24'),
(2628, 4, 'c1s40tzxk3', '2024-05-18 13:49:19'),
(2629, 4, '6fycpxs47a', '2024-05-18 13:50:36'),
(2630, 108, 'wqjaryo9ct', '2024-05-18 13:52:28'),
(2631, 4, '0j7pkqbezm', '2024-05-18 13:53:04'),
(2632, 108, 'q5bc8tv4el', '2024-05-18 13:53:41'),
(2633, 108, 'rmz607wp2q', '2024-05-18 13:53:41'),
(2634, 92, '29zbu8poke', '2024-05-18 21:32:04'),
(2635, 108, 'vmj7bgzkcw', '2024-05-18 22:52:38'),
(2636, 108, 'li7ke4njux', '2024-05-18 22:52:39'),
(2637, 108, 'p1mja4syqg', '2024-05-18 22:55:11'),
(2638, 108, '7uiq6lagem', '2024-05-18 22:57:29'),
(2639, 108, 'cl70ntmyzo', '2024-05-18 22:57:30'),
(2640, 108, '04unvxpt58', '2024-05-18 22:59:57'),
(2641, 108, '1pgsa2w3hl', '2024-05-18 23:04:07'),
(2642, 108, 'fi5w3kox1j', '2024-05-18 23:04:08'),
(2643, 108, 'itvscahbqo', '2024-05-19 00:21:59'),
(2644, 108, 'gxsd0oap5t', '2024-05-19 18:13:27'),
(2645, 108, 'e657ztqynu', '2024-05-19 18:13:28'),
(2646, 108, 'w5hxt03ons', '2024-05-20 14:58:03'),
(2647, 108, 'twon2i1v06', '2024-05-20 14:58:04'),
(2648, 108, 'hgozua49y7', '2024-05-20 20:36:33'),
(2649, 108, '36dmhtl8jz', '2024-05-20 20:36:36'),
(2650, 108, 'b3fw06cjha', '2024-05-20 20:43:51'),
(2651, 108, '3w4qjzsh7a', '2024-05-20 21:13:16'),
(2652, 108, 'y24jbz6lgo', '2024-05-20 21:17:20'),
(2653, 121, 'vgi19fmn7y', '2024-05-25 11:18:03'),
(2654, 108, 'tlpigc50jr', '2024-05-27 19:38:14'),
(2655, 108, 'w6qamz480r', '2024-05-27 19:38:15'),
(2656, 108, '9zy5l83o7g', '2024-05-27 19:39:24'),
(2657, 121, '675mi3y48p', '2024-05-28 09:36:45'),
(2658, 108, 'k7fie4vyjg', '2024-05-28 11:27:57'),
(2659, 108, 'y7f81usot6', '2024-05-28 11:29:55'),
(2660, 108, 'ivnwh07cxl', '2024-05-28 11:31:33'),
(2661, 108, 'j5z2t9xw46', '2024-05-28 11:31:45'),
(2662, 137, 'viqztcp86b', '2024-06-14 17:33:59'),
(2663, 137, 'xgauhwi1pn', '2024-06-14 17:34:00'),
(2664, 138, '7f1worlhbn', '2024-06-17 17:01:48'),
(2665, 138, 'uvqmefwh8x', '2024-06-17 17:01:49'),
(2666, 138, '3265vclidj', '2024-06-17 17:03:05'),
(2667, 138, 'n8i5j7mytf', '2024-06-17 17:04:54'),
(2668, 138, 'lq2z1aci6f', '2024-06-17 17:07:49'),
(2669, 138, 'f49uckt6he', '2024-06-17 17:08:04'),
(2670, 138, 'r38bp1gtlf', '2024-06-17 17:12:53'),
(2671, 138, 'r3g7p612zj', '2024-06-17 17:22:13'),
(2672, 138, 'b6cj2xzhve', '2024-06-17 17:23:10'),
(2673, 138, '2ikc15bwl0', '2024-06-17 17:25:31'),
(2674, 138, '2arpb93w84', '2024-06-17 17:27:56'),
(2675, 138, '32uz69bvpa', '2024-06-17 17:28:08'),
(2676, 138, 'f9djprazuw', '2024-06-17 17:28:27'),
(2677, 138, 'voxyait7g6', '2024-06-17 17:30:18'),
(2678, 138, '93skbrw4nz', '2024-06-17 17:30:38'),
(2679, 138, 'bh2omdsp0a', '2024-06-17 17:31:23'),
(2680, 138, 'n04tr9i3jo', '2024-06-17 17:31:51'),
(2681, 138, '325npyz6cs', '2024-06-17 17:34:16'),
(2682, 138, 'g27fleq14u', '2024-06-17 17:34:40'),
(2683, 121, 'j7o4d1qc2r', '2024-06-23 18:51:57'),
(2684, 121, '3yi7m6oazd', '2024-06-23 18:52:37'),
(2685, 135, '3o2dfiexwg', '2024-07-01 12:00:59'),
(2686, 135, '2c07oept5z', '2024-07-01 12:06:03'),
(2687, 135, '4wmdq0b2yn', '2024-07-01 12:10:00'),
(2688, 135, 'plsr4un6qd', '2024-07-01 12:14:23'),
(2689, 135, 'p1botu860k', '2024-07-01 12:14:39'),
(2690, 135, 'ml9rh2c7y1', '2024-07-01 12:16:17'),
(2691, 135, 'cjlq035uwv', '2024-07-01 12:19:42'),
(2692, 135, 'z8tcwpynbm', '2024-07-04 09:43:15'),
(2693, 135, 'eonlvjqf5w', '2024-07-04 09:43:16'),
(2694, 17, 's3kopey4z7', '2024-07-09 21:44:04'),
(2695, 17, 'fz9pasowi8', '2024-07-09 21:44:34'),
(2696, 4, 'z8fb0shua9', '2024-07-10 17:51:53'),
(2697, 4, '7ezhycrt2s', '2024-07-10 18:12:57'),
(2698, 4, 'bu6imfkcjs', '2024-07-11 12:11:02'),
(2699, 17, '9j8a4to6k0', '2024-07-11 12:23:24'),
(2700, 4, 'oah7xyzck6', '2024-07-11 14:04:08'),
(2701, 4, 'hwtkv6gn5c', '2024-07-11 14:31:09'),
(2702, 4, '5icvnmo4rd', '2024-07-11 14:36:07'),
(2703, 4, 'nl3wd5j19r', '2024-07-11 16:39:46'),
(2704, 4, 'cpzf1qrbix', '2024-07-11 16:49:38'),
(2705, 4, 'x0ifo7c1s5', '2024-07-15 11:40:26'),
(2706, 4, 'p86ojcvght', '2024-07-15 11:57:30');

-- --------------------------------------------------------

--
-- Table structure for table `banners`
--

CREATE TABLE `banners` (
  `id` int(11) NOT NULL,
  `banner_title` varchar(200) NOT NULL,
  `banner_url` varchar(200) NOT NULL,
  `banner_image` varchar(200) NOT NULL,
  `banner_status` enum('Active','Inactive') NOT NULL,
  `created_on` datetime NOT NULL,
  `updated_on` datetime NOT NULL
) ENGINE=InnoDB DEFAULT CHARSET=latin1 COLLATE=latin1_swedish_ci;

--
-- Dumping data for table `banners`
--

INSERT INTO `banners` (`id`, `banner_title`, `banner_url`, `banner_image`, `banner_status`, `created_on`, `updated_on`) VALUES
(12, 'Sample', 'Sample', 'uploads/banners/2024-03-17-06-16-143u4edbv2ro.jpg', 'Active', '2024-03-17 18:16:14', '0000-00-00 00:00:00'),
(13, 'Sample Banner 2', 'Sample Banner 2', 'uploads/banners/2024-03-17-06-17-127tkj4ihdrx.jpg', 'Active', '2024-03-17 18:17:12', '0000-00-00 00:00:00'),
(14, 'Sample Banner 3', '', 'uploads/banners/2024-03-17-06-30-3660hmqex38g.jpg', 'Inactive', '2024-03-17 18:30:36', '2024-03-17 18:31:07'),
(15, 'Sample Banner 4', '', 'uploads/banners/2024-03-17-06-31-0010ngm2ae7s.jpg', 'Active', '2024-03-17 18:31:00', '0000-00-00 00:00:00'),
(16, 'Milking Process', '', 'uploads/banners/2024-05-14-04-20-149jfaqgos0z.jpg', 'Active', '2024-05-14 16:20:14', '2024-05-14 16:21:30');

-- --------------------------------------------------------

--
-- Table structure for table `cart`
--

CREATE TABLE `cart` (
  `id` int(11) NOT NULL,
  `cart_session_id` varchar(100) NOT NULL,
  `user_id` int(11) NOT NULL,
  `product_id` int(11) NOT NULL,
  `variant_id` int(11) NOT NULL,
  `quantity` int(10) NOT NULL,
  `variant` varchar(10) NOT NULL,
  `price` decimal(25,2) NOT NULL,
  `insert_dt` datetime NOT NULL
) ENGINE=MyISAM DEFAULT CHARSET=latin1 COLLATE=latin1_swedish_ci;

--
-- Dumping data for table `cart`
--

INSERT INTO `cart` (`id`, `cart_session_id`, `user_id`, `product_id`, `variant_id`, `quantity`, `variant`, `price`, `insert_dt`) VALUES
(146, 'aefaa397-7b11-4698-8042-78971ffdea22', 17, 49, 1, 1, '500 ML', 42.00, '2024-04-20 05:41:35'),
(277, '01f5917b-339c-4b0d-ac80-084ceba27d99', 131, 50, 12, 1, '150 G', 68.00, '2024-05-09 03:54:06'),
(276, '01f5917b-339c-4b0d-ac80-084ceba27d99', 131, 54, 7, 1, '1 KG', 100.00, '2024-05-09 03:53:39'),
(274, '4343bbc8-b15f-41b4-9421-cc91759e14a6', 116, 50, 12, 3, '150 G', 68.00, '2024-05-09 03:07:48'),
(273, '4343bbc8-b15f-41b4-9421-cc91759e14a6', 116, 3, 11, 3, '650 ML', 99.20, '2024-05-09 03:07:25'),
(275, '874bb897-30e3-43f9-ab2a-382707efbf7f', 130, 54, 7, 1, '1 KG', 100.00, '2024-05-09 03:48:01'),
(267, 'ebe22912-67b0-4e89-876d-9b78277aca29', 124, 59, 1, 1, '500 ML', 100.00, '2024-05-09 02:26:51'),
(266, 'ebe22912-67b0-4e89-876d-9b78277aca29', 124, 58, 1, 1, '500 ML', 55.00, '2024-05-09 02:26:50'),
(271, '4343bbc8-b15f-41b4-9421-cc91759e14a6', 116, 59, 1, 1, '500 ML', 100.00, '2024-05-09 03:06:21'),
(272, '4343bbc8-b15f-41b4-9421-cc91759e14a6', 116, 51, 1, 2, '500 ML', 50.00, '2024-05-09 03:06:30'),
(283, '672a0daa-9587-43db-9e52-f3426ad9981b', 134, 51, 1, 1, '500 ML', 50.00, '2024-05-09 05:59:24'),
(37, 'b95f5501-f5c6-4933-9c64-b1d6491e8b37', 89, 52, 1, 1, '', 55.00, '2024-03-22 11:05:08'),
(39, '563f8dc7-28fa-4678-abfb-8f69bdb1cc18', 90, 49, 12, 1, '150 G', 30.00, '2024-03-23 10:20:44'),
(40, '166b996d-4deb-4bc9-a715-30d6880720ce', 90, 50, 12, 1, '', 68.00, '2024-03-23 10:23:32'),
(41, 'a9f4d5de-8998-4766-9349-220d7c302049', 91, 52, 1, 5, '', 55.00, '2024-03-24 10:38:44'),
(42, '3d9d86f2-578d-4f42-901d-30741657a724', 92, 52, 1, 1, '', 55.00, '2024-03-25 08:05:39'),
(48, 'fa21b80f-4722-4c92-9292-aa2312ea5bc4', 87, 52, 1, 5, '', 55.00, '2024-03-26 10:41:38'),
(54, 'e1a512cb-5195-4460-ba15-35559a2678c8', 78, 49, 12, 1, '', 30.00, '2024-03-26 10:55:07'),
(55, '23b3cbde-0ab6-409b-af10-8bafffc6ca7a', 78, 52, 1, 4, '', 55.00, '2024-03-26 12:45:03'),
(56, '777e785d-6b05-45c3-859c-f167d9e0be48', 92, 52, 1, 2, '', 55.00, '2024-03-26 01:20:46'),
(59, 'e6738e23-e0ed-4e6e-8c50-97c2a59a1fb4', 87, 49, 12, 3, '', 30.00, '2024-03-26 03:52:31'),
(85, 'c3378e8e-0a1f-45aa-9a69-a3004c2d03a7', 17, 52, 1, 2, '500 ML', 55.00, '2024-04-10 11:41:53'),
(70, 'f2f012d6-5cbf-4f61-98ab-92014e8d2335', 98, 52, 1, 1, '', 55.00, '2024-03-26 07:27:25'),
(71, 'f2f012d6-5cbf-4f61-98ab-92014e8d2335', 98, 49, 12, 1, '', 30.00, '2024-03-26 07:27:30'),
(79, '25bf0264-64c7-40f3-9665-0598384551c0', 17, 1, 8, 1, '', 100.00, '2024-04-05 10:43:55'),
(83, '0617ec0c-54f5-4ef7-b391-2c71180c483b', 17, 49, 1, 2, '500 ML', 42.00, '2024-04-10 11:31:43'),
(84, 'c3378e8e-0a1f-45aa-9a69-a3004c2d03a7', 17, 49, 1, 1, '500 ML', 42.00, '2024-04-10 11:41:39'),
(86, '66ae14f6-82df-48d4-beee-933a0c6aff10', 17, 49, 1, 1, '500 ML', 42.00, '2024-04-10 12:16:39'),
(87, '66ae14f6-82df-48d4-beee-933a0c6aff10', 17, 1, 8, 1, '300 G', 100.00, '2024-04-10 12:18:36'),
(98, '3a3bb22a-aaff-4a76-9ed8-1935e8f5e7be', 100, 1, 8, 1, '300 G', 100.00, '2024-04-11 01:16:09'),
(94, '3a3bb22a-aaff-4a76-9ed8-1935e8f5e7be', 100, 52, 1, 1, '500 ML', 55.00, '2024-04-11 01:14:57'),
(95, '8a0171ad-3286-4798-bf54-9fc270ca08b0', 89, 52, 1, 1, '500 ML', 55.00, '2024-04-11 01:15:40'),
(97, 'fcfa8993-3807-436c-8551-1d3eab1c859b', 89, 49, 1, 4, '500 ML', 42.00, '2024-04-11 01:16:06'),
(247, '46fb5b7b-1a5a-4532-bf30-433c5609750e', 114, 54, 7, 1, '1 KG', 100.00, '2024-05-08 10:56:11'),
(100, '074835f8-fc78-40d6-8993-fdd2ddb9d124', 89, 50, 12, 1, '150 G', 68.00, '2024-04-11 01:19:43'),
(101, '76c13aa7-aee1-4387-9157-03abe90d0fd5', 100, 49, 1, 5, '500 ML', 42.00, '2024-04-11 02:06:18'),
(102, '76c13aa7-aee1-4387-9157-03abe90d0fd5', 100, 52, 1, 1, '500 ML', 55.00, '2024-04-11 02:06:19'),
(103, '76c13aa7-aee1-4387-9157-03abe90d0fd5', 100, 1, 8, 1, '300 G', 100.00, '2024-04-11 02:06:21'),
(104, '76c13aa7-aee1-4387-9157-03abe90d0fd5', 100, 4, 9, 1, '900 G', 57.80, '2024-04-11 02:06:22'),
(111, 'f1569a36-0fe7-4010-9aa1-b5ca0c44e6e8', 100, 1, 8, 1, '300 G', 100.00, '2024-04-11 02:11:14'),
(118, 'ea39fdfc-d879-4c00-952f-e1bf42638f47', 89, 49, 1, 1, '500 ML', 42.00, '2024-04-11 02:23:05'),
(112, '36067847-fcfc-44aa-b16f-6e7279bffba1', 100, 1, 8, 1, '300 G', 100.00, '2024-04-11 02:16:20'),
(248, '46fb5b7b-1a5a-4532-bf30-433c5609750e', 114, 49, 1, 1, '500 ML', 42.00, '2024-05-08 10:56:29'),
(122, '3ad1e6e7-50bb-4fdc-b5c8-cebc323168b5', 89, 3, 11, 1, '650 ML', 99.20, '2024-04-11 02:25:46'),
(270, '4343bbc8-b15f-41b4-9421-cc91759e14a6', 116, 58, 1, 1, '500 ML', 55.00, '2024-05-09 03:05:10'),
(119, 'ea39fdfc-d879-4c00-952f-e1bf42638f47', 89, 3, 11, 4, '650 ML', 99.20, '2024-04-11 02:23:16'),
(120, '322540e4-a00f-4bfa-862f-dfc64b705734', 89, 3, 11, 1, '650 ML', 99.20, '2024-04-11 02:23:30'),
(245, 'e6d912d8-d50a-430c-9b36-be3d08501135', 114, 1, 8, 1, '300 G', 100.00, '2024-05-07 04:52:42'),
(133, '39b0535d-6d32-43c3-8f8f-4d602ad94dbd', 107, 49, 1, 3, '500 ML', 42.00, '2024-04-11 04:04:55'),
(129, '8698d25e-12b1-4a34-a9f6-36fd1d71eafd', 106, 3, 11, 3, '650 ML', 99.20, '2024-04-11 03:26:01'),
(130, '8698d25e-12b1-4a34-a9f6-36fd1d71eafd', 106, 4, 9, 2, '900 G', 57.80, '2024-04-11 03:26:12'),
(132, '8698d25e-12b1-4a34-a9f6-36fd1d71eafd', 106, 51, 1, 3, '500 ML', 50.00, '2024-04-11 03:26:43'),
(136, '39b0535d-6d32-43c3-8f8f-4d602ad94dbd', 107, 52, 1, 3, '500 ML', 55.00, '2024-04-11 04:08:40'),
(246, 'e6d912d8-d50a-430c-9b36-be3d08501135', 114, 3, 11, 1, '650 ML', 99.20, '2024-05-07 04:52:44'),
(137, '39b0535d-6d32-43c3-8f8f-4d602ad94dbd', 107, 1, 8, 2, '300 G', 100.00, '2024-04-11 04:08:59'),
(278, 'e486822c-42bc-43ac-9b09-0b7273acde3e', 124, 54, 7, 1, '1 KG', 100.00, '2024-05-09 04:51:52'),
(243, 'e6d912d8-d50a-430c-9b36-be3d08501135', 114, 49, 1, 1, '500 ML', 42.00, '2024-05-07 04:52:36'),
(244, 'e6d912d8-d50a-430c-9b36-be3d08501135', 114, 52, 1, 1, '500 ML', 55.00, '2024-05-07 04:52:38'),
(147, '8826f482-3d0d-49ec-a609-8be62e5672a3', 17, 49, 1, 1, '500 ML', 42.00, '2024-04-21 06:06:22'),
(269, '4343bbc8-b15f-41b4-9421-cc91759e14a6', 116, 54, 7, 1, '1 KG', 100.00, '2024-05-09 03:01:38'),
(242, 'a7cfce66-ff68-4730-abaf-9756265f107c', 114, 52, 1, 2, '500 ML', 55.00, '2024-05-07 04:38:26'),
(241, 'a7cfce66-ff68-4730-abaf-9756265f107c', 114, 49, 1, 2, '500 ML', 42.00, '2024-05-07 04:38:21'),
(236, '86e84c32-617b-47ec-a23a-52b5401cf26b', 109, 52, 1, 1, '500 ML', 55.00, '2024-05-03 09:37:07'),
(231, 'c234555e-12e9-4d1c-b7ca-1195478ac4f3', 110, 52, 1, 2, '500 ML', 55.00, '2024-05-03 09:14:16'),
(235, '86e84c32-617b-47ec-a23a-52b5401cf26b', 109, 49, 1, 1, '500 ML', 42.00, '2024-05-03 09:37:06'),
(234, '11993369-e0d2-45eb-bb30-fbadd0cce08e', 110, 49, 1, 1, '500 ML', 42.00, '2024-05-03 09:31:48'),
(279, '9130f703-709d-4c42-ac37-4040868b0713', 132, 54, 7, 2, '1 KG', 100.00, '2024-05-09 05:33:20'),
(280, '9130f703-709d-4c42-ac37-4040868b0713', 132, 50, 12, 1, '150 G', 68.00, '2024-05-09 05:33:26'),
(300, 'e3432c0a-5f18-429e-a364-19628d587a05', 114, 50, 12, 1, '150 G', 68.00, '2024-05-14 05:41:33'),
(289, '365bb23f-8dcf-48e4-8608-1a6d6f6c8b5e', 114, 61, 7, 1, '1 KG', 1000.00, '2024-05-10 10:51:39'),
(299, 'e8f193cb-41e8-45e4-9e2e-d7818afc2226', 114, 59, 1, 1, '500 ML', 100.00, '2024-05-14 05:39:25'),
(346, '363def3c-56be-4327-988e-69b566c81e39', 121, 63, 7, 5, '1 KG', 60.00, '2024-05-25 11:18:46'),
(349, 'e0fb48f4-c237-41d3-bb2c-885f59b10fcf', 121, 61, 7, 3, '1 KG', 1200.00, '2024-05-28 09:36:56'),
(353, 'fd799744-9dd4-40f8-a5b1-e8f35ae966d9', 137, 61, 7, 1, '1 KG', 1200.00, '2024-06-14 05:36:52'),
(388, '19ec465e-1067-46c8-8e8b-37a41a7e34c3', 121, 56, 12, 6, '150 G', 30.00, '2024-06-23 06:52:01'),
(389, '19ec465e-1067-46c8-8e8b-37a41a7e34c3', 121, 63, 7, 1, '1 KG', 60.00, '2024-06-23 06:52:35'),
(387, 'b92288f9-4110-489d-ae80-8c2b0ee78a42', 138, 53, 7, 1, '1 KG', 1400.00, '2024-06-17 05:35:11'),
(385, '6661dd6a-fc61-4042-ae0a-37279b5f18f3', 138, 51, 1, 2, '500 ML', 50.00, '2024-06-17 05:34:29'),
(386, '25db6145-f330-4f6e-864b-4f42fca967c9', 138, 3, 11, 1, '650 ML', 99.20, '2024-06-17 05:35:04'),
(384, '3532fa54-0286-4102-bba0-89f23012357b', 138, 51, 1, 1, '500 ML', 50.00, '2024-06-17 05:34:27');

-- --------------------------------------------------------

--
-- Table structure for table `categories`
--

CREATE TABLE `categories` (
  `id` int(11) NOT NULL,
  `parent_id` int(11) NOT NULL,
  `category_name` varchar(50) NOT NULL,
  `description` text NOT NULL,
  `category_image` varchar(100) NOT NULL,
  `category_status` enum('Inactive','Active') NOT NULL,
  `main_menu` varchar(20) NOT NULL,
  `featured_category` enum('No','Yes') NOT NULL,
  `show_products_home` enum('No','Yes') NOT NULL,
  `created_by` int(10) NOT NULL,
  `created_on` datetime NOT NULL,
  `updated_on` datetime NOT NULL
) ENGINE=InnoDB DEFAULT CHARSET=latin1 COLLATE=latin1_swedish_ci;

--
-- Dumping data for table `categories`
--

INSERT INTO `categories` (`id`, `parent_id`, `category_name`, `description`, `category_image`, `category_status`, `main_menu`, `featured_category`, `show_products_home`, `created_by`, `created_on`, `updated_on`) VALUES
(1, 0, 'Dairy', 'Dairy Products', 'uploads/categories/1710680890.jpg', 'Active', 'Yes', 'Yes', 'No', 1, '2022-03-25 13:05:15', '2024-05-10 20:53:58'),
(6, 0, 'Groceries', 'Groceries', 'uploads/categories/1715355950.jpg', 'Active', 'Yes', 'Yes', 'Yes', 1, '2024-04-05 16:41:38', '2024-05-10 21:15:56'),
(7, 0, 'Non - Veg', 'Meat', 'uploads/categories/1715077462.jpg', 'Active', 'Yes', 'Yes', 'Yes', 1, '2024-05-07 15:59:06', '2024-05-08 12:50:49'),
(8, 0, 'Fruits', 'Fruits ', 'uploads/categories/1715145399.jpg', 'Active', 'Yes', 'Yes', 'Yes', 1, '2024-05-07 16:51:27', '2024-05-14 17:20:22'),
(9, 0, 'Vegetables', 'Vegetables', 'uploads/categories/1715146651.jpg', 'Active', 'Yes', 'Yes', 'Yes', 1, '2024-05-08 11:07:40', '0000-00-00 00:00:00');

-- --------------------------------------------------------

--
-- Table structure for table `collections`
--

CREATE TABLE `collections` (
  `id` int(11) NOT NULL,
  `collection_name` varchar(100) NOT NULL,
  `collection_status` enum('Active','Inactive') NOT NULL,
  `created_on` datetime NOT NULL,
  `updated_on` datetime NOT NULL
) ENGINE=InnoDB DEFAULT CHARSET=latin1 COLLATE=latin1_swedish_ci;

-- --------------------------------------------------------

--
-- Table structure for table `colors`
--

CREATE TABLE `colors` (
  `id` int(11) NOT NULL,
  `color_name` varchar(100) NOT NULL,
  `color_code` varchar(100) NOT NULL,
  `color_status` enum('Active','Inactive') NOT NULL,
  `created_on` datetime NOT NULL,
  `updated_on` datetime NOT NULL
) ENGINE=InnoDB DEFAULT CHARSET=latin1 COLLATE=latin1_swedish_ci;

-- --------------------------------------------------------

--
-- Table structure for table `contact_details`
--

CREATE TABLE `contact_details` (
  `id` int(11) NOT NULL,
  `contact_number` varchar(100) NOT NULL,
  `contact_email` varchar(200) NOT NULL,
  `contact_address` text NOT NULL,
  `updated_on` datetime NOT NULL
) ENGINE=MyISAM DEFAULT CHARSET=latin1 COLLATE=latin1_swedish_ci;

--
-- Dumping data for table `contact_details`
--

INSERT INTO `contact_details` (`id`, `contact_number`, `contact_email`, `contact_address`, `updated_on`) VALUES
(1, '7502391111', 'info@ktssilverworld.com', 'Shop NO.3-5-90/P/91, Attapur Hyderguda, Hyderabad, Telangana -500048', '0000-00-00 00:00:00');

-- --------------------------------------------------------

--
-- Table structure for table `country`
--

CREATE TABLE `country` (
  `id` int(11) NOT NULL,
  `iso` char(2) NOT NULL,
  `name` varchar(80) NOT NULL,
  `nicename` varchar(80) NOT NULL
) ENGINE=MyISAM DEFAULT CHARSET=latin1 COLLATE=latin1_swedish_ci;

--
-- Dumping data for table `country`
--

INSERT INTO `country` (`id`, `iso`, `name`, `nicename`) VALUES
(1, 'AF', 'AFGHANISTAN', 'Afghanistan'),
(2, 'AL', 'ALBANIA', 'Albania'),
(3, 'DZ', 'ALGERIA', 'Algeria'),
(4, 'AS', 'AMERICAN SAMOA', 'American Samoa'),
(5, 'AD', 'ANDORRA', 'Andorra'),
(6, 'AO', 'ANGOLA', 'Angola'),
(7, 'AI', 'ANGUILLA', 'Anguilla'),
(8, 'AQ', 'ANTARCTICA', 'Antarctica'),
(9, 'AG', 'ANTIGUA AND BARBUDA', 'Antigua and Barbuda'),
(10, 'AR', 'ARGENTINA', 'Argentina'),
(11, 'AM', 'ARMENIA', 'Armenia'),
(12, 'AW', 'ARUBA', 'Aruba'),
(13, 'AU', 'AUSTRALIA', 'Australia'),
(14, 'AT', 'AUSTRIA', 'Austria'),
(15, 'AZ', 'AZERBAIJAN', 'Azerbaijan'),
(16, 'BS', 'BAHAMAS', 'Bahamas'),
(17, 'BH', 'BAHRAIN', 'Bahrain'),
(18, 'BD', 'BANGLADESH', 'Bangladesh'),
(19, 'BB', 'BARBADOS', 'Barbados'),
(20, 'BY', 'BELARUS', 'Belarus'),
(21, 'BE', 'BELGIUM', 'Belgium'),
(22, 'BZ', 'BELIZE', 'Belize'),
(23, 'BJ', 'BENIN', 'Benin'),
(24, 'BM', 'BERMUDA', 'Bermuda'),
(25, 'BT', 'BHUTAN', 'Bhutan'),
(26, 'BO', 'BOLIVIA', 'Bolivia'),
(27, 'BA', 'BOSNIA AND HERZEGOVINA', 'Bosnia and Herzegovina'),
(28, 'BW', 'BOTSWANA', 'Botswana'),
(29, 'BV', 'BOUVET ISLAND', 'Bouvet Island'),
(30, 'BR', 'BRAZIL', 'Brazil'),
(31, 'IO', 'BRITISH INDIAN OCEAN TERRITORY', 'British Indian Ocean Territory'),
(32, 'BN', 'BRUNEI DARUSSALAM', 'Brunei Darussalam'),
(33, 'BG', 'BULGARIA', 'Bulgaria'),
(34, 'BF', 'BURKINA FASO', 'Burkina Faso'),
(35, 'BI', 'BURUNDI', 'Burundi'),
(36, 'KH', 'CAMBODIA', 'Cambodia'),
(37, 'CM', 'CAMEROON', 'Cameroon'),
(38, 'CA', 'CANADA', 'Canada'),
(39, 'CV', 'CAPE VERDE', 'Cape Verde'),
(40, 'KY', 'CAYMAN ISLANDS', 'Cayman Islands'),
(41, 'CF', 'CENTRAL AFRICAN REPUBLIC', 'Central African Republic'),
(42, 'TD', 'CHAD', 'Chad'),
(43, 'CL', 'CHILE', 'Chile'),
(44, 'CN', 'CHINA', 'China'),
(45, 'CX', 'CHRISTMAS ISLAND', 'Christmas Island'),
(46, 'CC', 'COCOS (KEELING) ISLANDS', 'Cocos (Keeling) Islands'),
(47, 'CO', 'COLOMBIA', 'Colombia'),
(48, 'KM', 'COMOROS', 'Comoros'),
(49, 'CG', 'CONGO', 'Congo'),
(50, 'CD', 'CONGO, THE DEMOCRATIC REPUBLIC OF THE', 'Congo, the Democratic Republic of the'),
(51, 'CK', 'COOK ISLANDS', 'Cook Islands'),
(52, 'CR', 'COSTA RICA', 'Costa Rica'),
(53, 'CI', 'COTE D\'IVOIRE', 'Cote D\'Ivoire'),
(54, 'HR', 'CROATIA', 'Croatia'),
(55, 'CU', 'CUBA', 'Cuba'),
(56, 'CY', 'CYPRUS', 'Cyprus'),
(57, 'CZ', 'CZECH REPUBLIC', 'Czech Republic'),
(58, 'DK', 'DENMARK', 'Denmark'),
(59, 'DJ', 'DJIBOUTI', 'Djibouti'),
(60, 'DM', 'DOMINICA', 'Dominica'),
(61, 'DO', 'DOMINICAN REPUBLIC', 'Dominican Republic'),
(62, 'EC', 'ECUADOR', 'Ecuador'),
(63, 'EG', 'EGYPT', 'Egypt'),
(64, 'SV', 'EL SALVADOR', 'El Salvador'),
(65, 'GQ', 'EQUATORIAL GUINEA', 'Equatorial Guinea'),
(66, 'ER', 'ERITREA', 'Eritrea'),
(67, 'EE', 'ESTONIA', 'Estonia'),
(68, 'ET', 'ETHIOPIA', 'Ethiopia'),
(69, 'FK', 'FALKLAND ISLANDS (MALVINAS)', 'Falkland Islands (Malvinas)'),
(70, 'FO', 'FAROE ISLANDS', 'Faroe Islands'),
(71, 'FJ', 'FIJI', 'Fiji'),
(72, 'FI', 'FINLAND', 'Finland'),
(73, 'FR', 'FRANCE', 'France'),
(74, 'GF', 'FRENCH GUIANA', 'French Guiana'),
(75, 'PF', 'FRENCH POLYNESIA', 'French Polynesia'),
(76, 'TF', 'FRENCH SOUTHERN TERRITORIES', 'French Southern Territories'),
(77, 'GA', 'GABON', 'Gabon'),
(78, 'GM', 'GAMBIA', 'Gambia'),
(79, 'GE', 'GEORGIA', 'Georgia'),
(80, 'DE', 'GERMANY', 'Germany'),
(81, 'GH', 'GHANA', 'Ghana'),
(82, 'GI', 'GIBRALTAR', 'Gibraltar'),
(83, 'GR', 'GREECE', 'Greece'),
(84, 'GL', 'GREENLAND', 'Greenland'),
(85, 'GD', 'GRENADA', 'Grenada'),
(86, 'GP', 'GUADELOUPE', 'Guadeloupe'),
(87, 'GU', 'GUAM', 'Guam'),
(88, 'GT', 'GUATEMALA', 'Guatemala'),
(89, 'GN', 'GUINEA', 'Guinea'),
(90, 'GW', 'GUINEA-BISSAU', 'Guinea-Bissau'),
(91, 'GY', 'GUYANA', 'Guyana'),
(92, 'HT', 'HAITI', 'Haiti'),
(93, 'HM', 'HEARD ISLAND AND MCDONALD ISLANDS', 'Heard Island and Mcdonald Islands'),
(94, 'VA', 'HOLY SEE (VATICAN CITY STATE)', 'Holy See (Vatican City State)'),
(95, 'HN', 'HONDURAS', 'Honduras'),
(96, 'HK', 'HONG KONG', 'Hong Kong'),
(97, 'HU', 'HUNGARY', 'Hungary'),
(98, 'IS', 'ICELAND', 'Iceland'),
(99, 'IN', 'INDIA', 'India'),
(100, 'ID', 'INDONESIA', 'Indonesia'),
(101, 'IR', 'IRAN, ISLAMIC REPUBLIC OF', 'Iran, Islamic Republic of'),
(102, 'IQ', 'IRAQ', 'Iraq'),
(103, 'IE', 'IRELAND', 'Ireland'),
(104, 'IL', 'ISRAEL', 'Israel'),
(105, 'IT', 'ITALY', 'Italy'),
(106, 'JM', 'JAMAICA', 'Jamaica'),
(107, 'JP', 'JAPAN', 'Japan'),
(108, 'JO', 'JORDAN', 'Jordan'),
(109, 'KZ', 'KAZAKHSTAN', 'Kazakhstan'),
(110, 'KE', 'KENYA', 'Kenya'),
(111, 'KI', 'KIRIBATI', 'Kiribati'),
(112, 'KP', 'KOREA, DEMOCRATIC PEOPLE\'S REPUBLIC OF', 'Korea, Democratic People\'s Republic of'),
(113, 'KR', 'KOREA, REPUBLIC OF', 'Korea, Republic of'),
(114, 'KW', 'KUWAIT', 'Kuwait'),
(115, 'KG', 'KYRGYZSTAN', 'Kyrgyzstan'),
(116, 'LA', 'LAO PEOPLE\'S DEMOCRATIC REPUBLIC', 'Lao People\'s Democratic Republic'),
(117, 'LV', 'LATVIA', 'Latvia'),
(118, 'LB', 'LEBANON', 'Lebanon'),
(119, 'LS', 'LESOTHO', 'Lesotho'),
(120, 'LR', 'LIBERIA', 'Liberia'),
(121, 'LY', 'LIBYAN ARAB JAMAHIRIYA', 'Libyan Arab Jamahiriya'),
(122, 'LI', 'LIECHTENSTEIN', 'Liechtenstein'),
(123, 'LT', 'LITHUANIA', 'Lithuania'),
(124, 'LU', 'LUXEMBOURG', 'Luxembourg'),
(125, 'MO', 'MACAO', 'Macao'),
(126, 'MK', 'MACEDONIA, THE FORMER YUGOSLAV REPUBLIC OF', 'Macedonia, the Former Yugoslav Republic of'),
(127, 'MG', 'MADAGASCAR', 'Madagascar'),
(128, 'MW', 'MALAWI', 'Malawi'),
(129, 'MY', 'MALAYSIA', 'Malaysia'),
(130, 'MV', 'MALDIVES', 'Maldives'),
(131, 'ML', 'MALI', 'Mali'),
(132, 'MT', 'MALTA', 'Malta'),
(133, 'MH', 'MARSHALL ISLANDS', 'Marshall Islands'),
(134, 'MQ', 'MARTINIQUE', 'Martinique'),
(135, 'MR', 'MAURITANIA', 'Mauritania'),
(136, 'MU', 'MAURITIUS', 'Mauritius'),
(137, 'YT', 'MAYOTTE', 'Mayotte'),
(138, 'MX', 'MEXICO', 'Mexico'),
(139, 'FM', 'MICRONESIA, FEDERATED STATES OF', 'Micronesia, Federated States of'),
(140, 'MD', 'MOLDOVA, REPUBLIC OF', 'Moldova, Republic of'),
(141, 'MC', 'MONACO', 'Monaco'),
(142, 'MN', 'MONGOLIA', 'Mongolia'),
(143, 'MS', 'MONTSERRAT', 'Montserrat'),
(144, 'MA', 'MOROCCO', 'Morocco'),
(145, 'MZ', 'MOZAMBIQUE', 'Mozambique'),
(146, 'MM', 'MYANMAR', 'Myanmar'),
(147, 'NA', 'NAMIBIA', 'Namibia'),
(148, 'NR', 'NAURU', 'Nauru'),
(149, 'NP', 'NEPAL', 'Nepal'),
(150, 'NL', 'NETHERLANDS', 'Netherlands'),
(151, 'AN', 'NETHERLANDS ANTILLES', 'Netherlands Antilles'),
(152, 'NC', 'NEW CALEDONIA', 'New Caledonia'),
(153, 'NZ', 'NEW ZEALAND', 'New Zealand'),
(154, 'NI', 'NICARAGUA', 'Nicaragua'),
(155, 'NE', 'NIGER', 'Niger'),
(156, 'NG', 'NIGERIA', 'Nigeria'),
(157, 'NU', 'NIUE', 'Niue'),
(158, 'NF', 'NORFOLK ISLAND', 'Norfolk Island'),
(159, 'MP', 'NORTHERN MARIANA ISLANDS', 'Northern Mariana Islands'),
(160, 'NO', 'NORWAY', 'Norway'),
(161, 'OM', 'OMAN', 'Oman'),
(162, 'PK', 'PAKISTAN', 'Pakistan'),
(163, 'PW', 'PALAU', 'Palau'),
(164, 'PS', 'PALESTINIAN TERRITORY, OCCUPIED', 'Palestinian Territory, Occupied'),
(165, 'PA', 'PANAMA', 'Panama'),
(166, 'PG', 'PAPUA NEW GUINEA', 'Papua New Guinea'),
(167, 'PY', 'PARAGUAY', 'Paraguay'),
(168, 'PE', 'PERU', 'Peru'),
(169, 'PH', 'PHILIPPINES', 'Philippines'),
(170, 'PN', 'PITCAIRN', 'Pitcairn'),
(171, 'PL', 'POLAND', 'Poland'),
(172, 'PT', 'PORTUGAL', 'Portugal'),
(173, 'PR', 'PUERTO RICO', 'Puerto Rico'),
(174, 'QA', 'QATAR', 'Qatar'),
(175, 'RE', 'REUNION', 'Reunion'),
(176, 'RO', 'ROMANIA', 'Romania'),
(177, 'RU', 'RUSSIAN FEDERATION', 'Russian Federation'),
(178, 'RW', 'RWANDA', 'Rwanda'),
(179, 'SH', 'SAINT HELENA', 'Saint Helena'),
(180, 'KN', 'SAINT KITTS AND NEVIS', 'Saint Kitts and Nevis'),
(181, 'LC', 'SAINT LUCIA', 'Saint Lucia'),
(182, 'PM', 'SAINT PIERRE AND MIQUELON', 'Saint Pierre and Miquelon'),
(183, 'VC', 'SAINT VINCENT AND THE GRENADINES', 'Saint Vincent and the Grenadines'),
(184, 'WS', 'SAMOA', 'Samoa'),
(185, 'SM', 'SAN MARINO', 'San Marino'),
(186, 'ST', 'SAO TOME AND PRINCIPE', 'Sao Tome and Principe'),
(187, 'SA', 'SAUDI ARABIA', 'Saudi Arabia'),
(188, 'SN', 'SENEGAL', 'Senegal'),
(189, 'CS', 'SERBIA AND MONTENEGRO', 'Serbia and Montenegro'),
(190, 'SC', 'SEYCHELLES', 'Seychelles'),
(191, 'SL', 'SIERRA LEONE', 'Sierra Leone'),
(192, 'SG', 'SINGAPORE', 'Singapore'),
(193, 'SK', 'SLOVAKIA', 'Slovakia'),
(194, 'SI', 'SLOVENIA', 'Slovenia'),
(195, 'SB', 'SOLOMON ISLANDS', 'Solomon Islands'),
(196, 'SO', 'SOMALIA', 'Somalia'),
(197, 'ZA', 'SOUTH AFRICA', 'South Africa'),
(198, 'GS', 'SOUTH GEORGIA AND THE SOUTH SANDWICH ISLANDS', 'South Georgia and the South Sandwich Islands'),
(199, 'ES', 'SPAIN', 'Spain'),
(200, 'LK', 'SRI LANKA', 'Sri Lanka'),
(201, 'SD', 'SUDAN', 'Sudan'),
(202, 'SR', 'SURINAME', 'Suriname'),
(203, 'SJ', 'SVALBARD AND JAN MAYEN', 'Svalbard and Jan Mayen'),
(204, 'SZ', 'SWAZILAND', 'Swaziland'),
(205, 'SE', 'SWEDEN', 'Sweden'),
(206, 'CH', 'SWITZERLAND', 'Switzerland'),
(207, 'SY', 'SYRIAN ARAB REPUBLIC', 'Syrian Arab Republic'),
(208, 'TW', 'TAIWAN, PROVINCE OF CHINA', 'Taiwan, Province of China'),
(209, 'TJ', 'TAJIKISTAN', 'Tajikistan'),
(210, 'TZ', 'TANZANIA, UNITED REPUBLIC OF', 'Tanzania, United Republic of'),
(211, 'TH', 'THAILAND', 'Thailand'),
(212, 'TL', 'TIMOR-LESTE', 'Timor-Leste'),
(213, 'TG', 'TOGO', 'Togo'),
(214, 'TK', 'TOKELAU', 'Tokelau'),
(215, 'TO', 'TONGA', 'Tonga'),
(216, 'TT', 'TRINIDAD AND TOBAGO', 'Trinidad and Tobago'),
(217, 'TN', 'TUNISIA', 'Tunisia'),
(218, 'TR', 'TURKEY', 'Turkey'),
(219, 'TM', 'TURKMENISTAN', 'Turkmenistan'),
(220, 'TC', 'TURKS AND CAICOS ISLANDS', 'Turks and Caicos Islands'),
(221, 'TV', 'TUVALU', 'Tuvalu'),
(222, 'UG', 'UGANDA', 'Uganda'),
(223, 'UA', 'UKRAINE', 'Ukraine'),
(224, 'AE', 'UNITED ARAB EMIRATES', 'United Arab Emirates'),
(225, 'GB', 'UNITED KINGDOM', 'United Kingdom'),
(226, 'US', 'UNITED STATES', 'United States'),
(227, 'UM', 'UNITED STATES MINOR OUTLYING ISLANDS', 'United States Minor Outlying Islands'),
(228, 'UY', 'URUGUAY', 'Uruguay'),
(229, 'UZ', 'UZBEKISTAN', 'Uzbekistan'),
(230, 'VU', 'VANUATU', 'Vanuatu'),
(231, 'VE', 'VENEZUELA', 'Venezuela'),
(232, 'VN', 'VIET NAM', 'Viet Nam'),
(233, 'VG', 'VIRGIN ISLANDS, BRITISH', 'Virgin Islands, British'),
(234, 'VI', 'VIRGIN ISLANDS, U.S.', 'Virgin Islands, U.s.'),
(235, 'WF', 'WALLIS AND FUTUNA', 'Wallis and Futuna'),
(236, 'EH', 'WESTERN SAHARA', 'Western Sahara'),
(237, 'YE', 'YEMEN', 'Yemen'),
(238, 'ZM', 'ZAMBIA', 'Zambia'),
(239, 'ZW', 'ZIMBABWE', 'Zimbabwe');

-- --------------------------------------------------------

--
-- Table structure for table `coupons`
--

CREATE TABLE `coupons` (
  `id` int(11) NOT NULL,
  `coupon_title` varchar(100) NOT NULL,
  `coupon_code` varchar(50) NOT NULL,
  `coupon_description` varchar(255) NOT NULL,
  `min_cart` enum('No','Yes') NOT NULL,
  `minimum_cart_value_inr` decimal(25,2) NOT NULL,
  `minimum_cart_value_usd` decimal(25,2) DEFAULT NULL,
  `coupon_percentage_inr` decimal(25,1) NOT NULL,
  `coupon_percentage_usd` decimal(25,1) DEFAULT NULL,
  `offer_from` date NOT NULL,
  `offer_to` date NOT NULL,
  `created_on` datetime NOT NULL,
  `coupon_type` enum('public','private') NOT NULL DEFAULT 'public',
  `coupon_status` enum('Active','Inactive') NOT NULL
) ENGINE=MyISAM DEFAULT CHARSET=latin1 COLLATE=latin1_swedish_ci;

--
-- Dumping data for table `coupons`
--

INSERT INTO `coupons` (`id`, `coupon_title`, `coupon_code`, `coupon_description`, `min_cart`, `minimum_cart_value_inr`, `minimum_cart_value_usd`, `coupon_percentage_inr`, `coupon_percentage_usd`, `offer_from`, `offer_to`, `created_on`, `coupon_type`, `coupon_status`) VALUES
(1, 'First30', 'FIRST30', 'testing', 'Yes', 500.00, NULL, 30.0, NULL, '2022-06-10', '2022-06-11', '2022-06-10 22:11:03', 'public', 'Inactive'),
(2, 'KtsCoupon1', 'KTS5%', 'This Will Give You 5% Off On Your Purchase', 'No', 0.00, 0.00, 5.0, 1.0, '2022-06-10', '2022-10-30', '2022-06-10 22:15:23', 'public', 'Active'),
(3, 'kjdnfbj', 'jkfbcjksjjbk', 'knksfjb dsfjfjkk', 'Yes', 500.00, NULL, 30.0, NULL, '2022-07-22', '2022-07-23', '2022-07-22 22:25:27', 'private', 'Active'),
(4, 'Sunil5%', 'Sunil5%', 'Sunil5%', 'No', 0.00, 0.00, 5.0, NULL, '2022-07-23', '2022-11-30', '2022-07-23 10:18:15', 'private', 'Active'),
(5, 'Lav4payal', 'Lav4payals', 'Exclusive coupon will give 10 percent discount', 'No', 0.00, 0.00, 10.0, NULL, '2022-07-24', '2022-08-29', '2022-07-24 12:41:14', 'private', 'Active'),
(6, 'sUNIL pRIVATE', 'Private10%', 'PRIVATE10%', 'Yes', 1000.00, 0.00, 10.0, NULL, '2022-08-04', '2022-08-12', '2022-08-04 13:07:23', 'private', 'Active'),
(7, '3 Months Advance Payment', '3MBMPAY', '3 months advance payment concession', 'Yes', 4500.00, NULL, 4500.0, NULL, '2024-06-01', '2024-08-31', '2024-05-08 16:21:42', 'public', 'Active');

-- --------------------------------------------------------

--
-- Table structure for table `customer_bills`
--

CREATE TABLE `customer_bills` (
  `id` int(11) NOT NULL,
  `user_id` int(11) NOT NULL,
  `bill` varchar(100) NOT NULL,
  `created_on` datetime DEFAULT NULL
) ENGINE=InnoDB DEFAULT CHARSET=latin1 COLLATE=latin1_swedish_ci;

--
-- Dumping data for table `customer_bills`
--

INSERT INTO `customer_bills` (`id`, `user_id`, `bill`, `created_on`) VALUES
(1, 17, 'uploads/bills/customer_invoice_1713605591.pdf', '2024-04-20 03:03:11');

-- --------------------------------------------------------

--
-- Table structure for table `delivery_lanes`
--

CREATE TABLE `delivery_lanes` (
  `id` int(11) NOT NULL,
  `delivery_lane_title` varchar(100) NOT NULL,
  `description` text NOT NULL,
  `delivery_agent` int(11) NOT NULL,
  `status` enum('Active','Inactive') NOT NULL DEFAULT 'Active',
  `created_on` datetime NOT NULL,
  `created_by` int(11) NOT NULL,
  `updated_on` datetime NOT NULL,
  `updated_by` int(11) NOT NULL
) ENGINE=InnoDB DEFAULT CHARSET=latin1 COLLATE=latin1_swedish_ci;

--
-- Dumping data for table `delivery_lanes`
--

INSERT INTO `delivery_lanes` (`id`, `delivery_lane_title`, `description`, `delivery_agent`, `status`, `created_on`, `created_by`, `updated_on`, `updated_by`) VALUES
(1, 'Madhapur', 'edf iefidhif d', 103, 'Active', '2024-03-30 22:16:43', 1, '2024-03-30 22:28:10', 0),
(2, 'Kondapur', 'edf iefidhif d', 103, 'Active', '2024-03-30 22:16:43', 1, '2024-03-30 22:28:10', 0),
(3, 'MyHome', 'MyHome', 113, 'Active', '2024-05-07 16:13:34', 1, '2024-05-07 16:14:31', 0),
(4, 'CBCID', 'CBCID', 111, 'Active', '2024-05-07 16:19:07', 1, '0000-00-00 00:00:00', 0),
(5, 'Nizampet', 'Customers in and around Nizampet area.', 112, 'Active', '2024-05-08 16:18:19', 1, '0000-00-00 00:00:00', 0),
(6, 'Miyapur', 'Orders near Miyapur', 133, 'Active', '2024-05-09 17:47:16', 1, '0000-00-00 00:00:00', 0),
(7, 'Kondapur1', 'Customer comes under kondapur area.', 129, 'Active', '2024-05-09 17:48:20', 1, '0000-00-00 00:00:00', 0),
(8, 'Chandanagar', 'Customers who are in chandanagar area', 126, 'Active', '2024-05-09 17:58:39', 1, '0000-00-00 00:00:00', 0),
(9, 'Mathrusri nagar', '', 126, 'Active', '2024-05-10 22:17:00', 1, '2024-05-10 22:17:30', 0);

-- --------------------------------------------------------

--
-- Table structure for table `email_templates`
--

CREATE TABLE `email_templates` (
  `id` int(11) NOT NULL,
  `template_name` varchar(100) NOT NULL,
  `subject` varchar(255) NOT NULL,
  `template_body` text NOT NULL,
  `other_emails` text NOT NULL,
  `created_on` datetime NOT NULL,
  `updated_on` datetime NOT NULL
) ENGINE=InnoDB DEFAULT CHARSET=latin1 COLLATE=latin1_swedish_ci;

--
-- Dumping data for table `email_templates`
--

INSERT INTO `email_templates` (`id`, `template_name`, `subject`, `template_body`, `other_emails`, `created_on`, `updated_on`) VALUES
(1, 'Delivery Agent Registration', 'Registration Details - Dhensuya', '<p>Dear <strong>##NAME##,</strong></p>\r\n<p>Welcome to <a href=\"##SITEURL##\">##SITENAME##</a>. Thank you for registering with us.</p>\r\n<p>Your login information is as follows:</p>\r\n<p><strong>Email: ##EMAIL##</strong><strong><br />Password: ##PASSWORD##</strong></p>\r\n<p><br />To login, please click <a href=\"##ADMINURL##\">here</a> and type the username and password given above.<br />We request you to make note of this information for future reference<br /><br /><br />Warm Regards, <br /><strong><a href=\"##SITEURL##\">##SITENAME##</a> Team</strong></p>\r\n<p><br /><strong>Note: </strong>You can change the password by login in <a href=\"##ADMINURL##\">here</a> and clicking on changing password link in the <strong>My Account</strong> section.</p>', 'akhil.srikakolapu@gmail.com', '2021-09-14 09:10:25', '2022-01-31 22:36:47'),
(2, 'Vendor Forgot Password', 'Reset Password - KTS Silver Wolrd', '<p>Hi <strong>##NAME##,</strong></p>\r\n<p>You have recently requested a password reset for your account at <a href=\"##SITEURL##\">##SITEURL##</a>.</p>\r\n<p>Please <strong><a href=\"##RESETURL##\">click</a> </strong>here to access the Password Reset page, and use the following one-time access code to reset your password:</p>\r\n<p>One-Time Access Code:&nbsp;<span style=\"color: #2dc26b;\"><strong>##TOKEN##</strong></span></p>\r\n<p>If the above link is not clickable, please copy and paste the following into your browser\'s address bar:</p>\r\n<p><a href=\"##RESETURL##\">##RESETURL##</a></p>\r\n<p>If you didn&rsquo;t make this change or if you believe an unauthorized person has accessed your account, go to <a href=\"##ADMINURL##\">##ADMINURL##</a> to reset your password immediately.</p>', '', '2021-09-19 06:17:59', '2021-09-19 06:25:50'),
(3, 'Customer Registration', 'Welcome to KTS Silver Wolrd', '<p>Dear <strong>##NAME##,</strong></p>\n<p>Welcome to <a href=\"##SITEURL##\">##SITENAME##</a>. Thank you for registering with us.</p>\n<p>To log in, please click <a href=\"##SITEURL##\">here</a> and type the username and password given above.<br />We request you to make note of this information for future reference<br /><br />Please click <a href=\"##ACTIVATIONLINK##\">here</a> to activate your KTS Account.<br />Warm Regards, <br /><strong><a href=\"##SITEURL##\">##SITENAME##</a> Team</strong></p>\n<p><br /><strong>Note: </strong>You can change the password by login in <a href=\"##ADMINURL##\">here</a> and clicking on changing password link in the <strong>My Account</strong> section.</p>', 'akhil.srikakolapu@gmail.com', '0000-00-00 00:00:00', '2022-06-10 23:33:06'),
(4, 'Forgot Password', 'Reset Password - KTS Silver Wolrd', '<p>Hi <strong>##NAME##,</strong></p>\r\n<p>You have recently requested a password reset for your account at <a href=\"##SITEURL##\">##SITENAME##</a>.</p>\r\n<p>Please <strong><a href=\"##RESETURL##\">click</a> </strong>here to access the Password Reset page, and use the following one-time access code to reset your password:</p>\r\n<p>One-Time Access Code:&nbsp;<span style=\"color: #2dc26b;\"><strong>##TOKEN##</strong></span></p>\r\n<p>If the above link is not clickable, please copy and paste the following into your browser\'s address bar:</p>\r\n<p><a href=\"##RESETURL##\">##RESETURL##</a></p>\r\n<p>If you didn&rsquo;t make this change or if you believe an unauthorized person has accessed your account, go to <a href=\"##SITEURL##\">##SITEURL##</a> to reset your password immediately.</p>', 'akhil@srikakolapu@gmail.com', '0000-00-00 00:00:00', '0000-00-00 00:00:00'),
(5, 'Order Cancelled - Admin', 'Order Cancelled ##ORDERNUMBER##', '<p>Hi <strong>##NAME##,</strong></p>\r\n<p>Your Order ##ORDERNUMBER## has been canceled by the admin.&nbsp;</p>\r\n<p><strong>##REASON##</strong></p>\r\n<p>A refund for your payment has been initiated. Kindly keep this reference number ##REFERENCENUMBER##. It will take a few days to credit it to your account. Please contact admin for any queries.</p>\r\n<p>Warm Regards, <br /><strong><a href=\"##SITEURL##\">##SITENAME##</a> Team</strong></p>', '', '2021-12-06 23:30:38', '2022-01-31 22:43:45'),
(6, 'Order Dispatched', 'Order Dispatched ##ORDERNUMBER## ', '<p>Hi <strong>##NAME##,</strong></p>\r\n<p>Your Order ##ORDERNUMBER## has been dispatched. Please find below details of the consignment.</p>\r\n<p>##COURIERCOMPANY##</p>\r\n<p>##CONSIGNMENTNUMBER##</p>\r\n<p>Warm Regards, <br /><strong><a href=\"##SITEURL##\">##SITENAME##</a> Team</strong></p>', 'akhil.srikakolapu@gmail.com', '2021-12-06 23:31:36', '2022-01-31 22:42:23'),
(7, 'Order Delivered', 'Order Delivered - KTS Silver Wolrd', '<p>Hi <strong>##NAME##,</strong></p>\r\n<p>Your Order ##ORDERNUMBER## has been delivered successfully. If not please contact admin for further details.</p>\r\n<p>Warm Regards, <br /><strong><a href=\"##SITEURL##\">##SITENAME##</a> Team</strong></p>', 'akhil.srikakolapu@gmail.com', '0000-00-00 00:00:00', '2022-07-18 20:15:49');

-- --------------------------------------------------------

--
-- Table structure for table `enquiry`
--

CREATE TABLE `enquiry` (
  `id` int(11) NOT NULL,
  `first_name` varchar(250) NOT NULL,
  `last_name` varchar(250) NOT NULL,
  `email_subject` varchar(500) NOT NULL,
  `email` varchar(255) NOT NULL,
  `mobile` varchar(20) NOT NULL,
  `message` longtext NOT NULL,
  `created_on` datetime DEFAULT NULL
) ENGINE=MyISAM DEFAULT CHARSET=latin1 COLLATE=latin1_swedish_ci;

--
-- Dumping data for table `enquiry`
--

INSERT INTO `enquiry` (`id`, `first_name`, `last_name`, `email_subject`, `email`, `mobile`, `message`, `created_on`) VALUES
(1, 'Nikhil', 'varma', 'i want price', 'nikhil@gmail.com', '7981369305', 'iiii sadhajkdahdjakhd  alsjdajdkadsjkasdjk', '2022-05-08 15:27:57'),
(2, 'nikhil', 'ewjrw', 'nikhil message', 'nikhil@gmail.com', '7981369305', 'flfsddfjslkfjs', '2022-05-08 15:33:56'),
(3, 'Nikhil', 'varma', 'df.dfms,.d', 'nikhil@gmail.com', '7981369305', 'test test', '2022-05-08 15:39:56'),
(4, 'Akhil', 'Kumar', 'akhil.srikakolapu@gmail.com', 'akhil.srikakolapu@gmail.com', '+549885800328', 'ldfij diofjoddwf f', '2022-06-04 13:04:28'),
(5, 'Ks', 'Sunil', 'kssunil07@gmail.com', 'kssunil07@gmail.com', '08639830035', 'I Want To Buy Payal ', '2022-06-06 13:17:43'),
(6, 'jnjkjkjk', 'fcfgcgfcgfcfg', 'vamshikrishnaa43@gmail.com', 'vamshikrishnaa43@gmail.com', '7786946617', 'hgftyfgh b', '2022-06-06 14:22:05'),
(7, 'Harry', 'Williams', 'Question about your websites', 'harrywilliams.tech02@gmail.com', '6207654699', 'Hey,\r\n\r\nYour website\'s design is absolutely brilliant. The visuals really enhance your message and the content compels action. I\'ve forwarded it to a few of my contacts who I think could benefit from your services.\r\n\r\nWhen I was looking at your site, though, I noticed some mistakes that you\'ve made re: search engine optimization (SEO) which may be leading to a decline in your organic SEO results. Would you like to fix it so that you can get maximum exposure/presence on Google, Bing, Yahoo and web traffic to your website?\r\n\r\nIt\'s a relatively simple fix. If this is a priority.\r\n\r\nPlease share your “Mobile Number\" and a suitable time to talk, so I can help you in that.\r\n\r\n\r\nBest Regards\r\nHarry Williams\r\nDigital Marketing Team\r\nCall Us: 1-620-765-4699', '2022-07-09 04:28:32'),
(8, 'skjhnksj vsks', 'kdsfvbkd jbkd bjv', 'skjhsk vj sk', 'ksjfk sks jk kvkjs', '9879837843', '', '2022-07-25 11:14:09'),
(9, 'Rohith', 'kumar', 'Urgent ', 'rohithch.1811@gmail.com', '9789990090', '', '2022-07-29 04:56:41'),
(10, 'skjhnksj vsks', 'kdsfvbkd jbkd bjv', 'skjhsk vj sk', 'ksjfk sks jk kvkjs', '9879837843', 'jh skhsiisgv kjsjh gioe ijbsvh ', '2022-07-30 11:48:41'),
(11, 'text', 'text', 'text', 'text', 'text', '', '2022-08-05 05:49:01'),
(12, 'Robert', 'B', 'pat@aneesho.com', 'pat@aneesho.com', '3128780396', 'Do you need help with graphic design - brochures, banners, flyers, advertisements, social media posts, logos etc? \r\n\r\nWe charge a low fixed monthly fee. Let me know if you\'re interested and would like to see our portfolio.', '2022-09-30 12:39:00'),
(13, 'Harry', 'Williams', 'Question about your websites', 'harrywilliams.websolution13@gmail.com', '6207654699', 'Hello,\r\n\r\nThis is Harry (Website Designing & Marketing Team)\r\nCan we talk about your website?', '2022-11-09 03:34:38'),
(14, '???? Artificial intelligence creates content for the site, no worse than a copywriter, you can also use it to write articles. 100% uniqueness :). Click Here:???? https://stanford.io/3FXszd0?h=d8f33a29b6b53b251224281b4a1c8f1b&', '6r8m2tza', 'nickterp@gmailwe.com', 'nickterp@gmailwe.com', '13ciicvy', '74iidk2p', '2022-11-09 12:02:14'),
(15, '?Artificial intelligence creates content for the site, no worse than a copywriter, you can also use it to write articles. 100% uniqueness :). Click Here:???? https://stanford.io/3FXszd0?h=d8f33a29b6b53b251224281b4a1c8f1b&', 'sfomly48', 'nickterp@gmailwe.com', 'nickterp@gmailwe.com', 'gqvn5ht', 'wq4f5e', '2022-11-16 09:37:08'),
(16, 'Cayden', 'Cayden', 'eSMfWJ.hcbtwhb@rushlight.cfd', 'eSMfWJ.hcbtwhb@rushlight.cfd', 'Hannah Doyle', 'Hannah Doyle', '2024-03-08 22:58:22'),
(17, 'skjhnksj vsks', 'kdsfvbkd jbkd bjv', 'skjhsk vj sk', 'ksjfk sks jk kvkjs', '9879837843', 'jh skhsiisgv kjsjh gioe ijbsvh ', '2024-03-14 07:41:20'),
(18, 'bhay. 123', 'nhju', 'wrong address', 'ebhavya50@gmail.com', '81234567', '', '2024-03-18 12:33:25'),
(19, 'bhay. 123', 'nhju', 'wrong address', 'ebhavya50@gmail.com.mk', '81234567asd', '', '2024-03-18 12:33:41'),
(20, 'bhay. 123', '5678.-+', 'wrong address', 'ebhavya50@gmail.com.mk', '81234567asd', '', '2024-03-18 12:34:13'),
(21, 'bhay. 123', '5678.-+', '1245.5777', 'ebhavya50@gmail.com.mk', '81234567asd', '', '2024-03-18 12:35:45'),
(22, 'bhay. 123', '5678.-+', '1245.5777', 'ebhavya50@gmail.com.mk', '81234567asd', '', '2024-03-18 12:36:14'),
(23, 'bhay. 123', '5678.-+', '1245.5777', 'ebhavya50@gmail.com.mk', '81234567asd', '', '2024-03-18 12:36:15'),
(24, 'bhay. 123', '5678.-+', '1245.5777', 'ebhavya50@gmail.com.mk', '81234567asd', '', '2024-03-18 12:36:42'),
(25, 'bhay. 123', '5678.-+', '1245.5777', 'ebhavya50@gmail.com.mk', '81234567asd', '', '2024-03-18 12:36:43'),
(26, 'bhay. 123', '5678.-+', '1245.5777', 'ebhavya50@gmail.com.mk', '81234567asd', '', '2024-03-18 12:36:52'),
(27, 'tinki', 'donepudi', 'milk', 'lavfspka@.com.com', '918388393993939393', '', '2024-03-26 12:37:22'),
(28, 'tinki', 'donepudi', 'milk', 'lavfspka@.com.com', '918388393993939393', '', '2024-03-26 12:37:23'),
(29, 'tinki', 'donepudi', 'milk', 'lavfspka@.com.com#&', '918388393993939393', '', '2024-03-26 12:38:04'),
(30, 'tinki', 'donepudi', 'milk', 'lavfspka@.com.com#&ggaga', '918388393993939393', '', '2024-03-26 12:38:49'),
(31, 'tinki', 'donepudi', 'milk', 'lavfspka@.com.com#&ggaga', '918388393993939393', '', '2024-03-26 12:38:49'),
(32, 'tinkierrtyyuhhank', 'donepudirtyqyywuwhw', 'milk124567', 'lavfspka@.com.com#&ggaga', '918388393993939393', '', '2024-03-26 12:39:29'),
(33, 'tinkierrtyyuhhank', 'donepudirtyqyywuwhw', 'milk124567', 'lavfspka@.com.com#&ggaga', '918388393993939393', '', '2024-03-26 12:39:30'),
(34, 'tinkierrtyyuhhank', 'donepudirtyqyywuwhw', 'milk124567. &-() ', 'lavfspka@.com.com#&ggaga', '918388393993939393', '', '2024-03-26 12:39:38'),
(35, 'lavanya', 'abcdefghjh', '13345-778899adfggh', 'lkxjjk@478999', '909448847890001', '', '2024-03-26 07:12:47'),
(36, 'lavanya', 'abcdefghjh', '13345-778899adfggh', 'lkxjjk@478999', '909448847890001', '', '2024-03-26 07:12:48'),
(37, 'sdhtrdxvh', 'aruopdds', 'sryoolfdc', 'lsdg@25800#-', '0853269003326', '', '2024-03-26 07:36:22'),
(38, 'sdhtrdxvh', 'aruopdds', 'sryoolfdc', 'lsdg@25800#-', '0853269003326', '', '2024-03-26 07:36:23'),
(39, 'sdhtrdxvh', 'aruopdds', 'sryoolfdc', 'lsdg@25800#-', '0853269003326', '', '2024-03-26 07:36:25'),
(40, 'bhavya', 'etukuri', 'Milk subscription', 'om', '8125393447689', '', '2024-03-26 07:38:07'),
(41, 'bhavya', 'etukuri', 'Milk subscription', 'om', '8125393447689', '', '2024-03-26 07:38:08'),
(42, 'fagjsjsjjs', 'gjoehhe', 'vhshheh', 'vvv', '947840302084748', '', '2024-04-11 01:17:40'),
(43, 'fagjsjsjjs', 'gjoehhe', 'vhshheh', 'vvv', '947840302084748', '', '2024-04-11 01:17:41'),
(44, 'ggsgehjsosooa', 'dahjaksksl', '89999#?5dhjjmk', 'g', '904213780000000', '', '2024-04-11 01:19:12'),
(45, 'bhavya', 'etukuti', 'milk', '@gmail.com', '891929920303030', '', '2024-04-11 02:12:05'),
(46, 'dkpfzc', 'arioitf', 'diyee', 'in', '905246293060707', '', '2024-04-11 02:31:59'),
(47, 'dkpfzc', 'arioitf', 'diyee', 'in', '905246293060707', '', '2024-04-11 02:31:59'),
(48, 'dahjgg', 'xhjgg', 'fjkh', 'sthjkm', '2567876556', '', '2024-04-12 06:38:04'),
(49, 'dahjgg', 'xhjgg', 'fjkh', 'sthjkm', '2567876556', '', '2024-04-12 06:38:05'),
(50, 'sailesh', 'kalluri', 'milk not delivered ', 'dv', '9177191097', '', '2024-05-14 04:34:47'),
(51, 'raju', 'raju', 'milk', 've@gmail', '7032909949', '', '2024-05-14 06:25:49'),
(52, 'raju', 'raju', 'milk', 've@gmail', '7032909949', '', '2024-05-14 06:25:55');

-- --------------------------------------------------------

--
-- Table structure for table `gift_wrap_price`
--

CREATE TABLE `gift_wrap_price` (
  `id` int(11) NOT NULL,
  `currency` varchar(10) NOT NULL,
  `price` decimal(25,2) NOT NULL
) ENGINE=MyISAM DEFAULT CHARSET=latin1 COLLATE=latin1_swedish_ci;

--
-- Dumping data for table `gift_wrap_price`
--

INSERT INTO `gift_wrap_price` (`id`, `currency`, `price`) VALUES
(1, 'INR', 100.00),
(2, 'USD', 12.00);

-- --------------------------------------------------------

--
-- Table structure for table `making_charges`
--

CREATE TABLE `making_charges` (
  `id` int(11) NOT NULL,
  `profit` decimal(25,1) DEFAULT NULL
) ENGINE=MyISAM DEFAULT CHARSET=latin1 COLLATE=latin1_swedish_ci;

--
-- Dumping data for table `making_charges`
--

INSERT INTO `making_charges` (`id`, `profit`) VALUES
(1, 13.0);

-- --------------------------------------------------------

--
-- Table structure for table `offers`
--

CREATE TABLE `offers` (
  `id` int(11) NOT NULL,
  `product_id` int(10) NOT NULL,
  `variant_id` int(10) NOT NULL,
  `offer_price_inr` decimal(25,2) NOT NULL,
  `offer_price_usd` decimal(25,2) DEFAULT NULL,
  `offer_from` varchar(30) NOT NULL,
  `offer_to` varchar(30) NOT NULL,
  `status` enum('Active','Inactive') NOT NULL,
  `created_by` int(10) NOT NULL,
  `created_on` datetime(6) NOT NULL
) ENGINE=InnoDB DEFAULT CHARSET=utf8mb4 COLLATE=utf8mb4_general_ci;

-- --------------------------------------------------------

--
-- Table structure for table `orders`
--

CREATE TABLE `orders` (
  `id` int(11) NOT NULL,
  `order_number` varchar(100) NOT NULL,
  `user_id` int(11) NOT NULL,
  `delivery_address_id` int(11) NOT NULL,
  `subtotal` decimal(25,2) NOT NULL,
  `shipping` decimal(25,2) NOT NULL,
  `coupon_discount` decimal(25,2) NOT NULL,
  `wallet` decimal(25,2) DEFAULT NULL,
  `tax_percentage` decimal(5,1) NOT NULL,
  `tax` decimal(25,2) NOT NULL,
  `grand_total` decimal(25,2) NOT NULL,
  `coupon_id` int(11) NOT NULL,
  `currency` varchar(20) NOT NULL,
  `status` enum('Pending','Dispatched','Delivered','Cancelled','Returned') NOT NULL,
  `payment_status` enum('Not Paid','Paid') NOT NULL,
  `payment_response` text NOT NULL,
  `payment_type` enum('CC-Avenue') NOT NULL DEFAULT 'CC-Avenue',
  `cancelled_by` varchar(20) NOT NULL,
  `reason` text NOT NULL,
  `refund_response` text NOT NULL,
  `courier_company` varchar(200) NOT NULL,
  `consignment_number` varchar(200) NOT NULL,
  `subscription_id` int(11) DEFAULT NULL,
  `order_date` date DEFAULT NULL,
  `delivery_lane_id` int(11) DEFAULT NULL,
  `delivered_by` int(11) DEFAULT NULL,
  `delivery_image` varchar(200) NOT NULL,
  `delivered_on` datetime DEFAULT NULL,
  `insert_dt` datetime NOT NULL
) ENGINE=MyISAM DEFAULT CHARSET=latin1 COLLATE=latin1_swedish_ci;

--
-- Dumping data for table `orders`
--

INSERT INTO `orders` (`id`, `order_number`, `user_id`, `delivery_address_id`, `subtotal`, `shipping`, `coupon_discount`, `wallet`, `tax_percentage`, `tax`, `grand_total`, `coupon_id`, `currency`, `status`, `payment_status`, `payment_response`, `payment_type`, `cancelled_by`, `reason`, `refund_response`, `courier_company`, `consignment_number`, `subscription_id`, `order_date`, `delivery_lane_id`, `delivered_by`, `delivery_image`, `delivered_on`, `insert_dt`) VALUES
(1, 'D-57032-1712489163', 17, 20, 42.00, 0.00, 0.00, NULL, 0.0, 0.00, 42.00, 0, 'INR', 'Pending', 'Not Paid', '', '', '', '', '', '', '', 2, '2024-04-08', 1, NULL, '', NULL, '2024-04-07 04:56:03'),
(3, 'D-89139-1712490228', 17, 20, 42.00, 0.00, 0.00, NULL, 0.0, 0.00, 42.00, 0, 'INR', 'Pending', 'Not Paid', '', '', '', '', '', '', '', 4, '2024-04-08', 1, NULL, '', NULL, '2024-04-07 05:13:48'),
(4, 'D-46466-1712490228', 17, 20, 42.00, 0.00, 0.00, NULL, 0.0, 0.00, 42.00, 0, 'INR', 'Pending', 'Not Paid', '', '', '', '', '', '', '', 1, '2024-04-08', 1, NULL, '', NULL, '2024-04-07 05:13:48'),
(5, 'D-92092-1712548836', 17, 9, 42.00, 0.00, 0.00, NULL, 0.0, 0.00, 42.00, 0, 'INR', 'Pending', 'Not Paid', '', '', '', '', '', '', '', 2, '2024-04-09', 1, NULL, '', NULL, '2024-04-08 09:30:36'),
(6, 'D-54627-1712548836', 17, 9, 210.00, 0.00, 0.00, NULL, 0.0, 0.00, 210.00, 0, 'INR', 'Pending', 'Not Paid', '', '', '', '', '', '', '', 1, '2024-04-09', 1, NULL, '', NULL, '2024-04-08 09:30:36'),
(7, 'D-48882-1712635253', 17, 9, 42.00, 0.00, 0.00, NULL, 0.0, 0.00, 42.00, 0, 'INR', 'Pending', 'Not Paid', '', '', '', '', '', '', '', 2, '2024-04-10', 1, NULL, '', NULL, '2024-04-09 09:30:53'),
(8, 'D-79761-1712635253', 17, 9, 126.00, 0.00, 0.00, NULL, 0.0, 0.00, 126.00, 0, 'INR', 'Pending', 'Not Paid', '', '', '', '', '', '', '', 1, '2024-04-10', 1, NULL, '', NULL, '2024-04-09 09:30:53'),
(9, 'D-86207-1712721655', 17, 9, 42.00, 0.00, 0.00, NULL, 0.0, 0.00, 42.00, 0, 'INR', 'Pending', 'Not Paid', '', '', '', '', '', '', '', 2, '2024-04-11', 1, NULL, '', NULL, '2024-04-10 09:30:55'),
(10, 'D-98747-1712808007', 17, 9, 42.00, 0.00, 0.00, NULL, 0.0, 0.00, 42.00, 0, 'INR', 'Delivered', 'Paid', '', '', '', '', '', '', '', 2, '2024-04-12', 1, 103, 'uploads/orders/661a26c47e43c.jpg', '2024-04-13 12:01:32', '2024-04-11 09:30:07'),
(11, 'D-78364-1712894444', 17, 9, 42.00, 0.00, 0.00, NULL, 0.0, 0.00, 42.00, 0, 'INR', 'Pending', 'Not Paid', '', '', '', '', '', '', '', 2, '2024-04-13', 1, NULL, '', NULL, '2024-04-12 09:30:44'),
(12, 'D-77994-1712980818', 17, 9, 42.00, 0.00, 0.00, NULL, 0.0, 0.00, 42.00, 0, 'INR', 'Delivered', 'Not Paid', '', '', '', '', '', '', '', 2, '2024-04-14', 1, 103, 'uploads/orders/6627424d44c67.jpg', '2024-04-23 10:38:29', '2024-04-13 09:30:18'),
(13, 'D-34197-1713067212', 17, 9, 42.00, 0.00, 0.00, NULL, 0.0, 0.00, 42.00, 0, 'INR', 'Delivered', 'Paid', '', '', '', '', '', '', '', 2, '2024-04-15', 1, 103, 'uploads/orders/661bd66417ac7.jpg', '2024-04-14 06:43:08', '2024-04-14 09:30:12'),
(14, 'D-98451-1713153647', 17, 9, 42.00, 0.00, 0.00, NULL, 0.0, 0.00, 42.00, 0, 'INR', 'Pending', 'Not Paid', '', '', '', '', '', '', '', 2, '2024-04-16', 1, NULL, '', NULL, '2024-04-15 09:30:47'),
(15, 'D-66676-1713240044', 17, 31, 42.00, 0.00, 0.00, NULL, 0.0, 0.00, 42.00, 0, 'INR', 'Delivered', 'Paid', '', '', '', '', '', '', '', 2, '2024-04-17', 1, 103, 'uploads/orders/661eaefc3f6f8.jpg', '2024-04-16 10:31:48', '2024-04-16 09:30:44'),
(16, 'D-57329-1713326454', 17, 31, 42.00, 0.00, 0.00, NULL, 0.0, 0.00, 42.00, 0, 'INR', 'Pending', 'Not Paid', '', '', '', '', '', '', '', 2, '2024-04-18', 1, NULL, '', NULL, '2024-04-17 09:30:54'),
(17, 'D-47195-1713499207', 17, 31, 42.00, 0.00, 0.00, NULL, 0.0, 0.00, 42.00, 0, 'INR', 'Delivered', 'Paid', '', '', '', '', '', '', '', 2, '2024-04-20', 1, 103, 'uploads/orders/6627420a16cea.jpg', '2024-04-23 10:37:22', '2024-04-19 09:30:07'),
(18, 'D-40204-1713585650', 17, 31, 42.00, 0.00, 0.00, NULL, 0.0, 0.00, 42.00, 0, 'INR', 'Pending', 'Not Paid', '', '', '', '', '', '', '', 2, '2024-04-21', 1, NULL, '', NULL, '2024-04-20 09:30:50'),
(19, 'D-37786-1713672011', 17, 31, 42.00, 0.00, 0.00, NULL, 0.0, 0.00, 42.00, 0, 'INR', 'Pending', 'Not Paid', '', '', '', '', '', '', '', 2, '2024-04-22', 1, NULL, '', NULL, '2024-04-21 09:30:11'),
(20, 'D-26223-1713705522', 108, 32, 0.00, 0.00, 0.00, NULL, 0.0, 0.00, 0.00, 0, 'INR', 'Pending', 'Paid', 'ref65279389', '', '', '', '', '', '', NULL, NULL, NULL, NULL, '', NULL, '2024-04-21 06:48:42'),
(21, 'D-59686-1713706238', 108, 32, 0.00, 0.00, 0.00, NULL, 0.0, 0.00, 0.00, 0, 'INR', 'Pending', 'Paid', 'ref65279389', '', '', '', '', '', '', NULL, NULL, NULL, NULL, '', NULL, '2024-04-21 07:00:38'),
(22, 'D-53037-1713706686', 108, 32, 0.00, 0.00, 0.00, NULL, 0.0, 0.00, 0.00, 0, 'INR', 'Pending', 'Paid', 'ref65279389', '', '', '', '', '', '', NULL, NULL, NULL, NULL, '', NULL, '2024-04-21 07:08:06'),
(23, 'D-15141-1713758407', 17, 31, 42.00, 0.00, 0.00, NULL, 0.0, 0.00, 42.00, 0, 'INR', 'Delivered', 'Not Paid', '', '', '', '', '', '', '', 2, '2024-04-23', 1, 103, 'uploads/orders/662741e783798.jpg', '2024-04-23 10:36:47', '2024-04-22 09:30:07'),
(24, 'D-19413-1713844848', 17, 31, 42.00, 0.00, 0.00, NULL, 0.0, 0.00, 42.00, 0, 'INR', 'Delivered', 'Not Paid', '', '', '', '', '', '', '', 2, '2024-04-24', 1, 103, 'uploads/orders/6627cac239a76.jpg', '2024-04-23 08:20:42', '2024-04-23 09:30:48'),
(25, 'D-14053-1713931212', 17, 31, 42.00, 0.00, 0.00, NULL, 0.0, 0.00, 42.00, 0, 'INR', 'Delivered', 'Not Paid', '', '', '', '', '', '', '', 2, '2024-04-25', 1, 103, 'uploads/orders/663330d04711c.jpg', '2024-05-02 11:51:04', '2024-04-24 09:30:12'),
(26, 'D-88758-1714104013', 17, 31, 42.00, 0.00, 0.00, NULL, 0.0, 0.00, 42.00, 0, 'INR', 'Delivered', 'Not Paid', '', '', '', '', '', '', '', 2, '2024-04-27', 1, 103, 'uploads/orders/663368f49e422.jpg', '2024-05-02 03:50:36', '2024-04-26 09:30:13'),
(27, 'D-31987-1714190453', 17, 31, 42.00, 0.00, 0.00, NULL, 0.0, 0.00, 42.00, 0, 'INR', 'Delivered', 'Not Paid', '', '', '', '', '', '', '', 2, '2024-04-28', 1, 103, 'uploads/orders/663368c58f8c7.jpg', '2024-05-02 03:49:49', '2024-04-27 09:30:53'),
(28, 'D-77307-1714276844', 17, 31, 42.00, 0.00, 0.00, NULL, 0.0, 0.00, 42.00, 0, 'INR', 'Delivered', 'Not Paid', '', '', '', '', '', '', '', 2, '2024-04-29', 1, 103, 'uploads/orders/6633308ac5bfe.jpg', '2024-05-02 11:49:54', '2024-04-28 09:30:44'),
(29, 'D-25554-1714363218', 17, 31, 42.00, 0.00, 0.00, NULL, 0.0, 0.00, 42.00, 0, 'INR', 'Delivered', 'Not Paid', '', '', '', '', '', '', '', 2, '2024-04-30', 1, 103, 'uploads/orders/6633679225c7f.jpg', '2024-05-02 03:44:42', '2024-04-29 09:30:18'),
(30, 'D-42985-1714449642', 17, 31, 42.00, 0.00, 0.00, NULL, 0.0, 0.00, 42.00, 0, 'INR', 'Delivered', 'Not Paid', '', '', '', '', '', '', '', 2, '2024-05-01', 1, 103, 'uploads/orders/6631c52762139.jpg', '2024-05-01 09:59:27', '2024-04-30 09:30:42'),
(31, 'D-56115-1714536035', 17, 31, 42.00, 0.00, 0.00, NULL, 0.0, 0.00, 42.00, 0, 'INR', 'Delivered', 'Not Paid', '', '', '', '', '', '', '', 2, '2024-05-02', 1, 103, 'uploads/orders/6631c32ab54fc.jpg', '2024-05-01 09:50:58', '2024-05-01 09:30:35'),
(32, 'D-64998-1714539285', 108, 32, 0.00, 0.00, 0.00, NULL, 0.0, 0.00, 0.00, 0, 'INR', 'Pending', 'Paid', 'ref65279389', '', '', '', '', '', '', NULL, NULL, NULL, NULL, '', NULL, '2024-05-01 10:24:45'),
(33, 'D-84180-1714539330', 108, 32, 165.00, 0.00, 0.00, NULL, 0.0, 0.00, 165.00, 0, 'INR', 'Pending', 'Paid', 'ref65279389', '', '', '', '', '', '', NULL, NULL, NULL, NULL, '', NULL, '2024-05-01 10:25:30'),
(34, 'D-46894-1714622417', 17, 31, 42.00, 0.00, 0.00, NULL, 0.0, 0.00, 42.00, 0, 'INR', 'Delivered', 'Not Paid', '', '', '', '', '', '', '', 2, '2024-05-03', 1, 103, 'uploads/orders/6633306d359ea.jpg', '2024-05-02 11:49:25', '2024-05-02 09:30:17'),
(35, 'D-86519-1714632895', 71, 33, 115.60, 0.00, 0.00, NULL, 0.0, 0.00, 115.60, 0, 'INR', 'Pending', 'Paid', 'ref65279389', '', '', '', '', '', '', NULL, NULL, NULL, NULL, '', NULL, '2024-05-02 12:24:55'),
(36, 'D-45282-1714633477', 71, 33, 465.00, 0.00, 0.00, NULL, 0.0, 0.00, 465.00, 0, 'INR', 'Pending', 'Paid', 'ref65279389', '', '', '', '', '', '', NULL, NULL, NULL, NULL, '', NULL, '2024-05-02 12:34:37'),
(37, 'D-20727-1714708833', 17, 31, 42.00, 0.00, 0.00, NULL, 0.0, 0.00, 42.00, 0, 'INR', 'Delivered', 'Not Paid', '', '', '', '', '', '', '', 2, '2024-05-04', 1, 103, 'uploads/orders/66350cca67118.jpg', '2024-05-03 09:41:54', '2024-05-03 09:30:33'),
(38, 'D-73974-1714715193', 71, 33, 18720.00, 0.00, 0.00, NULL, 0.0, 0.00, 18720.00, 0, 'INR', 'Pending', 'Paid', 'ref65279389', '', '', '', '', '', '', NULL, NULL, NULL, NULL, '', NULL, '2024-05-03 11:16:33'),
(39, 'D-50234-1714735018', 71, 33, 9360.00, 0.00, 0.00, NULL, 0.0, 0.00, 9360.00, 0, 'INR', 'Pending', 'Paid', 'ref65279389', '', '', '', '', '', '', NULL, NULL, NULL, NULL, '', NULL, '2024-05-03 04:46:58'),
(40, 'D-68241-1714739820', 71, 33, 194.00, 0.00, 0.00, NULL, 0.0, 0.00, 194.00, 0, 'INR', 'Pending', 'Paid', 'ref65279389', '', '', '', '', '', '', NULL, NULL, NULL, NULL, '', NULL, '2024-05-03 06:07:00'),
(41, 'D-69261-1714740327', 71, 33, 469.00, 0.00, 0.00, NULL, 0.0, 0.00, 469.00, 0, 'INR', 'Pending', 'Paid', 'ref65279389', '', '', '', '', '', '', NULL, NULL, NULL, NULL, '', NULL, '2024-05-03 06:15:27'),
(42, 'D-81801-1714746043', 108, 32, 110.00, 0.00, 0.00, NULL, 0.0, 0.00, 110.00, 0, 'INR', 'Pending', 'Paid', 'ref65279389', '', '', '', '', '', '', NULL, NULL, NULL, NULL, '', NULL, '2024-05-03 07:50:43'),
(43, 'D-81532-1714751384', 109, 42, 388.00, 0.00, 0.00, NULL, 0.0, 0.00, 388.00, 0, 'INR', 'Pending', 'Paid', 'ref65279389', '', '', '', '', '', '', NULL, NULL, NULL, NULL, '', NULL, '2024-05-03 09:19:44'),
(44, 'D-21686-1714795235', 17, 31, 42.00, 0.00, 0.00, NULL, 0.0, 0.00, 42.00, 0, 'INR', 'Pending', 'Not Paid', '', '', '', '', '', '', '', 2, '2024-05-05', 1, NULL, '', NULL, '2024-05-04 09:30:35'),
(45, 'D-93421-1714881616', 17, 31, 42.00, 0.00, 0.00, NULL, 0.0, 0.00, 42.00, 0, 'INR', 'Pending', 'Not Paid', '', '', '', '', '', '', '', 2, '2024-05-06', 1, NULL, '', NULL, '2024-05-05 09:30:16'),
(46, 'D-84917-1714968013', 17, 31, 42.00, 0.00, 0.00, NULL, 0.0, 0.00, 42.00, 0, 'INR', 'Pending', 'Not Paid', '', '', '', '', '', '', '', 2, '2024-05-07', 1, NULL, '', NULL, '2024-05-06 09:30:13'),
(47, 'D-82860-1715054412', 17, 31, 42.00, 0.00, 0.00, NULL, 0.0, 0.00, 42.00, 0, 'INR', 'Pending', 'Not Paid', '', '', '', '', '', '', '', 2, '2024-05-08', 1, NULL, '', NULL, '2024-05-07 09:30:12'),
(48, 'D-33930-1715140811', 17, 31, 42.00, 0.00, 0.00, NULL, 0.0, 0.00, 42.00, 0, 'INR', 'Pending', 'Not Paid', '', '', '', '', '', '', '', 2, '2024-05-09', 1, NULL, '', NULL, '2024-05-08 09:30:11'),
(49, 'D-61490-1715164617', 115, 45, 217.20, 0.00, 0.00, NULL, 0.0, 0.00, 217.20, 0, 'INR', 'Pending', 'Paid', 'ref65279389', '', '', '', '', '', '', NULL, NULL, NULL, NULL, '', NULL, '2024-05-08 04:06:57'),
(50, 'D-14321-1715167500', 83, 46, 4653.20, 0.00, 0.00, NULL, 0.0, 0.00, 4653.20, 0, 'INR', 'Pending', 'Paid', 'ref65279389', '', '', '', '', '', '', NULL, NULL, NULL, NULL, '', NULL, '2024-05-08 04:55:00'),
(51, 'D-12855-1715167548', 83, 46, 217.20, 0.00, 0.00, NULL, 0.0, 0.00, 217.20, 0, 'INR', 'Pending', 'Paid', 'ref65279389', '', '', '', '', '', '', NULL, NULL, NULL, NULL, '', NULL, '2024-05-08 04:55:48'),
(52, 'D-58795-1715227234', 17, 31, 42.00, 0.00, 0.00, NULL, 0.0, 0.00, 42.00, 0, 'INR', 'Pending', 'Not Paid', '', '', '', '', '', '', '', 2, '2024-05-10', 1, NULL, '', NULL, '2024-05-09 09:30:34'),
(53, 'D-34839-1715246721', 119, 48, 100.00, 0.00, 0.00, NULL, 0.0, 0.00, 100.00, 0, 'INR', 'Pending', 'Paid', 'ref65279389', '', '', '', '', '', '', NULL, NULL, NULL, NULL, '', NULL, '2024-05-09 02:55:21'),
(54, 'D-26403-1715246818', 118, 49, 0.00, 0.00, 0.00, NULL, 0.0, 0.00, 0.00, 0, 'INR', 'Pending', 'Paid', 'ref65279389', '', '', '', '', '', '', NULL, NULL, NULL, NULL, '', NULL, '2024-05-09 02:56:58'),
(55, 'D-27112-1715249056', 120, 47, 0.00, 0.00, 0.00, NULL, 0.0, 0.00, 0.00, 0, 'INR', 'Pending', 'Paid', 'ref65279389', '', '', '', '', '', '', NULL, NULL, NULL, NULL, '', NULL, '2024-05-09 03:34:16'),
(56, 'D-69883-1715256747', 121, 51, 0.00, 0.00, 0.00, NULL, 0.0, 0.00, 0.00, 0, 'INR', 'Cancelled', 'Paid', 'ref65279389', '', 'admin', 'Test', '', '', '', NULL, NULL, NULL, NULL, '', NULL, '2024-05-09 05:42:27'),
(57, 'D-28718-1715313611', 17, 31, 42.00, 0.00, 0.00, NULL, 0.0, 0.00, 42.00, 0, 'INR', 'Delivered', 'Not Paid', '', '', '', '', '', '', '', 2, '2024-05-11', 1, 103, 'uploads/orders/663e0b1ce0f1b.jpg', '2024-05-10 05:25:08', '2024-05-10 09:30:11'),
(58, 'D-12094-1715360643', 71, 33, 30.00, 0.00, 0.00, NULL, 0.0, 0.00, 30.00, 0, 'INR', 'Returned', 'Paid', 'ref65279389', '', '', '', '', 'Kalyan', '8392898398', NULL, NULL, NULL, NULL, '', NULL, '2024-05-10 10:34:03'),
(59, 'D-21239-1715400038', 17, 31, 42.00, 0.00, 0.00, NULL, 0.0, 0.00, 42.00, 0, 'INR', 'Pending', 'Not Paid', '', '', '', '', '', '', '', 2, '2024-05-12', 1, NULL, '', NULL, '2024-05-11 09:30:38'),
(60, 'D-90636-1715484643', 108, 32, 0.00, 0.00, 0.00, NULL, 0.0, 0.00, 0.00, 0, 'INR', 'Pending', 'Paid', 'ref65279389', '', '', '', '', '', '', NULL, NULL, NULL, NULL, '', NULL, '2024-05-12 09:00:43'),
(61, 'D-96810-1715486202', 108, 32, 60.00, 0.00, 0.00, NULL, 0.0, 0.00, 60.00, 0, 'INR', 'Pending', 'Paid', 'ref65279389', '', '', '', '', '', '', NULL, NULL, NULL, NULL, '', NULL, '2024-05-12 09:26:42'),
(62, 'D-75275-1715486303', 108, 32, 180.00, 0.00, 0.00, NULL, 0.0, 0.00, 180.00, 0, 'INR', 'Pending', 'Paid', 'ref65279389', '', '', '', '', '', '', NULL, NULL, NULL, NULL, '', NULL, '2024-05-12 09:28:23'),
(63, 'D-14911-1715486348', 108, 32, 0.00, 0.00, 0.00, NULL, 0.0, 0.00, 0.00, 0, 'INR', 'Pending', 'Paid', 'ref65279389', '', '', '', '', '', '', NULL, NULL, NULL, NULL, '', NULL, '2024-05-12 09:29:08'),
(64, 'D-42363-1715486380', 108, 32, 1000.00, 0.00, 0.00, NULL, 0.0, 0.00, 1000.00, 0, 'INR', 'Pending', 'Paid', 'ref65279389', '', '', '', '', '', '', NULL, NULL, NULL, NULL, '', NULL, '2024-05-12 09:29:40'),
(65, 'D-22669-1715486408', 108, 32, 0.00, 0.00, 0.00, NULL, 0.0, 0.00, 0.00, 0, 'INR', 'Pending', 'Paid', 'ref65279389', '', '', '', '', '', '', NULL, NULL, NULL, NULL, '', NULL, '2024-05-12 09:30:08'),
(66, 'D-55457-1715486443', 17, 31, 42.00, 0.00, 0.00, NULL, 0.0, 0.00, 42.00, 0, 'INR', 'Pending', 'Not Paid', '', '', '', '', '', '', '', 2, '2024-05-13', 1, NULL, '', NULL, '2024-05-12 09:30:43'),
(67, 'D-65639-1715487030', 108, 32, 0.00, 0.00, 0.00, NULL, 0.0, 0.00, 0.00, 0, 'INR', 'Pending', 'Paid', 'ref65279389', '', '', '', '', '', '', NULL, NULL, NULL, NULL, '', NULL, '2024-05-12 09:40:30'),
(68, 'D-43517-1715487079', 108, 32, 0.00, 0.00, 0.00, NULL, 0.0, 0.00, 0.00, 0, 'INR', 'Pending', 'Paid', 'ref65279389', '', '', '', '', '', '', NULL, NULL, NULL, NULL, '', NULL, '2024-05-12 09:41:19'),
(69, 'D-52212-1715490109', 108, 32, 60.00, 0.00, 0.00, NULL, 0.0, 0.00, 60.00, 0, 'INR', 'Pending', 'Paid', 'ref65279389', '', '', '', '', '', '', NULL, NULL, NULL, NULL, '', NULL, '2024-05-12 10:31:49'),
(70, 'D-93849-1715490296', 108, 32, 0.00, 0.00, 0.00, NULL, 0.0, 0.00, 0.00, 0, 'INR', 'Pending', 'Paid', 'ref65279389', '', '', '', '', '', '', NULL, NULL, NULL, NULL, '', NULL, '2024-05-12 10:34:56'),
(71, 'D-58743-1715490328', 108, 32, 180.00, 0.00, 0.00, NULL, 0.0, 0.00, 180.00, 0, 'INR', 'Pending', 'Paid', 'ref65279389', '', '', '', '', '', '', NULL, NULL, NULL, NULL, '', NULL, '2024-05-12 10:35:28'),
(72, 'D-92187-1715490725', 108, 32, 60.00, 0.00, 0.00, NULL, 0.0, 0.00, 60.00, 0, 'INR', 'Pending', 'Paid', 'ref65279389', '', '', '', '', '', '', NULL, NULL, NULL, NULL, '', NULL, '2024-05-12 10:42:05'),
(73, 'D-55491-1715572829', 17, 31, 42.00, 0.00, 0.00, NULL, 0.0, 0.00, 42.00, 0, 'INR', 'Delivered', 'Not Paid', '', '', '', '', '', '', '', 2, '2024-05-14', 1, 103, 'uploads/orders/6644a406c613f.jpg', '2024-05-15 05:31:10', '2024-05-13 09:30:29'),
(74, 'D-77950-1715659221', 83, 46, 90.00, 0.00, 0.00, NULL, 0.0, 0.00, 90.00, 0, 'INR', 'Pending', 'Not Paid', '', '', '', '', '', '', '', 90, '2024-05-15', NULL, NULL, '', NULL, '2024-05-14 09:30:21'),
(75, 'D-95943-1715659221', 17, 31, 42.00, 0.00, 0.00, NULL, 0.0, 0.00, 42.00, 0, 'INR', 'Delivered', 'Not Paid', '', '', '', '', '', '', '', 2, '2024-05-15', 1, 103, 'uploads/orders/66432a6fa8a6c.jpg', '2024-05-14 02:40:07', '2024-05-14 09:30:21'),
(76, 'D-51707-1715745616', 4, 22, 99.20, 0.00, 0.00, NULL, 0.0, 0.00, 99.20, 0, 'INR', 'Pending', 'Not Paid', '', '', '', '', '', '', '', 105, '2024-05-16', NULL, NULL, '', NULL, '2024-05-15 09:30:16'),
(77, 'D-59475-1715745616', 17, 31, 42.00, 0.00, 0.00, NULL, 0.0, 0.00, 42.00, 0, 'INR', 'Returned', 'Not Paid', '', '', '', '', '', '', '', 2, '2024-05-16', 1, 103, 'uploads/orders/6644a3540e0bf.jpg', '2024-05-15 05:28:12', '2024-05-15 09:30:16'),
(78, 'D-14907-1715774007', 71, 33, 7270.00, 0.00, 0.00, NULL, 0.0, 0.00, 7270.00, 0, 'INR', 'Pending', 'Paid', 'ref65279389', '', '', '', '', '', '', NULL, NULL, NULL, NULL, '', NULL, '2024-05-15 05:23:27'),
(79, 'D-82299-1715832027', 17, 31, 42.00, 0.00, 0.00, NULL, 0.0, 0.00, 42.00, 0, 'INR', 'Pending', 'Not Paid', '', '', '', '', '', '', '', 2, '2024-05-17', 1, NULL, '', NULL, '2024-05-16 09:30:27'),
(80, 'D-85406-1715840979', 135, 53, 0.00, 0.00, 0.00, NULL, 0.0, 0.00, 0.00, 0, 'INR', 'Pending', 'Paid', 'ref65279389', '', '', '', '', '', '', NULL, NULL, NULL, NULL, '', NULL, '2024-05-16 11:59:39'),
(81, 'D-68950-1715840999', 135, 53, 0.00, 0.00, 0.00, NULL, 0.0, 0.00, 0.00, 0, 'INR', 'Pending', 'Paid', 'ref65279389', '', '', '', '', '', '', NULL, NULL, NULL, NULL, '', NULL, '2024-05-16 11:59:59'),
(82, 'D-62342-1715918436', 17, 31, 42.00, 0.00, 0.00, NULL, 0.0, 0.00, 42.00, 0, 'INR', 'Pending', 'Not Paid', '', '', '', '', '', '', '', 2, '2024-05-18', 1, NULL, '', NULL, '2024-05-17 09:30:36'),
(83, 'D-12783-1715961162', 108, 32, 198.40, 0.00, 0.00, NULL, 0.0, 0.00, 198.40, 0, 'INR', 'Pending', 'Paid', 'ref65279389', '', '', '', '', '', '', NULL, NULL, NULL, NULL, '', NULL, '2024-05-17 09:22:42'),
(84, 'D-94663-1715961445', 108, 32, 0.00, 0.00, 0.00, NULL, 0.0, 0.00, 0.00, 0, 'INR', 'Pending', 'Paid', 'ref65279389', '', '', '', '', '', '', NULL, NULL, NULL, NULL, '', NULL, '2024-05-17 09:27:25'),
(85, 'D-24709-1716004854', 108, 32, 297.60, 0.00, 0.00, NULL, 0.0, 0.00, 297.60, 0, 'INR', 'Pending', 'Not Paid', '', '', '', '', '', '', '', 115, '2024-05-19', 3, NULL, '', NULL, '2024-05-18 09:30:54'),
(86, 'D-70631-1716004854', 5, 28, 0.00, 0.00, 0.00, NULL, 0.0, 0.00, 0.00, 0, 'INR', 'Pending', 'Not Paid', '', '', '', '', '', '', '', 114, '2024-05-19', NULL, NULL, '', NULL, '2024-05-18 09:30:54'),
(87, 'D-88918-1716019522', 108, 32, 0.00, 0.00, 0.00, NULL, 0.0, 0.00, 0.00, 0, 'INR', 'Pending', 'Paid', 'ref65279389', '', '', '', '', '', '', NULL, NULL, NULL, NULL, '', NULL, '2024-05-18 01:35:22'),
(88, 'D-47591-1716019559', 108, 32, 0.00, 0.00, 0.00, NULL, 0.0, 0.00, 0.00, 0, 'INR', 'Pending', 'Paid', 'ref65279389', '', '', '', '', '', '', NULL, NULL, NULL, NULL, '', NULL, '2024-05-18 01:35:59'),
(89, 'D-94663-1716019664', 108, 32, 0.00, 0.00, 0.00, NULL, 0.0, 0.00, 0.00, 0, 'INR', 'Pending', 'Paid', 'ref65279389', '', '', '', '', '', '', NULL, NULL, NULL, NULL, '', NULL, '2024-05-18 01:37:44'),
(90, 'D-75437-1716020632', 108, 32, 0.00, 0.00, 0.00, NULL, 0.0, 0.00, 0.00, 0, 'INR', 'Pending', 'Paid', 'ref65279389', '', '', '', '', '', '', NULL, NULL, NULL, NULL, '', NULL, '2024-05-18 01:53:52'),
(91, 'D-59517-1716052974', 108, 32, 0.00, 0.00, 0.00, NULL, 0.0, 0.00, 0.00, 0, 'INR', 'Pending', 'Paid', 'ref65279389', '', '', '', '', '', '', NULL, NULL, NULL, NULL, '', NULL, '2024-05-18 10:52:54'),
(92, 'D-71634-1716053060', 108, 32, 0.00, 0.00, 0.00, NULL, 0.0, 0.00, 0.00, 0, 'INR', 'Pending', 'Paid', 'ref65279389', '', '', '', '', '', '', NULL, NULL, NULL, NULL, '', NULL, '2024-05-18 10:54:20'),
(93, 'D-91198-1716053062', 108, 32, 0.00, 0.00, 0.00, NULL, 0.0, 0.00, 0.00, 0, 'INR', 'Pending', 'Paid', 'ref65279389', '', '', '', '', '', '', NULL, NULL, NULL, NULL, '', NULL, '2024-05-18 10:54:22'),
(94, 'D-20058-1716053282', 108, 32, 0.00, 0.00, 0.00, NULL, 0.0, 0.00, 0.00, 0, 'INR', 'Pending', 'Paid', 'ref65279389', '', '', '', '', '', '', NULL, NULL, NULL, NULL, '', NULL, '2024-05-18 10:58:02'),
(95, 'D-93682-1716053413', 108, 32, 0.00, 0.00, 0.00, NULL, 0.0, 0.00, 0.00, 0, 'INR', 'Pending', 'Paid', 'ref65279389', '', '', '', '', '', '', NULL, NULL, NULL, NULL, '', NULL, '2024-05-18 11:00:13'),
(96, 'D-31863-1716053669', 108, 32, 0.00, 0.00, 0.00, NULL, 0.0, 0.00, 0.00, 0, 'INR', 'Pending', 'Paid', 'ref65279389', '', '', '', '', '', '', NULL, NULL, NULL, NULL, '', NULL, '2024-05-18 11:04:29'),
(97, 'D-42077-1716053818', 5, 3, 0.00, 0.00, 0.00, NULL, 0.0, 0.00, 0.00, 0, 'INR', 'Pending', 'Paid', 'oijhishifhhsvsv', '', '', '', '', '', '', NULL, NULL, NULL, NULL, '', NULL, '2024-05-18 11:06:58'),
(98, 'D-71298-1716058335', 108, 32, 0.00, 0.00, 0.00, NULL, 0.0, 0.00, 0.00, 0, 'INR', 'Pending', 'Paid', 'ref65279389', '', '', '', '', '', '', NULL, NULL, NULL, NULL, '', NULL, '2024-05-19 12:22:15'),
(99, 'D-83049-1716091211', 5, 28, 0.00, 0.00, 0.00, NULL, 0.0, 0.00, 0.00, 0, 'INR', 'Pending', 'Not Paid', '', '', '', '', '', '', '', 114, '2024-05-20', NULL, NULL, '', NULL, '2024-05-19 09:30:11'),
(100, 'D-27945-1716122628', 108, 32, 0.00, 0.00, 0.00, NULL, 0.0, 0.00, 0.00, 0, 'INR', 'Pending', 'Paid', 'ref65279389', '', '', '', '', '', '', NULL, NULL, NULL, NULL, '', NULL, '2024-05-19 06:13:48'),
(101, 'D-35961-1716177649', 5, 28, 0.00, 0.00, 0.00, NULL, 0.0, 0.00, 0.00, 0, 'INR', 'Pending', 'Not Paid', '', '', '', '', '', '', '', 114, '2024-05-21', NULL, NULL, '', NULL, '2024-05-20 09:30:49'),
(102, 'D-58674-1716197297', 108, 32, 0.00, 0.00, 0.00, NULL, 0.0, 0.00, 0.00, 0, 'INR', 'Pending', 'Paid', 'ref65279389', '', '', '', '', '', '', NULL, NULL, NULL, NULL, '', NULL, '2024-05-20 02:58:17'),
(103, 'D-60648-1716217629', 108, 32, 30.00, 0.00, 0.00, NULL, 0.0, 0.00, 30.00, 0, 'INR', 'Pending', 'Paid', 'ref65279389', 'CC-Avenue', '', '', '', '', '', NULL, NULL, NULL, NULL, '', NULL, '2024-05-20 08:37:09'),
(104, 'D-10407-1716218010', 108, 32, 0.00, 0.00, 0.00, NULL, 0.0, 0.00, 0.00, 0, 'INR', 'Pending', 'Paid', 'ref65279389', 'CC-Avenue', '', '', '', '', '', NULL, NULL, NULL, NULL, '', NULL, '2024-05-20 08:43:30'),
(105, 'D-17822-1716218056', 108, 32, 30.00, 0.00, 0.00, NULL, 0.0, 0.00, 30.00, 0, 'INR', 'Pending', 'Paid', 'ref65279389', 'CC-Avenue', '', '', '', '', '', NULL, NULL, NULL, NULL, '', NULL, '2024-05-20 08:44:16'),
(106, 'D-11231-1716219835', 108, 32, 60.00, 0.00, 0.00, NULL, 0.0, 0.00, 60.00, 0, 'INR', 'Pending', 'Paid', 'ref65279389', 'CC-Avenue', '', '', '', '', '', NULL, NULL, NULL, NULL, '', NULL, '2024-05-20 09:13:55'),
(107, 'D-20783-1716220113', 108, 32, 30.00, 0.00, 0.00, NULL, 0.0, 0.00, 30.00, 0, 'INR', 'Pending', 'Paid', 'ref65279389', 'CC-Avenue', '', '', '', '', '', NULL, NULL, NULL, NULL, '', NULL, '2024-05-20 09:18:33'),
(108, 'D-44774-1716264021', 5, 28, 0.00, 0.00, 0.00, NULL, 0.0, 0.00, 0.00, 0, 'INR', 'Pending', 'Not Paid', '', '', '', '', '', '', '', 114, '2024-05-22', NULL, NULL, '', NULL, '2024-05-21 09:30:21'),
(109, 'D-66871-1716350413', 5, 28, 0.00, 0.00, 0.00, NULL, 0.0, 0.00, 0.00, 0, 'INR', 'Pending', 'Not Paid', '', '', '', '', '', '', '', 114, '2024-05-23', NULL, NULL, '', NULL, '2024-05-22 09:30:13'),
(110, 'D-64820-1716436831', 5, 28, 0.00, 0.00, 0.00, NULL, 0.0, 0.00, 0.00, 0, 'INR', 'Pending', 'Not Paid', '', '', '', '', '', '', '', 114, '2024-05-24', NULL, NULL, '', NULL, '2024-05-23 09:30:31'),
(111, 'D-59383-1716523246', 5, 28, 0.00, 0.00, 0.00, NULL, 0.0, 0.00, 0.00, 0, 'INR', 'Pending', 'Not Paid', '', '', '', '', '', '', '', 114, '2024-05-25', NULL, NULL, '', NULL, '2024-05-24 09:30:46'),
(112, 'D-72024-1716609642', 5, 28, 0.00, 0.00, 0.00, NULL, 0.0, 0.00, 0.00, 0, 'INR', 'Pending', 'Not Paid', '', '', '', '', '', '', '', 114, '2024-05-26', NULL, NULL, '', NULL, '2024-05-25 09:30:42'),
(113, 'D-42810-1716696015', 5, 28, 0.00, 0.00, 0.00, NULL, 0.0, 0.00, 0.00, 0, 'INR', 'Pending', 'Not Paid', '', '', '', '', '', '', '', 114, '2024-05-27', NULL, NULL, '', NULL, '2024-05-26 09:30:15'),
(114, 'D-81455-1716782410', 5, 28, 0.00, 0.00, 0.00, NULL, 0.0, 0.00, 0.00, 0, 'INR', 'Pending', 'Not Paid', '', '', '', '', '', '', '', 114, '2024-05-28', NULL, NULL, '', NULL, '2024-05-27 09:30:10'),
(115, 'D-55628-1716818910', 108, 32, 30.00, 0.00, 0.00, NULL, 0.0, 0.00, 30.00, 0, 'INR', 'Pending', 'Paid', 'ref65279389', 'CC-Avenue', '', '', '', '', '', NULL, NULL, NULL, NULL, '', NULL, '2024-05-27 07:38:30'),
(116, 'D-67649-1716818978', 108, 32, 1200.00, 0.00, 0.00, NULL, 0.0, 0.00, 1200.00, 0, 'INR', 'Pending', 'Paid', 'ref65279389', 'CC-Avenue', '', '', '', '', '', NULL, NULL, NULL, NULL, '', NULL, '2024-05-27 07:39:38'),
(117, 'D-37824-1716868817', 5, 28, 0.00, 0.00, 0.00, NULL, 0.0, 0.00, 0.00, 0, 'INR', 'Pending', 'Not Paid', '', '', '', '', '', '', '', 114, '2024-05-29', NULL, NULL, '', NULL, '2024-05-28 09:30:17'),
(118, 'D-10626-1716876017', 108, 32, 1000.00, 0.00, 0.00, NULL, 0.0, 0.00, 1000.00, 0, 'INR', 'Pending', 'Paid', 'ref65279389', 'CC-Avenue', '', '', '', '', '', NULL, NULL, NULL, NULL, '', NULL, '2024-05-28 11:30:17'),
(119, 'D-12173-1716876167', 108, 32, 1000.00, 0.00, 0.00, NULL, 0.0, 0.00, 1000.00, 0, 'INR', 'Pending', 'Paid', 'ref65279389', 'CC-Avenue', '', '', '', '', '', NULL, NULL, NULL, NULL, '', NULL, '2024-05-28 11:32:47'),
(120, 'D-89411-1716955246', 5, 28, 0.00, 0.00, 0.00, NULL, 0.0, 0.00, 0.00, 0, 'INR', 'Pending', 'Not Paid', '', '', '', '', '', '', '', 114, '2024-05-30', NULL, NULL, '', NULL, '2024-05-29 09:30:46'),
(121, 'D-76301-1717041620', 5, 28, 0.00, 0.00, 0.00, NULL, 0.0, 0.00, 0.00, 0, 'INR', 'Pending', 'Not Paid', '', '', '', '', '', '', '', 114, '2024-05-31', NULL, NULL, '', NULL, '2024-05-30 09:30:20'),
(122, 'D-21224-1717128040', 5, 28, 0.00, 0.00, 0.00, NULL, 0.0, 0.00, 0.00, 0, 'INR', 'Pending', 'Not Paid', '', '', '', '', '', '', '', 114, '2024-06-01', NULL, NULL, '', NULL, '2024-05-31 09:30:40'),
(123, 'D-33920-1717214438', 5, 28, 0.00, 0.00, 0.00, NULL, 0.0, 0.00, 0.00, 0, 'INR', 'Pending', 'Not Paid', '', '', '', '', '', '', '', 114, '2024-06-02', NULL, NULL, '', NULL, '2024-06-01 09:30:38'),
(124, 'D-82572-1717300851', 5, 28, 0.00, 0.00, 0.00, NULL, 0.0, 0.00, 0.00, 0, 'INR', 'Pending', 'Not Paid', '', '', '', '', '', '', '', 114, '2024-06-03', NULL, NULL, '', NULL, '2024-06-02 09:30:51'),
(125, 'D-99485-1717387240', 5, 28, 0.00, 0.00, 0.00, NULL, 0.0, 0.00, 0.00, 0, 'INR', 'Pending', 'Not Paid', '', '', '', '', '', '', '', 114, '2024-06-04', NULL, NULL, '', NULL, '2024-06-03 09:30:40'),
(126, 'D-50999-1717473647', 5, 28, 0.00, 0.00, 0.00, NULL, 0.0, 0.00, 0.00, 0, 'INR', 'Pending', 'Not Paid', '', '', '', '', '', '', '', 114, '2024-06-05', NULL, NULL, '', NULL, '2024-06-04 09:30:47'),
(127, 'D-18451-1717560010', 5, 28, 0.00, 0.00, 0.00, NULL, 0.0, 0.00, 0.00, 0, 'INR', 'Pending', 'Not Paid', '', '', '', '', '', '', '', 114, '2024-06-06', NULL, NULL, '', NULL, '2024-06-05 09:30:10'),
(128, 'D-32946-1717646445', 5, 28, 0.00, 0.00, 0.00, NULL, 0.0, 0.00, 0.00, 0, 'INR', 'Pending', 'Not Paid', '', '', '', '', '', '', '', 114, '2024-06-07', NULL, NULL, '', NULL, '2024-06-06 09:30:45'),
(129, 'D-19339-1717732837', 5, 28, 0.00, 0.00, 0.00, NULL, 0.0, 0.00, 0.00, 0, 'INR', 'Pending', 'Not Paid', '', '', '', '', '', '', '', 114, '2024-06-08', NULL, NULL, '', NULL, '2024-06-07 09:30:37'),
(130, 'D-93594-1717819241', 5, 28, 0.00, 0.00, 0.00, NULL, 0.0, 0.00, 0.00, 0, 'INR', 'Pending', 'Not Paid', '', '', '', '', '', '', '', 114, '2024-06-09', NULL, NULL, '', NULL, '2024-06-08 09:30:41'),
(131, 'D-28871-1717905625', 5, 28, 0.00, 0.00, 0.00, NULL, 0.0, 0.00, 0.00, 0, 'INR', 'Pending', 'Not Paid', '', '', '', '', '', '', '', 114, '2024-06-10', NULL, NULL, '', NULL, '2024-06-09 09:30:25'),
(132, 'D-43577-1717992009', 5, 28, 0.00, 0.00, 0.00, NULL, 0.0, 0.00, 0.00, 0, 'INR', 'Pending', 'Not Paid', '', '', '', '', '', '', '', 114, '2024-06-11', NULL, NULL, '', NULL, '2024-06-10 09:30:09'),
(133, 'D-71924-1718078451', 5, 28, 0.00, 0.00, 0.00, NULL, 0.0, 0.00, 0.00, 0, 'INR', 'Pending', 'Not Paid', '', '', '', '', '', '', '', 114, '2024-06-12', NULL, NULL, '', NULL, '2024-06-11 09:30:51'),
(134, 'D-94839-1718164855', 5, 28, 0.00, 0.00, 0.00, NULL, 0.0, 0.00, 0.00, 0, 'INR', 'Pending', 'Not Paid', '', '', '', '', '', '', '', 114, '2024-06-13', NULL, NULL, '', NULL, '2024-06-12 09:30:55'),
(135, 'D-24316-1718251241', 5, 28, 0.00, 0.00, 0.00, NULL, 0.0, 0.00, 0.00, 0, 'INR', 'Pending', 'Not Paid', '', '', '', '', '', '', '', 114, '2024-06-14', NULL, NULL, '', NULL, '2024-06-13 09:30:41'),
(136, 'D-28531-1718337654', 5, 28, 0.00, 0.00, 0.00, NULL, 0.0, 0.00, 0.00, 0, 'INR', 'Pending', 'Not Paid', '', '', '', '', '', '', '', 114, '2024-06-15', NULL, NULL, '', NULL, '2024-06-14 09:30:54'),
(137, 'D-28532-1718424030', 5, 28, 0.00, 0.00, 0.00, NULL, 0.0, 0.00, 0.00, 0, 'INR', 'Pending', 'Not Paid', '', '', '', '', '', '', '', 114, '2024-06-16', NULL, NULL, '', NULL, '2024-06-15 09:30:30'),
(138, 'D-90033-1718596807', 5, 28, 0.00, 0.00, 0.00, NULL, 0.0, 0.00, 0.00, 0, 'INR', 'Pending', 'Not Paid', '', '', '', '', '', '', '', 114, '2024-06-18', NULL, NULL, '', NULL, '2024-06-17 09:30:07'),
(139, 'D-20802-1718624109', 138, 54, 12600.00, 0.00, 0.00, NULL, 0.0, 0.00, 12600.00, 0, 'INR', 'Pending', 'Paid', 'ref65279389', 'CC-Avenue', '', '', '', '', '', NULL, NULL, NULL, NULL, '', NULL, '2024-06-17 05:05:09'),
(140, 'D-80998-1718624110', 138, 54, 0.00, 0.00, 0.00, NULL, 0.0, 0.00, 0.00, 0, 'INR', 'Pending', 'Paid', 'ref65279389', 'CC-Avenue', '', '', '', '', '', NULL, NULL, NULL, NULL, '', NULL, '2024-06-17 05:05:10'),
(141, 'D-68333-1718624465', 138, 54, 3939.20, 0.00, 0.00, NULL, 0.0, 0.00, 3939.20, 0, 'INR', 'Pending', 'Paid', 'ref65279389', 'CC-Avenue', '', '', '', '', '', NULL, NULL, NULL, NULL, '', NULL, '2024-06-17 05:11:05'),
(142, 'D-38370-1718683210', 138, 54, 496.00, 0.00, 0.00, NULL, 0.0, 0.00, 496.00, 0, 'INR', 'Pending', 'Not Paid', '', '', '', '', '', '', '', 128, '2024-06-19', NULL, NULL, '', NULL, '2024-06-18 09:30:10'),
(143, 'D-34569-1718683210', 138, 54, 297.60, 0.00, 0.00, NULL, 0.0, 0.00, 297.60, 0, 'INR', 'Pending', 'Not Paid', '', '', '', '', '', '', '', 127, '2024-06-19', NULL, NULL, '', NULL, '2024-06-18 09:30:10'),
(144, 'D-42106-1718683210', 138, 54, 99.20, 0.00, 0.00, NULL, 0.0, 0.00, 99.20, 0, 'INR', 'Pending', 'Not Paid', '', '', '', '', '', '', '', 126, '2024-06-19', NULL, NULL, '', NULL, '2024-06-18 09:30:10'),
(145, 'D-49634-1718683210', 138, 54, 99.20, 0.00, 0.00, NULL, 0.0, 0.00, 99.20, 0, 'INR', 'Pending', 'Not Paid', '', '', '', '', '', '', '', 125, '2024-06-19', NULL, NULL, '', NULL, '2024-06-18 09:30:10'),
(146, 'D-30587-1718683210', 138, 54, 99.20, 0.00, 0.00, NULL, 0.0, 0.00, 99.20, 0, 'INR', 'Pending', 'Not Paid', '', '', '', '', '', '', '', 124, '2024-06-19', NULL, NULL, '', NULL, '2024-06-18 09:30:10'),
(147, 'D-37827-1718683210', 138, 54, 275.00, 0.00, 0.00, NULL, 0.0, 0.00, 275.00, 0, 'INR', 'Pending', 'Not Paid', '', '', '', '', '', '', '', 123, '2024-06-19', NULL, NULL, '', NULL, '2024-06-18 09:30:10'),
(148, 'D-64922-1718683210', 5, 28, 0.00, 0.00, 0.00, NULL, 0.0, 0.00, 0.00, 0, 'INR', 'Pending', 'Not Paid', '', '', '', '', '', '', '', 114, '2024-06-19', NULL, NULL, '', NULL, '2024-06-18 09:30:10'),
(149, 'D-74341-1718769606', 138, 54, 496.00, 0.00, 0.00, NULL, 0.0, 0.00, 496.00, 0, 'INR', 'Pending', 'Not Paid', '', '', '', '', '', '', '', 128, '2024-06-20', NULL, NULL, '', NULL, '2024-06-19 09:30:06'),
(150, 'D-46199-1718769606', 138, 54, 297.60, 0.00, 0.00, NULL, 0.0, 0.00, 297.60, 0, 'INR', 'Pending', 'Not Paid', '', '', '', '', '', '', '', 127, '2024-06-20', NULL, NULL, '', NULL, '2024-06-19 09:30:06'),
(151, 'D-24455-1718769606', 138, 54, 99.20, 0.00, 0.00, NULL, 0.0, 0.00, 99.20, 0, 'INR', 'Pending', 'Not Paid', '', '', '', '', '', '', '', 126, '2024-06-20', NULL, NULL, '', NULL, '2024-06-19 09:30:06'),
(152, 'D-27923-1718769606', 138, 54, 99.20, 0.00, 0.00, NULL, 0.0, 0.00, 99.20, 0, 'INR', 'Pending', 'Not Paid', '', '', '', '', '', '', '', 125, '2024-06-20', NULL, NULL, '', NULL, '2024-06-19 09:30:06'),
(153, 'D-68475-1718769606', 138, 54, 99.20, 0.00, 0.00, NULL, 0.0, 0.00, 99.20, 0, 'INR', 'Pending', 'Not Paid', '', '', '', '', '', '', '', 124, '2024-06-20', NULL, NULL, '', NULL, '2024-06-19 09:30:06'),
(154, 'D-11723-1718769606', 138, 54, 275.00, 0.00, 0.00, NULL, 0.0, 0.00, 275.00, 0, 'INR', 'Pending', 'Not Paid', '', '', '', '', '', '', '', 123, '2024-06-20', NULL, NULL, '', NULL, '2024-06-19 09:30:06'),
(155, 'D-98322-1718769606', 5, 28, 0.00, 0.00, 0.00, NULL, 0.0, 0.00, 0.00, 0, 'INR', 'Pending', 'Not Paid', '', '', '', '', '', '', '', 114, '2024-06-20', NULL, NULL, '', NULL, '2024-06-19 09:30:06'),
(156, 'D-81004-1718856011', 138, 54, 496.00, 0.00, 0.00, NULL, 0.0, 0.00, 496.00, 0, 'INR', 'Pending', 'Not Paid', '', '', '', '', '', '', '', 128, '2024-06-21', NULL, NULL, '', NULL, '2024-06-20 09:30:11'),
(157, 'D-37639-1718856011', 138, 54, 297.60, 0.00, 0.00, NULL, 0.0, 0.00, 297.60, 0, 'INR', 'Pending', 'Not Paid', '', '', '', '', '', '', '', 127, '2024-06-21', NULL, NULL, '', NULL, '2024-06-20 09:30:11'),
(158, 'D-84457-1718856011', 138, 54, 99.20, 0.00, 0.00, NULL, 0.0, 0.00, 99.20, 0, 'INR', 'Pending', 'Not Paid', '', '', '', '', '', '', '', 126, '2024-06-21', NULL, NULL, '', NULL, '2024-06-20 09:30:11'),
(159, 'D-54126-1718856011', 138, 54, 99.20, 0.00, 0.00, NULL, 0.0, 0.00, 99.20, 0, 'INR', 'Pending', 'Not Paid', '', '', '', '', '', '', '', 125, '2024-06-21', NULL, NULL, '', NULL, '2024-06-20 09:30:11'),
(160, 'D-76213-1718856011', 138, 54, 99.20, 0.00, 0.00, NULL, 0.0, 0.00, 99.20, 0, 'INR', 'Pending', 'Not Paid', '', '', '', '', '', '', '', 124, '2024-06-21', NULL, NULL, '', NULL, '2024-06-20 09:30:11'),
(161, 'D-82318-1718856011', 138, 54, 275.00, 0.00, 0.00, NULL, 0.0, 0.00, 275.00, 0, 'INR', 'Pending', 'Not Paid', '', '', '', '', '', '', '', 123, '2024-06-21', NULL, NULL, '', NULL, '2024-06-20 09:30:11'),
(162, 'D-20533-1718856011', 5, 28, 0.00, 0.00, 0.00, NULL, 0.0, 0.00, 0.00, 0, 'INR', 'Pending', 'Not Paid', '', '', '', '', '', '', '', 114, '2024-06-21', NULL, NULL, '', NULL, '2024-06-20 09:30:11'),
(163, 'D-75502-1718942407', 138, 54, 496.00, 0.00, 0.00, NULL, 0.0, 0.00, 496.00, 0, 'INR', 'Pending', 'Not Paid', '', '', '', '', '', '', '', 128, '2024-06-22', NULL, NULL, '', NULL, '2024-06-21 09:30:07'),
(164, 'D-30044-1718942408', 138, 54, 297.60, 0.00, 0.00, NULL, 0.0, 0.00, 297.60, 0, 'INR', 'Pending', 'Not Paid', '', '', '', '', '', '', '', 127, '2024-06-22', NULL, NULL, '', NULL, '2024-06-21 09:30:08'),
(165, 'D-54189-1718942408', 138, 54, 99.20, 0.00, 0.00, NULL, 0.0, 0.00, 99.20, 0, 'INR', 'Pending', 'Not Paid', '', '', '', '', '', '', '', 126, '2024-06-22', NULL, NULL, '', NULL, '2024-06-21 09:30:08'),
(166, 'D-39830-1718942408', 138, 54, 99.20, 0.00, 0.00, NULL, 0.0, 0.00, 99.20, 0, 'INR', 'Pending', 'Not Paid', '', '', '', '', '', '', '', 125, '2024-06-22', NULL, NULL, '', NULL, '2024-06-21 09:30:08'),
(167, 'D-93700-1718942408', 138, 54, 99.20, 0.00, 0.00, NULL, 0.0, 0.00, 99.20, 0, 'INR', 'Pending', 'Not Paid', '', '', '', '', '', '', '', 124, '2024-06-22', NULL, NULL, '', NULL, '2024-06-21 09:30:08'),
(168, 'D-52308-1718942408', 138, 54, 275.00, 0.00, 0.00, NULL, 0.0, 0.00, 275.00, 0, 'INR', 'Pending', 'Not Paid', '', '', '', '', '', '', '', 123, '2024-06-22', NULL, NULL, '', NULL, '2024-06-21 09:30:08'),
(169, 'D-84459-1718942408', 5, 28, 0.00, 0.00, 0.00, NULL, 0.0, 0.00, 0.00, 0, 'INR', 'Pending', 'Not Paid', '', '', '', '', '', '', '', 114, '2024-06-22', NULL, NULL, '', NULL, '2024-06-21 09:30:08'),
(170, 'D-79134-1719028807', 138, 54, 496.00, 0.00, 0.00, NULL, 0.0, 0.00, 496.00, 0, 'INR', 'Pending', 'Not Paid', '', '', '', '', '', '', '', 128, '2024-06-23', NULL, NULL, '', NULL, '2024-06-22 09:30:07'),
(171, 'D-59270-1719028807', 138, 54, 297.60, 0.00, 0.00, NULL, 0.0, 0.00, 297.60, 0, 'INR', 'Pending', 'Not Paid', '', '', '', '', '', '', '', 127, '2024-06-23', NULL, NULL, '', NULL, '2024-06-22 09:30:07'),
(172, 'D-65998-1719028807', 138, 54, 99.20, 0.00, 0.00, NULL, 0.0, 0.00, 99.20, 0, 'INR', 'Pending', 'Not Paid', '', '', '', '', '', '', '', 126, '2024-06-23', NULL, NULL, '', NULL, '2024-06-22 09:30:07'),
(173, 'D-44408-1719028807', 138, 54, 99.20, 0.00, 0.00, NULL, 0.0, 0.00, 99.20, 0, 'INR', 'Pending', 'Not Paid', '', '', '', '', '', '', '', 125, '2024-06-23', NULL, NULL, '', NULL, '2024-06-22 09:30:07'),
(174, 'D-78262-1719028807', 138, 54, 99.20, 0.00, 0.00, NULL, 0.0, 0.00, 99.20, 0, 'INR', 'Pending', 'Not Paid', '', '', '', '', '', '', '', 124, '2024-06-23', NULL, NULL, '', NULL, '2024-06-22 09:30:07'),
(175, 'D-62730-1719028807', 138, 54, 275.00, 0.00, 0.00, NULL, 0.0, 0.00, 275.00, 0, 'INR', 'Pending', 'Not Paid', '', '', '', '', '', '', '', 123, '2024-06-23', NULL, NULL, '', NULL, '2024-06-22 09:30:07'),
(176, 'D-62127-1719028807', 5, 28, 0.00, 0.00, 0.00, NULL, 0.0, 0.00, 0.00, 0, 'INR', 'Pending', 'Not Paid', '', '', '', '', '', '', '', 114, '2024-06-23', NULL, NULL, '', NULL, '2024-06-22 09:30:07'),
(177, 'D-77980-1719115211', 138, 54, 496.00, 0.00, 0.00, NULL, 0.0, 0.00, 496.00, 0, 'INR', 'Pending', 'Not Paid', '', '', '', '', '', '', '', 128, '2024-06-24', NULL, NULL, '', NULL, '2024-06-23 09:30:11'),
(178, 'D-36588-1719115211', 138, 54, 297.60, 0.00, 0.00, NULL, 0.0, 0.00, 297.60, 0, 'INR', 'Pending', 'Not Paid', '', '', '', '', '', '', '', 127, '2024-06-24', NULL, NULL, '', NULL, '2024-06-23 09:30:11'),
(179, 'D-36962-1719115211', 138, 54, 99.20, 0.00, 0.00, NULL, 0.0, 0.00, 99.20, 0, 'INR', 'Pending', 'Not Paid', '', '', '', '', '', '', '', 126, '2024-06-24', NULL, NULL, '', NULL, '2024-06-23 09:30:11'),
(180, 'D-28563-1719115212', 138, 54, 99.20, 0.00, 0.00, NULL, 0.0, 0.00, 99.20, 0, 'INR', 'Pending', 'Not Paid', '', '', '', '', '', '', '', 125, '2024-06-24', NULL, NULL, '', NULL, '2024-06-23 09:30:12'),
(181, 'D-96309-1719115212', 138, 54, 99.20, 0.00, 0.00, NULL, 0.0, 0.00, 99.20, 0, 'INR', 'Pending', 'Not Paid', '', '', '', '', '', '', '', 124, '2024-06-24', NULL, NULL, '', NULL, '2024-06-23 09:30:12'),
(182, 'D-48945-1719115212', 138, 54, 275.00, 0.00, 0.00, NULL, 0.0, 0.00, 275.00, 0, 'INR', 'Pending', 'Not Paid', '', '', '', '', '', '', '', 123, '2024-06-24', NULL, NULL, '', NULL, '2024-06-23 09:30:12'),
(183, 'D-48610-1719115212', 5, 28, 0.00, 0.00, 0.00, NULL, 0.0, 0.00, 0.00, 0, 'INR', 'Pending', 'Not Paid', '', '', '', '', '', '', '', 114, '2024-06-24', NULL, NULL, '', NULL, '2024-06-23 09:30:12'),
(184, 'D-53876-1719815572', 135, 53, 30.00, 0.00, 0.00, NULL, 0.0, 0.00, 30.00, 0, 'INR', 'Pending', 'Paid', 'ref65279389', 'CC-Avenue', '', '', '', '', '', NULL, NULL, NULL, NULL, '', NULL, '2024-07-01 12:02:52'),
(185, 'D-80592-1719815778', 135, 53, 30.00, 0.00, 0.00, NULL, 0.0, 0.00, 30.00, 0, 'INR', 'Pending', 'Paid', 'ref65279389', 'CC-Avenue', '', '', '', '', '', NULL, NULL, NULL, NULL, '', NULL, '2024-07-01 12:06:18'),
(186, 'D-69254-1719815779', 135, 53, 0.00, 0.00, 0.00, NULL, 0.0, 0.00, 0.00, 0, 'INR', 'Pending', 'Paid', 'ref65279389', 'CC-Avenue', '', '', '', '', '', NULL, NULL, NULL, NULL, '', NULL, '2024-07-01 12:06:19'),
(187, 'D-44325-1719815786', 135, 53, 0.00, 0.00, 0.00, NULL, 0.0, 0.00, 0.00, 0, 'INR', 'Pending', 'Paid', 'ref65279389', 'CC-Avenue', '', '', '', '', '', NULL, NULL, NULL, NULL, '', NULL, '2024-07-01 12:06:26'),
(188, 'D-56068-1719816022', 135, 53, 30.00, 0.00, 0.00, NULL, 0.0, 0.00, 30.00, 0, 'INR', 'Pending', 'Not Paid', '', 'CC-Avenue', '', '', '', '', '', NULL, NULL, NULL, NULL, '', NULL, '2024-07-01 12:10:22'),
(189, 'D-31589-1719816295', 135, 53, 60.00, 0.00, 0.00, NULL, 0.0, 0.00, 60.00, 0, 'INR', 'Pending', 'Paid', 'ref65279389', 'CC-Avenue', '', '', '', '', '', NULL, NULL, NULL, NULL, '', NULL, '2024-07-01 12:14:55'),
(190, 'D-63625-1719816296', 135, 53, 0.00, 0.00, 0.00, NULL, 0.0, 0.00, 0.00, 0, 'INR', 'Pending', 'Paid', 'ref65279389', 'CC-Avenue', '', '', '', '', '', NULL, NULL, NULL, NULL, '', NULL, '2024-07-01 12:14:56'),
(191, 'D-77576-1719816369', 135, 53, 0.00, 0.00, 0.00, NULL, 0.0, 0.00, 0.00, 0, 'INR', 'Pending', 'Paid', 'ref65279389', 'CC-Avenue', '', '', '', '', '', NULL, NULL, NULL, NULL, '', NULL, '2024-07-01 12:16:09'),
(192, 'D-44553-1719816403', 135, 53, 60.00, 0.00, 0.00, NULL, 0.0, 0.00, 60.00, 0, 'INR', 'Pending', 'Paid', 'ref65279389', 'CC-Avenue', '', '', '', '', '', NULL, NULL, NULL, NULL, '', NULL, '2024-07-01 12:16:43'),
(193, 'D-44915-1720066411', 135, 53, 30.00, 0.00, 0.00, NULL, 0.0, 0.00, 30.00, 0, 'INR', 'Pending', 'Paid', 'ref65279389', 'CC-Avenue', '', '', '', '', '', NULL, NULL, NULL, NULL, '', NULL, '2024-07-04 09:43:31'),
(194, 'D-67388-1720689635', 4, 22, 159.90, 0.00, 0.00, NULL, 0.0, 0.00, 159.90, 0, 'INR', 'Pending', 'Paid', 'ref65279389', 'CC-Avenue', '', '', '', '', '', NULL, NULL, NULL, NULL, '', NULL, '2024-07-11 02:50:35'),
(195, 'D-81448-1720689637', 4, 22, 0.00, 0.00, 0.00, NULL, 0.0, 0.00, 0.00, 0, 'INR', 'Pending', 'Paid', 'ref65279389', 'CC-Avenue', '', '', '', '', '', NULL, NULL, NULL, NULL, '', NULL, '2024-07-11 02:50:37'),
(196, 'D-58780-1720689637', 4, 22, 0.00, 0.00, 0.00, NULL, 0.0, 0.00, 0.00, 0, 'INR', 'Pending', 'Paid', 'ref65279389', 'CC-Avenue', '', '', '', '', '', NULL, NULL, NULL, NULL, '', NULL, '2024-07-11 02:50:37'),
(197, 'D-77474-1720689638', 4, 22, 0.00, 0.00, 0.00, NULL, 0.0, 0.00, 0.00, 0, 'INR', 'Pending', 'Paid', 'ref65279389', 'CC-Avenue', '', '', '', '', '', NULL, NULL, NULL, NULL, '', NULL, '2024-07-11 02:50:38'),
(198, 'D-40711-1720689638', 4, 22, 0.00, 0.00, 0.00, NULL, 0.0, 0.00, 0.00, 0, 'INR', 'Pending', 'Paid', 'ref65279389', 'CC-Avenue', '', '', '', '', '', NULL, NULL, NULL, NULL, '', NULL, '2024-07-11 02:50:38'),
(199, 'D-60165-1720689638', 4, 22, 0.00, 0.00, 0.00, NULL, 0.0, 0.00, 0.00, 0, 'INR', 'Pending', 'Paid', 'ref65279389', 'CC-Avenue', '', '', '', '', '', NULL, NULL, NULL, NULL, '', NULL, '2024-07-11 02:50:38'),
(200, 'D-80366-1720689639', 4, 22, 0.00, 0.00, 0.00, NULL, 0.0, 0.00, 0.00, 0, 'INR', 'Pending', 'Paid', 'ref65279389', 'CC-Avenue', '', '', '', '', '', NULL, NULL, NULL, NULL, '', NULL, '2024-07-11 02:50:39'),
(201, 'D-98846-1720689639', 4, 22, 0.00, 0.00, 0.00, NULL, 0.0, 0.00, 0.00, 0, 'INR', 'Pending', 'Paid', 'ref65279389', 'CC-Avenue', '', '', '', '', '', NULL, NULL, NULL, NULL, '', NULL, '2024-07-11 02:50:39'),
(202, 'D-81234-1720696213', 4, 22, 30.00, 0.00, 0.00, NULL, 0.0, 0.00, 30.00, 0, 'INR', 'Pending', 'Paid', 'ref65279389', 'CC-Avenue', '', '', '', '', '', NULL, NULL, NULL, NULL, '', NULL, '2024-07-11 04:40:13'),
(203, 'D-69977-1720696297', 4, 22, 0.00, 0.00, 0.00, NULL, 0.0, 0.00, 0.00, 0, 'INR', 'Pending', 'Paid', 'ref65279389', 'CC-Avenue', '', '', '', '', '', NULL, NULL, NULL, NULL, '', NULL, '2024-07-11 04:41:37'),
(204, 'D-39041-1720696318', 4, 22, 0.00, 0.00, 0.00, NULL, 0.0, 0.00, 0.00, 0, 'INR', 'Pending', 'Paid', 'ref65279389', 'CC-Avenue', '', '', '', '', '', NULL, NULL, NULL, NULL, '', NULL, '2024-07-11 04:41:58'),
(205, 'D-84782-1720696349', 4, 22, 30.00, 0.00, 0.00, NULL, 0.0, 0.00, 30.00, 0, 'INR', 'Pending', 'Paid', 'ref65279389', 'CC-Avenue', '', '', '', '', '', NULL, NULL, NULL, NULL, '', NULL, '2024-07-11 04:42:29'),
(206, 'D-81253-1720696999', 4, 22, 30.00, 0.00, 0.00, NULL, 0.0, 0.00, 30.00, 0, 'INR', 'Pending', 'Paid', 'ref65279389', 'CC-Avenue', '', '', '', '', '', NULL, NULL, NULL, NULL, '', NULL, '2024-07-11 04:53:19'),
(207, 'D-89712-1721023860', 4, 22, 30.00, 0.00, 0.00, NULL, 0.0, 0.00, 30.00, 0, 'INR', 'Pending', 'Paid', 'ref65279389', 'CC-Avenue', '', '', '', '', '', NULL, NULL, NULL, NULL, '', NULL, '2024-07-15 11:41:00'),
(208, 'D-47185-1721024879', 4, 22, 1230.00, 0.00, 0.00, NULL, 0.0, 0.00, 1230.00, 0, 'INR', 'Pending', 'Paid', 'ref65279389', 'CC-Avenue', '', '', '', '', '', NULL, NULL, NULL, NULL, '', NULL, '2024-07-15 11:57:59');

-- --------------------------------------------------------

--
-- Table structure for table `order_items`
--

CREATE TABLE `order_items` (
  `id` int(11) NOT NULL,
  `order_id` int(11) NOT NULL,
  `product_id` int(11) NOT NULL,
  `quantity` int(11) NOT NULL,
  `variant_id` int(11) NOT NULL,
  `variant` varchar(20) NOT NULL,
  `price` decimal(25,2) NOT NULL,
  `subtotal` decimal(25,2) NOT NULL,
  `offer_id` int(11) NOT NULL,
  `insert_dt` datetime NOT NULL
) ENGINE=MyISAM DEFAULT CHARSET=latin1 COLLATE=latin1_swedish_ci;

--
-- Dumping data for table `order_items`
--

INSERT INTO `order_items` (`id`, `order_id`, `product_id`, `quantity`, `variant_id`, `variant`, `price`, `subtotal`, `offer_id`, `insert_dt`) VALUES
(1, 1, 49, 1, 1, '', 42.00, 42.00, 0, '2024-04-07 04:56:03'),
(2, 2, 49, 1, 1, '', 42.00, 42.00, 0, '2024-04-07 05:01:41'),
(3, 3, 49, 1, 1, '', 42.00, 42.00, 0, '2024-04-07 05:13:48'),
(4, 4, 49, 1, 1, '', 42.00, 42.00, 0, '2024-04-07 05:13:48'),
(5, 5, 49, 1, 1, '', 42.00, 42.00, 0, '2024-04-08 09:30:36'),
(6, 6, 49, 5, 1, '', 42.00, 210.00, 0, '2024-04-08 09:30:36'),
(7, 7, 49, 1, 1, '', 42.00, 42.00, 0, '2024-04-09 09:30:53'),
(8, 8, 49, 3, 1, '', 42.00, 126.00, 0, '2024-04-09 09:30:53'),
(9, 9, 49, 1, 1, '', 42.00, 42.00, 0, '2024-04-10 09:30:55'),
(10, 10, 49, 1, 1, '', 42.00, 42.00, 0, '2024-04-11 09:30:07'),
(11, 11, 49, 1, 1, '', 42.00, 42.00, 0, '2024-04-12 09:30:44'),
(12, 12, 49, 1, 1, '', 42.00, 42.00, 0, '2024-04-13 09:30:18'),
(13, 13, 49, 1, 1, '', 42.00, 42.00, 0, '2024-04-14 09:30:12'),
(14, 14, 49, 1, 1, '', 42.00, 42.00, 0, '2024-04-15 09:30:47'),
(15, 15, 49, 1, 1, '', 42.00, 42.00, 0, '2024-04-16 09:30:44'),
(16, 16, 49, 1, 1, '', 42.00, 42.00, 0, '2024-04-17 09:30:54'),
(17, 17, 49, 1, 1, '', 42.00, 42.00, 0, '2024-04-19 09:30:07'),
(18, 18, 49, 1, 1, '', 42.00, 42.00, 0, '2024-04-20 09:30:50'),
(19, 19, 49, 1, 1, '', 42.00, 42.00, 0, '2024-04-21 09:30:11'),
(20, 23, 49, 1, 1, '', 42.00, 42.00, 0, '2024-04-22 09:30:07'),
(21, 24, 49, 1, 1, '', 42.00, 42.00, 0, '2024-04-23 09:30:48'),
(22, 25, 49, 1, 1, '', 42.00, 42.00, 0, '2024-04-24 09:30:12'),
(23, 26, 49, 1, 1, '', 42.00, 42.00, 0, '2024-04-26 09:30:13'),
(24, 27, 49, 1, 1, '', 42.00, 42.00, 0, '2024-04-27 09:30:53'),
(25, 28, 49, 1, 1, '', 42.00, 42.00, 0, '2024-04-28 09:30:44'),
(26, 29, 49, 1, 1, '', 42.00, 42.00, 0, '2024-04-29 09:30:18'),
(27, 30, 49, 1, 1, '', 42.00, 42.00, 0, '2024-04-30 09:30:42'),
(28, 31, 49, 1, 1, '', 42.00, 42.00, 0, '2024-05-01 09:30:35'),
(29, 33, 52, 3, 1, '500 ML', 55.00, 165.00, 0, '2024-05-01 10:25:30'),
(30, 34, 49, 1, 1, '', 42.00, 42.00, 0, '2024-05-02 09:30:17'),
(31, 35, 4, 2, 9, '900 G', 57.80, 115.60, 0, '2024-05-02 12:24:55'),
(32, 36, 52, 3, 1, '500 ML', 55.00, 165.00, 0, '2024-05-02 12:34:37'),
(33, 36, 1, 3, 8, '300 G', 100.00, 300.00, 0, '2024-05-02 12:34:37'),
(34, 37, 49, 1, 1, '', 42.00, 42.00, 0, '2024-05-03 09:30:33'),
(35, 38, 53, 10, 7, '1 KG', 1400.00, 14000.00, 0, '2024-05-03 11:16:33'),
(36, 38, 51, 10, 1, '500 ML', 50.00, 500.00, 0, '2024-05-03 11:16:33'),
(37, 38, 50, 10, 12, '150 G', 68.00, 680.00, 0, '2024-05-03 11:16:33'),
(38, 38, 4, 10, 9, '900 G', 57.80, 578.00, 0, '2024-05-03 11:16:33'),
(39, 38, 3, 10, 11, '650 ML', 99.20, 992.00, 0, '2024-05-03 11:16:33'),
(40, 38, 1, 10, 8, '300 G', 100.00, 1000.00, 0, '2024-05-03 11:16:33'),
(41, 38, 52, 10, 1, '500 ML', 55.00, 550.00, 0, '2024-05-03 11:16:33'),
(42, 38, 49, 10, 1, '500 ML', 42.00, 420.00, 0, '2024-05-03 11:16:33'),
(43, 39, 53, 5, 7, '1 KG', 1400.00, 7000.00, 0, '2024-05-03 04:46:58'),
(44, 39, 51, 5, 1, '500 ML', 50.00, 250.00, 0, '2024-05-03 04:46:58'),
(45, 39, 50, 5, 12, '150 G', 68.00, 340.00, 0, '2024-05-03 04:46:58'),
(46, 39, 4, 5, 9, '900 G', 57.80, 289.00, 0, '2024-05-03 04:46:58'),
(47, 39, 3, 5, 11, '650 ML', 99.20, 496.00, 0, '2024-05-03 04:46:58'),
(48, 39, 1, 5, 8, '300 G', 100.00, 500.00, 0, '2024-05-03 04:46:58'),
(49, 39, 52, 5, 1, '500 ML', 55.00, 275.00, 0, '2024-05-03 04:46:58'),
(50, 39, 49, 5, 1, '500 ML', 42.00, 210.00, 0, '2024-05-03 04:46:58'),
(51, 40, 52, 2, 1, '500 ML', 55.00, 110.00, 0, '2024-05-03 06:07:00'),
(52, 40, 49, 2, 1, '500 ML', 42.00, 84.00, 0, '2024-05-03 06:07:00'),
(53, 41, 52, 7, 1, '500 ML', 55.00, 385.00, 0, '2024-05-03 06:15:27'),
(54, 41, 49, 2, 1, '500 ML', 42.00, 84.00, 0, '2024-05-03 06:15:27'),
(55, 42, 52, 2, 1, '500 ML', 55.00, 110.00, 0, '2024-05-03 07:50:43'),
(56, 43, 52, 4, 1, '500 ML', 55.00, 220.00, 0, '2024-05-03 09:19:44'),
(57, 43, 49, 4, 1, '500 ML', 42.00, 168.00, 0, '2024-05-03 09:19:44'),
(58, 44, 49, 1, 1, '', 42.00, 42.00, 0, '2024-05-04 09:30:35'),
(59, 45, 49, 1, 1, '', 42.00, 42.00, 0, '2024-05-05 09:30:16'),
(60, 46, 49, 1, 1, '', 42.00, 42.00, 0, '2024-05-06 09:30:13'),
(61, 47, 49, 1, 1, '', 42.00, 42.00, 0, '2024-05-07 09:30:12'),
(62, 48, 49, 1, 1, '', 42.00, 42.00, 0, '2024-05-08 09:30:11'),
(63, 49, 51, 1, 1, '500 ML', 50.00, 50.00, 0, '2024-05-08 04:06:57'),
(64, 49, 50, 1, 12, '150 G', 68.00, 68.00, 0, '2024-05-08 04:06:57'),
(65, 49, 3, 1, 11, '650 ML', 99.20, 99.20, 0, '2024-05-08 04:06:57'),
(66, 50, 3, 1, 11, '650 ML', 99.20, 99.20, 0, '2024-05-08 04:55:00'),
(67, 50, 50, 3, 12, '150 G', 68.00, 204.00, 0, '2024-05-08 04:55:00'),
(68, 50, 51, 3, 1, '500 ML', 50.00, 150.00, 0, '2024-05-08 04:55:00'),
(69, 50, 53, 3, 7, '1 KG', 1400.00, 4200.00, 0, '2024-05-08 04:55:00'),
(70, 51, 3, 1, 11, '650 ML', 99.20, 99.20, 0, '2024-05-08 04:55:48'),
(71, 51, 50, 1, 12, '150 G', 68.00, 68.00, 0, '2024-05-08 04:55:48'),
(72, 51, 51, 1, 1, '500 ML', 50.00, 50.00, 0, '2024-05-08 04:55:48'),
(73, 52, 49, 1, 1, '', 42.00, 42.00, 0, '2024-05-09 09:30:34'),
(74, 53, 54, 1, 7, '1 KG', 100.00, 100.00, 0, '2024-05-09 02:55:21'),
(75, 57, 49, 1, 1, '', 42.00, 42.00, 0, '2024-05-10 09:30:11'),
(76, 58, 56, 1, 12, '150 G', 30.00, 30.00, 0, '2024-05-10 10:34:03'),
(77, 59, 49, 1, 1, '', 42.00, 42.00, 0, '2024-05-11 09:30:38'),
(78, 61, 56, 2, 12, '150 G', 30.00, 60.00, 0, '2024-05-12 09:26:42'),
(79, 62, 63, 2, 7, '1 KG', 60.00, 120.00, 0, '2024-05-12 09:28:23'),
(80, 62, 56, 2, 12, '150 G', 30.00, 60.00, 0, '2024-05-12 09:28:23'),
(81, 64, 61, 1, 7, '1 KG', 1000.00, 1000.00, 0, '2024-05-12 09:29:40'),
(82, 66, 49, 1, 1, '', 42.00, 42.00, 0, '2024-05-12 09:30:43'),
(83, 69, 56, 2, 12, '150 G', 30.00, 60.00, 0, '2024-05-12 10:31:49'),
(84, 71, 63, 3, 7, '1 KG', 60.00, 180.00, 0, '2024-05-12 10:35:28'),
(85, 72, 56, 2, 12, '150 G', 30.00, 60.00, 0, '2024-05-12 10:42:05'),
(86, 73, 49, 1, 1, '', 42.00, 42.00, 0, '2024-05-13 09:30:29'),
(87, 74, 57, 1, 12, '', 90.00, 90.00, 0, '2024-05-14 09:30:21'),
(88, 75, 49, 1, 1, '', 42.00, 42.00, 0, '2024-05-14 09:30:21'),
(89, 76, 3, 1, 11, '', 99.20, 99.20, 0, '2024-05-15 09:30:16'),
(90, 77, 49, 1, 1, '', 42.00, 42.00, 0, '2024-05-15 09:30:16'),
(91, 78, 56, 3, 12, '150 G', 30.00, 90.00, 0, '2024-05-15 05:23:27'),
(92, 78, 63, 3, 7, '1 KG', 60.00, 180.00, 0, '2024-05-15 05:23:27'),
(93, 78, 61, 3, 7, '1 KG', 1000.00, 3000.00, 0, '2024-05-15 05:23:27'),
(94, 78, 62, 4, 7, '1 KG', 1000.00, 4000.00, 0, '2024-05-15 05:23:27'),
(95, 79, 49, 1, 1, '', 42.00, 42.00, 0, '2024-05-16 09:30:27'),
(96, 82, 49, 1, 1, '', 42.00, 42.00, 0, '2024-05-17 09:30:36'),
(97, 83, 3, 2, 11, '650 ML', 99.20, 198.40, 0, '2024-05-17 09:22:42'),
(98, 85, 3, 3, 11, '', 99.20, 297.60, 0, '2024-05-18 09:30:54'),
(99, 103, 56, 1, 12, '150 G', 30.00, 30.00, 0, '2024-05-20 08:37:09'),
(100, 105, 56, 1, 12, '150 G', 30.00, 30.00, 0, '2024-05-20 08:44:16'),
(101, 106, 56, 2, 12, '150 G', 30.00, 60.00, 0, '2024-05-20 09:13:55'),
(102, 107, 56, 1, 12, '150 G', 30.00, 30.00, 0, '2024-05-20 09:18:33'),
(103, 115, 56, 1, 12, '150 G', 30.00, 30.00, 0, '2024-05-27 07:38:30'),
(104, 116, 61, 1, 7, '1 KG', 1200.00, 1200.00, 0, '2024-05-27 07:39:38'),
(105, 118, 62, 1, 7, '1 KG', 1000.00, 1000.00, 0, '2024-05-28 11:30:17'),
(106, 119, 62, 1, 7, '1 KG', 1000.00, 1000.00, 0, '2024-05-28 11:32:47'),
(107, 139, 56, 1, 12, '150 G', 30.00, 30.00, 0, '2024-06-17 05:05:09'),
(108, 139, 56, 2, 12, '150 G', 30.00, 60.00, 0, '2024-06-17 05:05:09'),
(109, 139, 63, 1, 7, '1 KG', 60.00, 60.00, 0, '2024-06-17 05:05:09'),
(110, 139, 63, 2, 7, '1 KG', 60.00, 120.00, 0, '2024-06-17 05:05:09'),
(111, 139, 63, 3, 7, '1 KG', 60.00, 180.00, 0, '2024-06-17 05:05:09'),
(112, 139, 61, 2, 7, '1 KG', 1200.00, 2400.00, 0, '2024-06-17 05:05:09'),
(113, 139, 61, 3, 7, '1 KG', 1200.00, 3600.00, 0, '2024-06-17 05:05:09'),
(114, 139, 62, 1, 7, '1 KG', 1000.00, 1000.00, 0, '2024-06-17 05:05:09'),
(115, 139, 62, 2, 7, '1 KG', 1000.00, 2000.00, 0, '2024-06-17 05:05:09'),
(116, 139, 62, 3, 7, '1 KG', 1000.00, 3000.00, 0, '2024-06-17 05:05:09'),
(117, 139, 54, 1, 7, '1 KG', 100.00, 100.00, 0, '2024-06-17 05:05:09'),
(118, 139, 51, 1, 1, '500 ML', 50.00, 50.00, 0, '2024-06-17 05:05:09'),
(119, 141, 53, 1, 7, '1 KG', 1400.00, 1400.00, 0, '2024-06-17 05:11:05'),
(120, 141, 51, 1, 1, '500 ML', 50.00, 50.00, 0, '2024-06-17 05:11:05'),
(121, 141, 3, 1, 11, '650 ML', 99.20, 99.20, 0, '2024-06-17 05:11:05'),
(122, 141, 54, 1, 7, '1 KG', 100.00, 100.00, 0, '2024-06-17 05:11:05'),
(123, 141, 62, 1, 7, '1 KG', 1000.00, 1000.00, 0, '2024-06-17 05:11:05'),
(124, 141, 61, 1, 7, '1 KG', 1200.00, 1200.00, 0, '2024-06-17 05:11:05'),
(125, 141, 63, 1, 7, '1 KG', 60.00, 60.00, 0, '2024-06-17 05:11:05'),
(126, 141, 56, 1, 12, '150 G', 30.00, 30.00, 0, '2024-06-17 05:11:05'),
(127, 142, 3, 5, 11, '', 99.20, 496.00, 0, '2024-06-18 09:30:10'),
(128, 143, 3, 3, 11, '', 99.20, 297.60, 0, '2024-06-18 09:30:10'),
(129, 144, 3, 1, 11, '', 99.20, 99.20, 0, '2024-06-18 09:30:10'),
(130, 145, 3, 1, 11, '', 99.20, 99.20, 0, '2024-06-18 09:30:10'),
(131, 146, 3, 1, 11, '', 99.20, 99.20, 0, '2024-06-18 09:30:10'),
(132, 147, 58, 5, 1, '', 55.00, 275.00, 0, '2024-06-18 09:30:10'),
(133, 149, 3, 5, 11, '', 99.20, 496.00, 0, '2024-06-19 09:30:06'),
(134, 150, 3, 3, 11, '', 99.20, 297.60, 0, '2024-06-19 09:30:06'),
(135, 151, 3, 1, 11, '', 99.20, 99.20, 0, '2024-06-19 09:30:06'),
(136, 152, 3, 1, 11, '', 99.20, 99.20, 0, '2024-06-19 09:30:06'),
(137, 153, 3, 1, 11, '', 99.20, 99.20, 0, '2024-06-19 09:30:06'),
(138, 154, 58, 5, 1, '', 55.00, 275.00, 0, '2024-06-19 09:30:06'),
(139, 156, 3, 5, 11, '', 99.20, 496.00, 0, '2024-06-20 09:30:11'),
(140, 157, 3, 3, 11, '', 99.20, 297.60, 0, '2024-06-20 09:30:11'),
(141, 158, 3, 1, 11, '', 99.20, 99.20, 0, '2024-06-20 09:30:11'),
(142, 159, 3, 1, 11, '', 99.20, 99.20, 0, '2024-06-20 09:30:11'),
(143, 160, 3, 1, 11, '', 99.20, 99.20, 0, '2024-06-20 09:30:11'),
(144, 161, 58, 5, 1, '', 55.00, 275.00, 0, '2024-06-20 09:30:11'),
(145, 163, 3, 5, 11, '', 99.20, 496.00, 0, '2024-06-21 09:30:08'),
(146, 164, 3, 3, 11, '', 99.20, 297.60, 0, '2024-06-21 09:30:08'),
(147, 165, 3, 1, 11, '', 99.20, 99.20, 0, '2024-06-21 09:30:08'),
(148, 166, 3, 1, 11, '', 99.20, 99.20, 0, '2024-06-21 09:30:08'),
(149, 167, 3, 1, 11, '', 99.20, 99.20, 0, '2024-06-21 09:30:08'),
(150, 168, 58, 5, 1, '', 55.00, 275.00, 0, '2024-06-21 09:30:08'),
(151, 170, 3, 5, 11, '', 99.20, 496.00, 0, '2024-06-22 09:30:07'),
(152, 171, 3, 3, 11, '', 99.20, 297.60, 0, '2024-06-22 09:30:07'),
(153, 172, 3, 1, 11, '', 99.20, 99.20, 0, '2024-06-22 09:30:07'),
(154, 173, 3, 1, 11, '', 99.20, 99.20, 0, '2024-06-22 09:30:07'),
(155, 174, 3, 1, 11, '', 99.20, 99.20, 0, '2024-06-22 09:30:07'),
(156, 175, 58, 5, 1, '', 55.00, 275.00, 0, '2024-06-22 09:30:07'),
(157, 177, 3, 5, 11, '', 99.20, 496.00, 0, '2024-06-23 09:30:11'),
(158, 178, 3, 3, 11, '', 99.20, 297.60, 0, '2024-06-23 09:30:11'),
(159, 179, 3, 1, 11, '', 99.20, 99.20, 0, '2024-06-23 09:30:11'),
(160, 180, 3, 1, 11, '', 99.20, 99.20, 0, '2024-06-23 09:30:12'),
(161, 181, 3, 1, 11, '', 99.20, 99.20, 0, '2024-06-23 09:30:12'),
(162, 182, 58, 5, 1, '', 55.00, 275.00, 0, '2024-06-23 09:30:12'),
(163, 184, 56, 1, 12, '150 G', 30.00, 30.00, 0, '2024-07-01 12:02:52'),
(164, 185, 56, 1, 12, '150 G', 30.00, 30.00, 0, '2024-07-01 12:06:18'),
(165, 188, 56, 1, 12, '150 G', 30.00, 30.00, 0, '2024-07-01 12:10:22'),
(166, 189, 63, 1, 7, '1 KG', 60.00, 60.00, 0, '2024-07-01 12:14:55'),
(167, 192, 63, 1, 7, '1 KG', 60.00, 60.00, 0, '2024-07-01 12:16:43'),
(168, 193, 56, 1, 12, '150 G', 30.00, 30.00, 0, '2024-07-04 09:43:31'),
(169, 194, 48, 1, 10, '9.5 Inches', 99.90, 99.90, 0, '2024-07-11 02:50:35'),
(170, 194, 63, 1, 7, '1 KG', 60.00, 60.00, 0, '2024-07-11 02:50:35'),
(171, 202, 56, 1, 12, '150 G', 30.00, 30.00, 0, '2024-07-11 04:40:13'),
(172, 205, 56, 1, 12, '150 G', 30.00, 30.00, 0, '2024-07-11 04:42:29'),
(173, 206, 56, 1, 12, '150 G', 30.00, 30.00, 0, '2024-07-11 04:53:19'),
(174, 207, 56, 1, 12, '150 G', 30.00, 30.00, 0, '2024-07-15 11:41:00'),
(175, 208, 56, 1, 12, '150 G', 30.00, 30.00, 0, '2024-07-15 11:57:59'),
(176, 208, 61, 1, 7, '1 KG', 1200.00, 1200.00, 0, '2024-07-15 11:57:59');

-- --------------------------------------------------------

--
-- Table structure for table `payment_responses`
--

CREATE TABLE `payment_responses` (
  `id` int(11) NOT NULL,
  `order_id` varchar(100) DEFAULT NULL,
  `payment_response` text DEFAULT NULL,
  `type` varchar(10) DEFAULT NULL,
  `created_on` datetime DEFAULT NULL
) ENGINE=InnoDB DEFAULT CHARSET=latin1 COLLATE=latin1_swedish_ci;

--
-- Dumping data for table `payment_responses`
--

INSERT INTO `payment_responses` (`id`, `order_id`, `payment_response`, `type`, `created_on`) VALUES
(1, NULL, 'order_id=D-69977-1720696297&tracking_id=313011647370&bank_ref_no=null&order_status=Invalid&failure_message=&payment_mode=&card_name=&status_code=null&status_message=31003:Amount: Invalid Parameter,31003:Amount: Invalid Parameter,&currency=INR&amount=0.00&billing_name=&billing_address=&billing_city=&billing_state=&billing_zip=&billing_country=&billing_tel=&billing_email=&delivery_name=&delivery_address=&delivery_city=&delivery_state=&delivery_zip=&delivery_country=&delivery_tel=&merchant_param1=&merchant_param2=&merchant_param3=&merchant_param4=&merchant_param5=&vault=N&offer_type=null&offer_code=null&discount_value=0.0&mer_amount=0.00&eci_value=null&retry=null&response_code=null&billing_notes=&trans_date=11/07/2024 16:41:39&bin_country=', 'Success', '2024-07-11 16:41:40'),
(2, NULL, 'order_id=D-39041-1720696318&tracking_id=313011647372&bank_ref_no=null&order_status=Invalid&failure_message=&payment_mode=&card_name=&status_code=null&status_message=31003:Amount: Invalid Parameter,31003:Amount: Invalid Parameter,&currency=INR&amount=0.00&billing_name=&billing_address=&billing_city=&billing_state=&billing_zip=&billing_country=&billing_tel=&billing_email=&delivery_name=&delivery_address=&delivery_city=&delivery_state=&delivery_zip=&delivery_country=&delivery_tel=&merchant_param1=&merchant_param2=&merchant_param3=&merchant_param4=&merchant_param5=&vault=N&offer_type=null&offer_code=null&discount_value=0.0&mer_amount=0.00&eci_value=null&retry=null&response_code=null&billing_notes=&trans_date=11/07/2024 16:42:00&bin_country=', 'Success', '2024-07-11 16:42:01'),
(3, NULL, 'order_id=D-84782-1720696349&tracking_id=313011647378&bank_ref_no=bs1c1fb9813b7b&order_status=Success&failure_message=&payment_mode=Credit Card&card_name=Visa&status_code=null&status_message=Transaction is Successful&currency=INR&amount=30.00&billing_name=null&billing_address=&billing_city=&billing_state=&billing_zip=&billing_country=&billing_tel=null&billing_email=null&delivery_name=&delivery_address=&delivery_city=&delivery_state=&delivery_zip=&delivery_country=&delivery_tel=&merchant_param1=&merchant_param2=&merchant_param3=&merchant_param4=&merchant_param5=&vault=N&offer_type=null&offer_code=null&discount_value=0.0&mer_amount=30.00&eci_value=null&retry=N&response_code=&billing_notes=&trans_date=11/07/2024 16:43:35&bin_country=INDIA', 'Success', '2024-07-11 16:43:44');

-- --------------------------------------------------------

--
-- Table structure for table `products`
--

CREATE TABLE `products` (
  `id` int(11) NOT NULL,
  `product_name` text NOT NULL,
  `product_slug` varchar(200) NOT NULL,
  `product_description` text NOT NULL,
  `category_id` int(11) NOT NULL,
  `product_thumbnail` varchar(200) NOT NULL,
  `product_video_url` varchar(255) DEFAULT NULL,
  `item_details` text NOT NULL,
  `weight_in_grams` decimal(25,2) DEFAULT NULL,
  `color` int(11) DEFAULT NULL,
  `collection` varchar(100) DEFAULT NULL,
  `size_chart` text NOT NULL,
  `product_status` enum('Not Approved','Active','Inactive') NOT NULL,
  `best_selling` enum('No','Yes') NOT NULL,
  `stock_status` enum('In stock','Out stock') NOT NULL,
  `is_subscription` enum('Yes','No') NOT NULL DEFAULT 'No',
  `meta_title` varchar(200) NOT NULL,
  `meta_keywords` varchar(200) NOT NULL,
  `meta_description` text NOT NULL,
  `created_by` int(11) NOT NULL,
  `created_on` datetime(6) DEFAULT NULL,
  `updated_on` datetime(6) DEFAULT NULL
) ENGINE=InnoDB DEFAULT CHARSET=utf8mb4 COLLATE=utf8mb4_general_ci;

--
-- Dumping data for table `products`
--

INSERT INTO `products` (`id`, `product_name`, `product_slug`, `product_description`, `category_id`, `product_thumbnail`, `product_video_url`, `item_details`, `weight_in_grams`, `color`, `collection`, `size_chart`, `product_status`, `best_selling`, `stock_status`, `is_subscription`, `meta_title`, `meta_keywords`, `meta_description`, `created_by`, `created_on`, `updated_on`) VALUES
(1, 'Paneer', 'paneer', 'Paneer', 1, 'uploads/product_images/2024-05-09-06-06-20xf3gqoszh4.jpg', '', '<p>Paneer</p>', NULL, NULL, NULL, '', 'Inactive', 'Yes', 'Out stock', 'No', 'Paneer', 'Paneer', 'Paneer', 1, '2022-06-07 00:01:05.000000', '2024-05-10 21:28:23.000000'),
(3, 'Amul Cheese', 'amul-cheese', 'Amul Cheese', 1, 'uploads/product_images/2024-03-17-06-06-514d8mg51vjt.jpg', '', '<p>Amul Cheese</p>', NULL, NULL, NULL, '<p><strong>Nice&nbsp;</strong></p>', 'Active', 'No', 'In stock', 'Yes', 'Amul Cheese', 'Amul Cheese', 'Amul Cheese', 1, '2022-06-08 18:49:16.000000', '2024-05-15 12:26:23.000000'),
(4, 'Cream', 'cream', 'Cream', 1, 'uploads/product_images/2024-03-17-06-09-14psgioyw83q.jpg', NULL, '<p>Cream</p>', NULL, NULL, NULL, '<p>Product Name - Gubba With Ghungroo Payal</p>\r\n<p>Design Name - Gubba Design</p>\r\n<p>Product Weight (Approx.) - Product Weight Is Already Given To Their Each Sizes , All the Anklet ( Payal ) Have Their Different Weights.</p>\r\n<p>Manufacturer - KTS Silver World</p>\r\n<p>Silver Purity - 75%</p>\r\n<p>Brand - KTS</p>', 'Inactive', 'Yes', 'Out stock', 'Yes', '', '', '', 1, '2022-06-08 22:57:39.000000', '2024-03-17 18:09:14.000000'),
(49, 'Buffalo Milk', 'buffalo-milk', 'Buffalo Milk', 6, 'uploads/product_images/2024-03-16-11-00-16k87bfe3h94.jpeg', NULL, '<p>Buffalo milk is good for health</p>', NULL, NULL, NULL, '', 'Inactive', 'Yes', 'Out stock', 'Yes', '', '', '', 1, '2024-03-16 11:00:16.000000', '2024-04-05 16:43:04.000000'),
(50, 'desi ghee', 'desi-ghee', 'natural ghee from farm', 1, 'uploads/product_images/2024-03-17-05-52-46xsa6098fhy.jpeg', NULL, '<p>natural ghee from farm</p>', NULL, NULL, NULL, '', 'Inactive', 'No', 'In stock', 'No', '', '', '', 1, '2024-03-17 17:52:46.000000', NULL),
(51, 'Buffalo milk', 'buffalo-milk', 'Dairy', 1, 'uploads/product_images/2024-03-17-08-58-03ubjvk5drow.jpeg', NULL, '<p>Test</p>', NULL, NULL, NULL, '', 'Active', 'No', 'In stock', 'Yes', '', '', '', 1, '2024-03-17 20:58:03.000000', NULL),
(52, 'Desi Cow Milk', 'desi-cow-milk', 'A2 Milk', 6, 'uploads/product_images/2024-04-05-04-44-56ztlhc86q4y.jpeg', NULL, '<p>Desi Cow Milk is produced from Desi (Indian) cows which has A2 Protien that can help in increasing immunity.&nbsp;</p>', NULL, NULL, NULL, '', 'Inactive', 'No', 'Out stock', 'No', '', '', '', 1, '2024-03-17 20:59:23.000000', '2024-04-05 16:47:01.000000'),
(53, 'Buffalo ghee', 'buffalo-ghee', 'Dairy', 1, 'uploads/product_images/2024-03-17-10-04-071r9k6chd42.jpeg', NULL, '<p>Pure Buffalo ghee</p>', NULL, NULL, NULL, '', 'Active', 'No', 'In stock', 'Yes', '', '', '', 1, '2024-03-17 22:04:07.000000', NULL),
(54, 'Ragi', 'ragi', 'Finger millets', 6, 'uploads/product_images/2024-05-08-10-53-17xbfhwuelv1.jpg', NULL, '<p>Ragi is a rich source of Calcium, Iron, Protein, Fiber, and other minerals. The cereal has low-fat content and contains mainly unsaturated fat.</p>', NULL, NULL, NULL, '', 'Active', 'No', 'In stock', 'No', 'Ragulu', 'Ragi', '', 1, '2024-05-08 10:53:17.000000', NULL),
(55, 'Guava', 'guava', 'Guava', 8, 'uploads/product_images/2024-05-08-10-59-53zuf9ds70hq.jpg', NULL, '<p>&nbsp;(<em>Taiwan Guava</em>) is White or Pink in colour and is famous for its aroma and a great taste. They are bigger in size compared to the regular Guavas.</p>', NULL, NULL, NULL, '', 'Active', 'No', 'In stock', 'No', 'Guava', 'Guava', ' (Taiwan Guava) is White or Pink in colour and is famous for its aroma and a great taste. They are bigger in size compared to the regular Guavas.', 1, '2024-05-08 10:59:53.000000', '2024-05-14 17:09:16.000000'),
(56, 'Palak', 'palak', 'Spinach', 9, 'uploads/product_images/2024-05-08-11-11-50frw0oz5cxg.jpg', NULL, '<p><strong>Spinach</strong>&nbsp;is a vegetable with large green leaves.</p>', NULL, NULL, NULL, '', 'Active', 'No', 'In stock', 'Yes', 'Palak', 'Spinach', 'Spinach is a vegetable with large green leaves.', 1, '2024-05-08 11:11:50.000000', NULL),
(57, 'Paneer', 'paneer', 'Paneer', 1, 'uploads/product_images/2024-05-08-12-25-04st8lmn9wqv.jpg', NULL, '<p>Our&nbsp;<em>Paneer</em> has a creamy, silky, and consistent texture and is high in protein and fat made out of fresh milk.</p>', NULL, NULL, NULL, '', 'Active', 'No', 'In stock', 'Yes', 'Paneer', 'Paneer', 'Our Paneer has a creamy, silky, and consistent texture and is high in protein and fat made out of fresh milk.', 1, '2024-05-08 12:25:04.000000', NULL),
(58, 'Desi Cow Milk', 'desi-cow-milk', 'Desi Cow Milk', 1, 'uploads/product_images/2024-05-08-02-49-363pr5t1dh8z.jpeg', NULL, '<p>A2 Cow Milk is also highly sought for its nutritional value, especially for growing children. It is also known to help combat lifestyle diseases like cholesterol, diabetes, and heart issues.</p>', NULL, NULL, NULL, '', 'Active', 'No', 'In stock', 'Yes', 'Desi Cow Milk', 'desi Cow Milk', 'Milk', 1, '2024-05-08 14:49:36.000000', NULL),
(59, 'JunnuMilk', 'junnumilk', 'Junnu Milk', 1, 'uploads/product_images/2024-05-08-06-33-339qm4f5c2u8.jpg', NULL, '<p>Junnu milk - It has D Vitamin. Collected during the first 4 days after the baby delivery.&nbsp;</p>', NULL, NULL, NULL, '', 'Active', 'No', 'In stock', 'No', '', '', 'Junnu milk - It has D Vitamin. Collected during the first 4 days after the baby delivery. ', 1, '2024-05-08 18:33:33.000000', NULL),
(60, 'Guava', 'guava', 'Guava', 8, 'uploads/product_images/2024-05-09-06-01-250kru7h21iw.jpg', NULL, '<p>Guava&nbsp;</p>', NULL, NULL, NULL, '', 'Active', 'No', 'In stock', 'No', 'Guava', 'Guava', 'Guava', 1, '2024-05-09 18:01:25.000000', NULL),
(61, 'Mutton Boneless', 'mutton-boneless', 'Mutton with Boneless', 7, 'uploads/product_images/2024-05-15-12-32-25wof340vckx.jpg', NULL, '<p>Boneless Mutton</p>', NULL, NULL, NULL, '', 'Active', 'No', 'In stock', 'Yes', 'Mutton with Boneless', 'Mutton with Boneless', 'Mutton boneless', 1, '2024-05-09 18:10:31.000000', '2024-05-15 12:32:25.000000'),
(62, 'Mutton', 'mutton', 'Mutton with Bone', 7, 'uploads/product_images/2024-05-09-06-16-58mvjs5bpr4d.jpg', NULL, '<p>Bone Mutton</p>', NULL, NULL, NULL, '', 'Active', 'No', 'In stock', 'Yes', 'Mutton with Bone', 'Mutton with Bone', 'Mutton', 1, '2024-05-09 18:16:58.000000', NULL),
(63, 'Tomatos', 'tomatos', 'Tomato', 9, 'uploads/product_images/2024-05-10-09-22-115gdabtr1m0.jpeg', NULL, '<p>Organically grown tomatos</p>', NULL, NULL, NULL, '', 'Active', 'No', 'In stock', 'No', '', '', '', 1, '2024-05-10 21:22:11.000000', '2024-05-10 21:30:13.000000'),
(64, 'Guava', 'guava', 'Organically grown Guava', 8, 'uploads/product_images/2024-05-14-05-06-2146syue9h3w.jpg', NULL, '<p>Organically grown Guava.</p>', NULL, NULL, NULL, '', 'Active', 'No', 'In stock', 'No', 'Guava', 'Guava', 'Guava', 1, '2024-05-14 17:06:21.000000', NULL),
(65, 'Papaya', 'papaya', 'Organically grown Papaya', 8, 'uploads/product_images/2024-05-14-05-18-46c1ep4h8rzf.jpg', NULL, '<p>Organically grown Papaya</p>', NULL, NULL, NULL, '', 'Active', 'No', 'In stock', 'Yes', 'Papaya', 'papaya', 'Papaya', 1, '2024-05-14 17:18:46.000000', NULL),
(66, 'Mango', 'mango', 'Daseri', 8, 'uploads/product_images/2024-05-14-05-34-54fyzkjulaid.jpg', NULL, '<p>Seasonal fruit. High in A vitamin</p>', NULL, NULL, NULL, '', 'Active', 'No', 'In stock', 'No', '', '', '', 1, '2024-05-14 17:34:54.000000', NULL);

-- --------------------------------------------------------

--
-- Table structure for table `product_images`
--

CREATE TABLE `product_images` (
  `id` int(11) NOT NULL,
  `product_id` int(11) NOT NULL,
  `product_image` varchar(100) NOT NULL,
  `created_on` datetime DEFAULT NULL
) ENGINE=InnoDB DEFAULT CHARSET=utf8mb4 COLLATE=utf8mb4_general_ci;

--
-- Dumping data for table `product_images`
--

INSERT INTO `product_images` (`id`, `product_id`, `product_image`, `created_on`) VALUES
(8, 7, 'uploads/product_images/2022-06-09-12-57-26649no81l3m.jpg', '2022-06-09 12:57:26'),
(9, 6, 'uploads/product_images/2022-06-09-01-00-39av4r0yhgm6.jpg', '2022-06-09 01:00:39'),
(11, 4, 'uploads/product_images/2022-06-10-10-28-21o1ercn6pq8.jpg', '2022-06-10 10:28:21'),
(12, 9, 'uploads/product_images/2022-06-10-10-34-12jihou7nmqr.jpg', '2022-06-10 10:34:12'),
(13, 10, 'uploads/product_images/2022-06-10-10-38-18eys4d2ztob.jpg', '2022-06-10 10:38:18'),
(19, 16, 'uploads/product_images/2022-06-11-01-37-21jh0bmqtc1p.jpg', '2022-06-11 01:37:21'),
(21, 9, 'uploads/product_images/2022-06-12-02-12-4084i9gqok1h.jpg', '2022-06-12 02:12:40'),
(22, 9, 'uploads/product_images/2022-06-12-02-12-54zr5tux8b3v.jpg', '2022-06-12 02:12:54'),
(23, 9, 'uploads/product_images/2022-06-12-02-13-093iaz7phyo4.jpg', '2022-06-12 02:13:09'),
(24, 10, 'uploads/product_images/2022-06-12-02-15-36n5opfrbmxt.jpg', '2022-06-12 02:15:36'),
(25, 10, 'uploads/product_images/2022-06-12-02-18-31g1hocm2iw0.jpeg', '2022-06-12 02:18:31'),
(26, 18, 'uploads/product_images/2022-06-12-02-45-33f7ng30rtyb.jpg', '2022-06-12 02:45:33'),
(27, 18, 'uploads/product_images/2022-06-12-02-45-41dxhsjwytnq.jpg', '2022-06-12 02:45:41'),
(28, 18, 'uploads/product_images/2022-06-12-02-47-30fhjdn6vzo1.jpeg', '2022-06-12 02:47:30'),
(30, 21, 'uploads/product_images/2022-06-12-05-44-21d7tvmgc6li.jpg', '2022-06-12 05:44:21'),
(31, 21, 'uploads/product_images/2022-06-12-05-44-29cko5yfvjqn.jpg', '2022-06-12 05:44:29'),
(33, 20, 'uploads/product_images/2022-06-12-06-41-1573d2wxa9oc.jpg', '2022-06-12 06:41:15'),
(34, 20, 'uploads/product_images/2022-06-12-06-41-24ucjfvdsken.jpg', '2022-06-12 06:41:24'),
(35, 20, 'uploads/product_images/2022-06-12-06-41-39nspvwmrdiz.jpg', '2022-06-12 06:41:39'),
(36, 21, 'uploads/product_images/2022-06-12-06-43-170nfzct3xw1.jpg', '2022-06-12 06:43:17'),
(37, 22, 'uploads/product_images/2022-06-12-08-09-44v52sfaw36m.jpg', '2022-06-12 08:09:44'),
(38, 22, 'uploads/product_images/2022-06-12-08-09-564bpluxoq50.jpg', '2022-06-12 08:09:56'),
(39, 22, 'uploads/product_images/2022-06-12-08-10-56bi17kuxo68.jpg', '2022-06-12 08:10:56'),
(40, 23, 'uploads/product_images/2022-06-12-08-15-10be2vnfgc09.jpg', '2022-06-12 08:15:10'),
(41, 23, 'uploads/product_images/2022-06-12-08-15-238isecz3mtx.jpg', '2022-06-12 08:15:23'),
(42, 24, 'uploads/product_images/2022-06-12-09-22-43esjawzod23.jpg', '2022-06-12 09:22:43'),
(43, 25, 'uploads/product_images/2022-06-12-09-27-522eqbfpg014.jpg', '2022-06-12 09:27:52'),
(44, 26, 'uploads/product_images/2022-06-12-10-29-0107bdj5pomg.jpg', '2022-06-12 10:29:01'),
(45, 27, 'uploads/product_images/2022-06-13-12-38-570dv27ieqhk.jpg', '2022-06-13 12:38:57'),
(46, 28, 'uploads/product_images/2022-06-13-12-56-43ezwaprv62c.jpg', '2022-06-13 12:56:43'),
(48, 30, 'uploads/product_images/2022-06-13-01-01-51ney14t0ru7.jpg', '2022-06-13 01:01:51'),
(49, 31, 'uploads/product_images/2022-06-13-01-10-205ncfupy0v2.jpg', '2022-06-13 01:10:20'),
(50, 32, 'uploads/product_images/2022-06-13-01-15-52gmkjbyndzh.jpg', '2022-06-13 01:15:52'),
(51, 32, 'uploads/product_images/2022-06-13-01-16-1283v7ad0teh.jpg', '2022-06-13 01:16:12'),
(52, 33, 'uploads/product_images/2022-06-13-01-19-34hn4xi8vgpr.jpg', '2022-06-13 01:19:34'),
(53, 34, 'uploads/product_images/2022-06-13-08-32-21po7mw5v8xq.jpg', '2022-06-13 08:32:21'),
(54, 34, 'uploads/product_images/2022-06-13-08-32-47hb153igql6.jpg', '2022-06-13 08:32:47'),
(55, 35, 'uploads/product_images/2022-06-13-08-39-3923h6gifnjp.jpg', '2022-06-13 08:39:39'),
(56, 36, 'uploads/product_images/2022-07-05-11-36-02ytfxh25kas.jpg', '2022-07-05 11:36:02'),
(57, 3, 'uploads/product_images/2022-07-06-02-11-42c7pdwjm0ur.jpg', '2022-07-06 02:11:42'),
(60, 37, 'uploads/product_images/2022-07-06-02-39-33vdsycu3age.jpg', '2022-07-06 02:39:34'),
(61, 38, 'uploads/product_images/2022-07-06-02-45-030yxh6wp2bu.jpg', '2022-07-06 02:45:03'),
(62, 39, 'uploads/product_images/2022-07-06-02-53-34efz85qm7nx.jpg', '2022-07-06 02:53:34'),
(63, 40, 'uploads/product_images/2022-07-06-02-58-144xoub0ka2p.jpg', '2022-07-06 02:58:14'),
(64, 41, 'uploads/product_images/2022-07-06-03-04-12m1uba2xy6o.jpg', '2022-07-06 03:04:12'),
(65, 42, 'uploads/product_images/2022-07-06-03-10-58012b9ytajl.jpg', '2022-07-06 03:10:58'),
(67, 3, 'uploads/product_images/2022-07-06-03-49-15165o0ewkri.jpg', '2022-07-06 03:49:15'),
(68, 4, 'uploads/product_images/2022-07-06-03-49-50p3m4thcwd9.jpg', '2022-07-06 03:49:50'),
(69, 6, 'uploads/product_images/2022-07-06-03-54-40jygh3cbu64.jpg', '2022-07-06 03:54:40'),
(70, 7, 'uploads/product_images/2022-07-06-03-56-29m2t1wyij3a.jpg', '2022-07-06 03:56:29'),
(71, 9, 'uploads/product_images/2022-07-06-03-57-415k0novt1xi.jpg', '2022-07-06 03:57:41'),
(72, 10, 'uploads/product_images/2022-07-06-03-58-19xlj5m376pq.jpg', '2022-07-06 03:58:19'),
(73, 16, 'uploads/product_images/2022-07-06-03-59-30wgbuxsk3e4.jpg', '2022-07-06 03:59:30'),
(75, 23, 'uploads/product_images/2022-07-06-04-02-4820twucq8v9.jpg', '2022-07-06 04:02:48'),
(76, 32, 'uploads/product_images/2022-07-06-04-03-22tu73ib25kl.jpg', '2022-07-06 04:03:22'),
(77, 33, 'uploads/product_images/2022-07-06-04-05-08izrpdcg05w.jpg', '2022-07-06 04:05:08'),
(78, 34, 'uploads/product_images/2022-07-06-04-06-389bp0ldjc6m.jpg', '2022-07-06 04:06:38'),
(79, 37, 'uploads/product_images/2022-07-06-04-10-51vrh12jk7fs.jpg', '2022-07-06 04:10:51'),
(80, 38, 'uploads/product_images/2022-07-06-04-11-42jh7xv9yusl.jpg', '2022-07-06 04:11:42'),
(81, 39, 'uploads/product_images/2022-07-06-04-12-15jxi59n4f1u.jpg', '2022-07-06 04:12:15'),
(82, 40, 'uploads/product_images/2022-07-06-04-12-437lqnxpjofm.jpg', '2022-07-06 04:12:43'),
(83, 41, 'uploads/product_images/2022-07-06-04-13-25cepl83trkv.jpg', '2022-07-06 04:13:25'),
(84, 42, 'uploads/product_images/2022-07-06-04-14-05cm6wj9v3f1.jpg', '2022-07-06 04:14:05'),
(85, 29, 'uploads/product_images/2022-07-07-02-30-44gwvuoxp87c.jpg', '2022-07-07 02:30:44'),
(86, 12, 'uploads/product_images/2022-07-07-02-50-41ae3jk0u96f.jpg', '2022-07-07 02:50:41'),
(87, 11, 'uploads/product_images/2022-07-07-02-51-01mbd8yuw691.jpg', '2022-07-07 02:51:01'),
(88, 14, 'uploads/product_images/2022-07-07-06-46-07lk9oc126af.jpg', '2022-07-07 06:46:07'),
(89, 15, 'uploads/product_images/2022-07-07-06-46-3742z5hc7gxm.jpg', '2022-07-07 06:46:37'),
(90, 43, 'uploads/product_images/2022-07-07-07-28-26i2cwa0duo4.jpg', '2022-07-07 07:28:26'),
(91, 8, 'uploads/product_images/2022-07-09-02-42-251fu9elob08.jpg', '2022-07-09 02:42:25'),
(92, 5, 'uploads/product_images/2022-07-09-03-13-27h29d7yaiqk.jpg', '2022-07-09 03:13:27'),
(93, 17, 'uploads/product_images/2022-07-09-03-13-54ent8zim9pv.jpg', '2022-07-09 03:13:54'),
(94, 19, 'uploads/product_images/2022-07-09-03-17-06kzx1hlinfy.jpg', '2022-07-09 03:17:06'),
(95, 44, 'uploads/product_images/2022-07-15-10-39-40jnoz6g13ex.jpg', '2022-07-15 10:39:40'),
(96, 44, 'uploads/product_images/2022-07-15-10-39-46cofygwzat8.jpg', '2022-07-15 10:39:46'),
(97, 13, 'uploads/product_images/2022-07-15-02-58-12lq9et0kn8b.jpg', '2022-07-15 02:58:13'),
(98, 45, 'uploads/product_images/2022-08-02-12-54-17x6p4jzv7da.jpg', '2022-08-02 12:54:17'),
(99, 45, 'uploads/product_images/2022-08-02-01-56-49cwdkivybt5.jpg', '2022-08-02 01:56:49'),
(100, 46, 'uploads/product_images/2022-08-13-06-29-45jl0gycb59o.jpg', '2022-08-13 06:29:45'),
(101, 47, 'uploads/product_images/2022-08-13-06-33-327zgv49fjsy.jpg', '2022-08-13 06:33:32'),
(102, 48, 'uploads/product_images/2022-08-13-06-38-04dch0q9lj1f.jpg', '2022-08-13 06:38:04'),
(103, 49, 'uploads/product_images/2024-03-16-11-02-5265uyxsqokc.jpeg', '2024-03-16 11:02:52'),
(104, 50, 'uploads/product_images/2024-03-17-05-53-27pm2z5df1ew.jpeg', '2024-03-17 05:53:27'),
(106, 53, 'uploads/product_images/2024-03-17-10-04-4358tdmuk1en.jpeg', '2024-03-17 10:04:43'),
(107, 52, 'uploads/product_images/2024-04-05-04-45-36vk0763h4oe.jpeg', '2024-04-05 04:45:36'),
(108, 54, 'uploads/product_images/2024-05-08-10-55-35cywo8qnuzk.jpg', '2024-05-08 10:55:35'),
(109, 55, 'uploads/product_images/2024-05-08-11-00-24d0hmrf75lt.jpg', '2024-05-08 11:00:24'),
(110, 56, 'uploads/product_images/2024-05-08-11-12-40s4pqnrayv2.jpg', '2024-05-08 11:12:40'),
(111, 57, 'uploads/product_images/2024-05-08-12-28-47rz96k3c5qx.jpg', '2024-05-08 12:28:47'),
(112, 58, 'uploads/product_images/2024-05-08-02-50-102ith90z1bn.jpeg', '2024-05-08 02:50:10'),
(113, 60, 'uploads/product_images/2024-05-09-06-01-53b673glstwp.jpg', '2024-05-09 06:01:53'),
(114, 62, 'uploads/product_images/2024-05-09-06-17-233x72wm0yfv.jpg', '2024-05-09 06:17:23'),
(116, 1, 'uploads/product_images/2024-05-10-10-00-537yqiam8zvw.jpeg', '2024-05-10 10:00:53'),
(117, 64, 'uploads/product_images/2024-05-14-05-06-51ncvd90jzgy.jpg', '2024-05-14 05:06:51'),
(118, 65, 'uploads/product_images/2024-05-14-05-19-15l4c5jpi0nh.jpg', '2024-05-14 05:19:15'),
(119, 61, 'uploads/product_images/2024-05-15-12-31-45vpoqu23f4e.jpg', '2024-05-15 12:31:45');

-- --------------------------------------------------------

--
-- Table structure for table `product_reviews`
--

CREATE TABLE `product_reviews` (
  `id` int(11) NOT NULL,
  `product_id` int(11) NOT NULL,
  `user_id` int(11) NOT NULL,
  `rating` int(5) NOT NULL,
  `review` text DEFAULT NULL,
  `images` varchar(255) NOT NULL,
  `created_on` datetime NOT NULL
) ENGINE=MyISAM DEFAULT CHARSET=latin1 COLLATE=latin1_swedish_ci;

--
-- Dumping data for table `product_reviews`
--

INSERT INTO `product_reviews` (`id`, `product_id`, `user_id`, `rating`, `review`, `images`, `created_on`) VALUES
(1, 45, 5, 5, 'nice product', '', '2022-08-05 16:37:08'),
(2, 47, 17, 5, 'nice product from kts', 'uploads/reviews/62fbcede79f93.jpg,uploads/reviews/62fbcede7a2a8.jpg', '2022-08-16 10:37:42');

-- --------------------------------------------------------

--
-- Table structure for table `product_variants`
--

CREATE TABLE `product_variants` (
  `id` int(11) NOT NULL,
  `product_id` int(11) NOT NULL,
  `variant_id` int(11) NOT NULL,
  `price` decimal(25,2) DEFAULT NULL,
  `status` enum('In Stock','Out Stock') NOT NULL
) ENGINE=InnoDB DEFAULT CHARSET=utf8mb4 COLLATE=utf8mb4_general_ci;

--
-- Dumping data for table `product_variants`
--

INSERT INTO `product_variants` (`id`, `product_id`, `variant_id`, `price`, `status`) VALUES
(5, 3, 10, 99.00, 'Out Stock'),
(6, 6, 10, 95.30, 'In Stock'),
(7, 7, 9, 58.60, 'In Stock'),
(8, 7, 10, 60.80, 'In Stock'),
(10, 4, 9, 57.80, 'In Stock'),
(11, 8, 11, 97.60, 'In Stock'),
(14, 5, 9, 56.70, 'In Stock'),
(15, 5, 10, 60.20, 'In Stock'),
(16, 9, 10, 116.10, 'Out Stock'),
(19, 10, 9, 118.80, 'In Stock'),
(21, 10, 10, 126.00, 'In Stock'),
(22, 10, 11, 131.50, 'In Stock'),
(23, 11, 10, 120.50, 'In Stock'),
(24, 11, 11, 125.90, 'In Stock'),
(25, 12, 10, 103.80, 'In Stock'),
(26, 13, 10, 74.00, 'In Stock'),
(27, 14, 10, 35.40, 'In Stock'),
(28, 15, 10, 70.80, 'In Stock'),
(29, 15, 12, 77.10, 'In Stock'),
(31, 16, 9, 172.30, 'In Stock'),
(32, 16, 10, 181.60, 'In Stock'),
(33, 17, 9, 59.60, 'In Stock'),
(34, 18, 9, 129.00, 'In Stock'),
(35, 18, 10, 134.70, 'In Stock'),
(36, 18, 11, 142.40, 'In Stock'),
(37, 19, 11, 69.60, 'In Stock'),
(38, 21, 10, 52.00, 'In Stock'),
(39, 21, 11, 55.00, 'In Stock'),
(40, 21, 12, 59.00, 'In Stock'),
(41, 20, 10, 60.70, 'In Stock'),
(42, 22, 10, 192.00, 'In Stock'),
(43, 22, 11, 197.00, 'In Stock'),
(44, 22, 12, 203.00, 'In Stock'),
(45, 23, 9, 27.00, 'In Stock'),
(46, 23, 10, 30.00, 'In Stock'),
(47, 23, 11, 32.00, 'In Stock'),
(48, 23, 12, 35.00, 'In Stock'),
(49, 24, 9, 82.00, 'In Stock'),
(50, 24, 10, 85.00, 'In Stock'),
(51, 24, 11, 89.00, 'In Stock'),
(52, 24, 12, 93.00, 'In Stock'),
(53, 25, 10, 129.20, 'In Stock'),
(54, 25, 11, 134.80, 'In Stock'),
(55, 25, 12, 144.10, 'In Stock'),
(56, 26, 13, 4.00, 'In Stock'),
(57, 27, 10, 70.80, 'In Stock'),
(58, 27, 12, 77.10, 'In Stock'),
(59, 3, 11, 99.20, 'In Stock'),
(60, 4, 10, 65.60, 'In Stock'),
(61, 28, 10, 62.90, 'In Stock'),
(62, 28, 11, 69.30, 'In Stock'),
(63, 29, 11, 89.50, 'In Stock'),
(64, 30, 12, 84.00, 'In Stock'),
(65, 31, 10, 48.50, 'In Stock'),
(66, 31, 11, 48.50, 'In Stock'),
(67, 32, 11, 104.40, 'In Stock'),
(68, 33, 10, 106.60, 'In Stock'),
(69, 33, 11, 108.80, 'In Stock'),
(70, 34, 8, 23.70, 'In Stock'),
(71, 34, 9, 24.50, 'In Stock'),
(72, 34, 10, 25.40, 'In Stock'),
(73, 35, 10, 102.00, 'In Stock'),
(74, 35, 11, 117.00, 'Out Stock'),
(75, 36, 9, 61.60, 'In Stock'),
(76, 36, 11, 67.90, 'In Stock'),
(77, 37, 2, 47.90, 'In Stock'),
(78, 37, 3, 48.80, 'In Stock'),
(79, 37, 4, 52.20, 'In Stock'),
(80, 37, 5, 53.50, 'In Stock'),
(81, 37, 6, 57.60, 'In Stock'),
(83, 37, 7, 60.80, 'In Stock'),
(84, 37, 8, 65.80, 'In Stock'),
(85, 38, 1, 36.50, 'Out Stock'),
(86, 38, 2, 44.30, 'In Stock'),
(87, 38, 3, 43.70, 'In Stock'),
(88, 38, 4, 51.20, 'In Stock'),
(89, 38, 5, 52.40, 'In Stock'),
(91, 38, 7, 60.00, 'In Stock'),
(92, 38, 8, 65.10, 'In Stock'),
(93, 39, 2, 39.50, 'In Stock'),
(99, 39, 3, 39.50, 'In Stock'),
(100, 39, 4, 42.10, 'In Stock'),
(101, 40, 1, 25.40, 'In Stock'),
(102, 40, 2, 26.40, 'In Stock'),
(103, 40, 3, 27.90, 'In Stock'),
(104, 40, 4, 29.10, 'In Stock'),
(105, 40, 5, 30.50, 'In Stock'),
(106, 40, 6, 31.80, 'In Stock'),
(107, 40, 7, 33.00, 'In Stock'),
(108, 40, 8, 35.00, 'In Stock'),
(109, 41, 1, 40.50, 'In Stock'),
(116, 42, 1, 23.50, 'In Stock'),
(117, 42, 2, 25.00, 'In Stock'),
(119, 42, 4, 27.60, 'In Stock'),
(121, 42, 7, 34.20, 'In Stock'),
(122, 42, 8, 35.70, 'In Stock'),
(124, 41, 6, 60.00, 'In Stock'),
(125, 41, 7, 61.00, 'In Stock'),
(126, 34, 11, 26.50, 'In Stock'),
(127, 16, 11, 188.40, 'In Stock'),
(128, 16, 12, 200.00, 'In Stock'),
(129, 18, 12, 149.50, 'In Stock'),
(130, 29, 12, 95.50, 'In Stock'),
(131, 11, 12, 127.10, 'In Stock'),
(133, 12, 11, 110.40, 'In Stock'),
(134, 12, 12, 115.20, 'In Stock'),
(135, 13, 11, 77.10, 'In Stock'),
(136, 13, 12, 80.20, 'In Stock'),
(137, 14, 11, 34.90, 'In Stock'),
(138, 14, 12, 36.70, 'In Stock'),
(139, 43, 10, 56.00, 'In Stock'),
(140, 43, 12, 61.60, 'In Stock'),
(141, 36, 12, 70.60, 'In Stock'),
(142, 5, 11, 62.50, 'In Stock'),
(143, 5, 12, 66.60, 'In Stock'),
(144, 17, 10, 63.70, 'In Stock'),
(145, 17, 11, 66.50, 'In Stock'),
(146, 17, 12, 70.10, 'In Stock'),
(147, 39, 5, 45.50, 'In Stock'),
(148, 39, 6, 48.40, 'In Stock'),
(149, 39, 7, 56.10, 'In Stock'),
(150, 39, 8, 60.40, 'In Stock'),
(151, 4, 11, 69.20, 'In Stock'),
(152, 9, 11, 121.80, 'In Stock'),
(153, 9, 12, 124.60, 'In Stock'),
(154, 44, 7, 23.00, 'In Stock'),
(155, 45, 12, 141.40, 'In Stock'),
(156, 46, 10, 102.70, 'In Stock'),
(157, 46, 11, 109.40, 'In Stock'),
(158, 46, 12, 114.80, 'In Stock'),
(159, 47, 10, 115.80, 'Out Stock'),
(160, 47, 11, 124.70, 'In Stock'),
(161, 47, 12, 129.40, 'In Stock'),
(162, 48, 10, 99.90, 'In Stock'),
(163, 48, 11, 108.30, 'In Stock'),
(164, 48, 12, 110.80, 'In Stock'),
(166, 1, 18, 120.00, 'In Stock'),
(167, 49, 1, 42.00, 'In Stock'),
(169, 50, 12, 68.00, 'In Stock'),
(171, 51, 1, 50.00, 'In Stock'),
(172, 52, 1, 55.00, 'In Stock'),
(173, 53, 7, 1400.00, 'In Stock'),
(174, 52, 6, 110.00, 'In Stock'),
(175, 54, 7, 100.00, 'In Stock'),
(176, 54, 4, 30.00, 'In Stock'),
(177, 55, 7, 120.00, 'Out Stock'),
(178, 56, 12, 30.00, 'In Stock'),
(179, 56, 8, 55.00, 'In Stock'),
(180, 57, 7, 600.00, 'In Stock'),
(181, 57, 12, 90.00, 'In Stock'),
(182, 57, 4, 150.00, 'In Stock'),
(183, 58, 1, 55.00, 'In Stock'),
(184, 59, 1, 100.00, 'In Stock'),
(185, 60, 7, 100.00, 'In Stock'),
(186, 61, 7, 1200.00, 'In Stock'),
(187, 62, 7, 1000.00, 'In Stock'),
(188, 63, 7, 60.00, 'In Stock'),
(191, 64, 7, 100.00, 'In Stock'),
(192, 65, 7, 40.00, 'In Stock'),
(193, 66, 7, 100.00, 'In Stock');

-- --------------------------------------------------------

--
-- Table structure for table `profit_margins`
--

CREATE TABLE `profit_margins` (
  `id` int(11) NOT NULL,
  `profit` decimal(25,2) NOT NULL,
  `profit_type` varchar(50) NOT NULL
) ENGINE=MyISAM DEFAULT CHARSET=latin1 COLLATE=latin1_swedish_ci;

--
-- Dumping data for table `profit_margins`
--

INSERT INTO `profit_margins` (`id`, `profit`, `profit_type`) VALUES
(1, 10000.00, 'Add');

-- --------------------------------------------------------

--
-- Table structure for table `referal_options`
--

CREATE TABLE `referal_options` (
  `id` int(11) NOT NULL,
  `referal_points` int(11) NOT NULL,
  `redeem_percentage` int(11) NOT NULL
) ENGINE=MyISAM DEFAULT CHARSET=latin1 COLLATE=latin1_swedish_ci;

--
-- Dumping data for table `referal_options`
--

INSERT INTO `referal_options` (`id`, `referal_points`, `redeem_percentage`) VALUES
(1, 200, 15);

-- --------------------------------------------------------

--
-- Table structure for table `settings`
--

CREATE TABLE `settings` (
  `id` int(11) NOT NULL,
  `title` varchar(50) NOT NULL,
  `description` longtext NOT NULL
) ENGINE=InnoDB DEFAULT CHARSET=utf8mb4 COLLATE=utf8mb4_general_ci;

--
-- Dumping data for table `settings`
--

INSERT INTO `settings` (`id`, `title`, `description`) VALUES
(1, 'About us', '<h2>KTS SILVER WORLD</h2>\r\n<p>KTS is silver anklets brand which is newly being launched in to Silver world with an intention to able able to deliver to the world the best of anklets designs which are designed and handcrafted by our artesian. We &nbsp;are pioneers in area of anklets since 90\'s. We have been successfully delivering needs of various jewelers in various urban cities and rural areas. You would have heard about KTS if you are anklets lovers anywhere in south india. We are currently very successful in our wholesale B2B and now we want to also serve the payal lovers directly. You can explore various designs as per length and &nbsp;weight.</p>\r\n<p>Please go download the app and you have option to check latest designs and directly place order on the app. KTS is definetly the 1st ever app you would find for anklets. Download and share with your friends and families who love payals and want to have payals every now and then .&nbsp;<a title=\"KTS APP\" href=\"https://play.google.com/store/apps/details?id=com.ktssilverworld.KTS\" target=\"_blank\" rel=\"noopener\">KTS APP</a></p>\r\n<p>Thank You</p>'),
(2, 'Terms and conditions', '<h2>Welcome To KtsSilverWorld</h2>\r\n<p>These terms and conditions outline the rules and regulations for the use of KTS Magnetic Silver Private Limited\'s Website, located at ktssilverworld.com.</p>\r\n<p>By accessing this website we assume you accept these terms and conditions. Do not continue to use ktssilverworld if you do not agree to take all of the terms and conditions stated on this page.</p>\r\n<h2>Pricing Of Our Product</h2>\r\n<p>Our Website Home Page Has A Live Price Of Silver Which Fluctuates Every 3-5 Seconds&nbsp;</p>\r\n<ul>\r\n<li>Silver Live Price - This Price Is Main Price Of 1Kg Silver Which Will Be Almost Same EveryWhere In Hyderabad Silver Marlet</li>\r\n<li>KTS Payal Price - This Price Is The Cost Of Our Product For 10 Grams Of Silver Which Is Calculated By The Silver Live Price (10Grams) + 13% Making Charges , This Is The Price Which Automatically Gets Calculated By The Weight Which Are Given To Each Product In Our Website</li>\r\n<li>KTS Payal Old Buying Price - This Price Bar Is Created For Accepting The Old KTS Silver Payal (10Grams) This Price Used In Our Shop For Our Retail Shoppers Who Gets Old Silver Payal Of KTS we Take Back That Payal With That Price Which Is 20 Rs Less Than The Live Silverf Price , So Here Is How We Take Our Old KTS Silver Payal Suppose you have 100 grams of KTS old silver Then First We Will Make It Pure By 100*75% which is 75 Grams next we will calculate price 75 grams * the old silver price from website and then we will deduct that amount for our retail customer who chooses to take new payal and the extra left amount will be paid by customer , For now this system is for customer who shop at our shop , soon this will be available in our website also.</li>\r\n</ul>\r\n<h2>Colour Guarantee</h2>\r\n<p>This Is No Colour Gaurantee For Our Silver Product Because , Pure Silver also becomes black because of hydrogen sulfide (sulfur), a substance that occurs in the air. When silver comes into contact with it, a chemical reaction takes place and a black layer is formed. Silver oxidizes faster in places with a lot of light and high humidity , Many things can speed tarnish; air pollution, the minerals in your water (and as such wearing your silver jewelry in the shower can speed this process too), living or working near a chemical, electric or manufacturing plant are all things that can cause discolouration more quickly.</p>\r\n<h2>Purity Gaurantee&nbsp;</h2>\r\n<p>Our All The Products Are 75% Silver , We Give 75% Purity Gaurantee Of Our Silver Products .</p>\r\n<h2>Product Damage&nbsp;</h2>\r\n<p>If Any Of Your Product Got Damage Within 30 Days , You Can Directly Call Us Or Message Us On Whatsapp Or Mail Us We Will Be Taking Back The Product And Repair That Product To New Condition And Give Back To Respective Customer , Or Eles In Very Rare Cases If We Can\'t Repair The Product We Will Provide You Directly Another Product Which Will Be Fresh And New .</p>\r\n<p>&nbsp;</p>'),
(3, 'Privacy-policy', '<h1>Privacy Policy&nbsp;</h1>\r\n<p>At KTS Silver World, accessible from ktssilverworld.com, one of our main priorities is the privacy of our visitors. This Privacy Policy document contains types of information that is collected and recorded by KTS Silver World and how we use it.</p>\r\n<p>If you have additional questions or require more information about our Privacy Policy, do not hesitate to contact us.</p>\r\n<h2>Information we collect</h2>\r\n<p><strong class=\"gray-dark\">The type of information we will collect about you includes:</strong><br /><br /><span class=\"blue-grey\">Your Name</span><br /><span class=\"blue-grey\">Address</span><br /><span class=\"blue-grey\">Phone Number</span><br /><span class=\"blue-grey\">Email Address</span><br /><span class=\"blue-grey\">We will never collect sensitive information about you without your explicit consent.</span><br /><br /><span class=\"blue-grey\">The information we hold will be accurate and up to date. You can check the information that we hold about you by emailing us. If you find any inaccuracies we will delete or correct it promptly.</span><br /><br /><span class=\"blue-grey\">The personal information which we hold will be held securely in accordance with our internal security policy and the law.</span><br /><br /><span class=\"blue-grey\">We may use technology to track the patterns of behavior of visitors to our site. This can include using a \"cookie\" which would be stored on your browser. You can usually modify your browser to prevent this happening. The information collected in this way can be used to identify you unless you modify your browser settings.</span><br /><br /><span class=\"blue-grey\">If you have any questions/comments about privacy, you can&nbsp;<strong class=\"gray-dark\">contact us</strong>.</span></p>'),
(4, 'Return-policy', '<p><strong>Returns Policy</strong></p>\r\n<p><strong>1 Return Due To Change Of Mind</strong></p>\r\n<p>Kts Silver World will happily accept returns due to change of mind as long as a request to return is received by us within 20 days of receipt of item and are returned to us in original packaging, unused and in resellable condition.Return shipping will be paid at the customers expense and will be required to arrange their own shipping.Once returns are received and accepted, refunds will be processed to you in this ways :</p>\r\n<p>(a) refund to your payment method</p>\r\n<p>(b) a refund in store credit</p>\r\n<p>(c) a replacement item sent to you (if stock is available)</p>\r\n<p>&nbsp;We will notify you once this has been completed through email.(Kts Silver World) will refund the value of the goods returned but will NOT refund the value of any shipping paid.</p>\r\n<p><strong>2 Cancellations</strong></p>\r\n<p>If you change your mind before you have received your order, we are able to accept cancellations at any time before the order has been dispatched. If an order has already been dispatched, please refer to our refund policy.</p>\r\n<p>&nbsp;</p>'),
(5, 'Shipping and delivery', '<h2>Shipping And Delivery</h2>\r\n<p>Kts Silver World (\"we\" and \"us\") is the operator of (https://ktssilverworld.com) (\"Website\"). By placing an order through this Website you will be agreeing to the terms below. These are provided to ensure both parties are aware of and agree upon this arrangement to mutually protect and set expectations on our service.</p>\r\n<p><strong>1. General</strong></p>\r\n<p>Subject to stock availability. We try to maintain accurate stock counts on our website but from time-to-time there may be a stock discrepancy and we will not be able to fulfill all your items at time of purchase. In this instance, we will fulfill the available products to you, and contact you about whether you would prefer to await restocking of the backordered item or if you would prefer for us to process a refund.</p>\r\n<p><strong>2. Shipping Costs</strong></p>\r\n<p>Shipping costs are calculated during checkout based on weight, dimensions and destination of the items in the order. Payment for shipping will be collected with the purchase.This price will be the final price for shipping cost to the customer.</p>\r\n<p><strong>3. Returns</strong></p>\r\n<p><strong>1.1 Return Due To Change Of Mind</strong></p>\r\n<p>Kts Silver World will happily accept returns due to change of mind as long as a request to return is received by us within 20 days of receipt of item and are returned to us in original packaging, unused and in resellable condition.Return shipping will be paid at the customers expense and will be required to arrange their own shipping.Once returns are received and accepted, refunds will be processed to you in this ways :</p>\r\n<p>(a) refund to your payment method</p>\r\n<p>(b) a refund in store credit</p>\r\n<p>(c) a replacement item sent to you (if stock is available)</p>\r\n<p>&nbsp;We will notify you once this has been completed through email.(Kts Silver World) will refund the value of the goods returned but will NOT refund the value of any shipping paid.</p>\r\n<p><strong>4. Delivery Terms</strong></p>\r\n<p><strong>4.1 Transit Time Domestically</strong></p>\r\n<p>In general, domestic shipments are in transit for 7-12days</p>\r\n<p><strong>4.2 Dispatch Time</strong></p>\r\n<p>Orders are usually dispatched within 2 business days of payment of order,Our warehouse operates on Monday - Friday during standard business hours, except on national holidays at which time the warehouse will be closed. In these instances, we take steps to ensure shipment delays will be kept to a minimum.</p>\r\n<p><strong>4.3 Change Of Delivery Address</strong></p>\r\n<p>For change of delivery address requests, we are able to change the address at any time before the order has been dispatched.</p>\r\n<p><strong>4.4 Items Out Of Stock</strong></p>\r\n<p>If an item is out of stock, we will dispatch the in-stock items immediately and send the remaining items once they return to stock.</p>\r\n<p><strong>4.5 Delivery Time Exceeded</strong></p>\r\n<p>If delivery time has exceeded the forecasted time, please contact us so that we can conduct an investigation.</p>\r\n<p><strong>5. Parcels Damaged In Transit</strong></p>\r\n<p>If you find a parcel is damaged in-transit, if possible, please reject the parcel from the courier and get in touch with our customer service. If the parcel has been delivered without you being present, please contact customer service with next steps.</p>\r\n<p><strong>6. Duties &amp; Taxes</strong></p>\r\n<p><strong>6.1 Sales Tax</strong></p>\r\n<p>Sales tax has already been applied to the price of the goods as displayed on the website</p>\r\n<p><strong>7. Cancellations</strong></p>\r\n<p>If you change your mind before you have received your order, we are able to accept cancellations at any time before the order has been dispatched. If an order has already been dispatched, please refer to our refund policy.</p>\r\n<p><strong>8. Insurance</strong></p>\r\n<p>Parcels are insured for loss and damage up to the value as stated by the courier.</p>\r\n<p><strong>8.1 Process for parcel damaged in-transit</strong></p>\r\n<p>We will process a refund or replacement as soon as the courier has completed their investigation into the claim.</p>\r\n<p><strong>8.2 Process for parcel lost in-transit</strong></p>\r\n<p>We will process a refund or replacement as soon as the courier has conducted an investigation and deemed the parcel lost.</p>\r\n<p><strong>9. Customer service</strong></p>\r\n<p>For all customer service enquiries, please email us at ktssilverworld@gmail.com</p>');

-- --------------------------------------------------------

--
-- Table structure for table `shipping_charges`
--

CREATE TABLE `shipping_charges` (
  `id` int(11) NOT NULL,
  `shipping_charge` decimal(25,2) DEFAULT NULL
) ENGINE=MyISAM DEFAULT CHARSET=latin1 COLLATE=latin1_swedish_ci;

--
-- Dumping data for table `shipping_charges`
--

INSERT INTO `shipping_charges` (`id`, `shipping_charge`) VALUES
(1, 0.00);

-- --------------------------------------------------------

--
-- Table structure for table `social_media`
--

CREATE TABLE `social_media` (
  `id` int(11) NOT NULL,
  `icon` varchar(100) NOT NULL,
  `link` varchar(100) NOT NULL,
  `name` varchar(50) DEFAULT NULL,
  `updated_on` datetime NOT NULL
) ENGINE=MyISAM DEFAULT CHARSET=latin1 COLLATE=latin1_swedish_ci;

--
-- Dumping data for table `social_media`
--

INSERT INTO `social_media` (`id`, `icon`, `link`, `name`, `updated_on`) VALUES
(1, 'fa fa-facebook-square', 'https://www.facebook.com/ktssilverworld', 'Facebook', '0000-00-00 00:00:00'),
(2, 'fa fa-instagram', 'https://www.instagram.com/ktspayalworld/', 'Instagram', '0000-00-00 00:00:00'),
(3, 'fa fa-youtube-square', 'https://www.youtube.com/channel/UCnIQ8YD8lqtallpScsj_ShA', 'Youtube', '0000-00-00 00:00:00');

-- --------------------------------------------------------

--
-- Table structure for table `tax`
--

CREATE TABLE `tax` (
  `id` int(11) NOT NULL,
  `currency` varchar(20) NOT NULL,
  `tax_percentage` decimal(5,1) NOT NULL
) ENGINE=MyISAM DEFAULT CHARSET=latin1 COLLATE=latin1_swedish_ci;

--
-- Dumping data for table `tax`
--

INSERT INTO `tax` (`id`, `currency`, `tax_percentage`) VALUES
(1, 'INR', 0.0),
(2, 'USD', 5.0);

-- --------------------------------------------------------

--
-- Table structure for table `tbl_subscriptions`
--

CREATE TABLE `tbl_subscriptions` (
  `id` int(11) NOT NULL,
  `user_id` int(11) NOT NULL,
  `product_id` int(11) NOT NULL,
  `variant_id` int(11) NOT NULL,
  `quantity` int(11) NOT NULL,
  `subscription_type` enum('Daily','Weekly','Monthly','Alternate') NOT NULL,
  `subscription_start` date NOT NULL,
  `subscription_value` text DEFAULT NULL,
  `status` enum('Active','Inactive','Deleted') NOT NULL DEFAULT 'Active',
  `pause_date` date DEFAULT NULL,
  `resume_date` date DEFAULT NULL,
  `next_order_on` date DEFAULT NULL,
  `created_on` datetime DEFAULT NULL
) ENGINE=InnoDB DEFAULT CHARSET=latin1 COLLATE=latin1_swedish_ci;

--
-- Dumping data for table `tbl_subscriptions`
--

INSERT INTO `tbl_subscriptions` (`id`, `user_id`, `product_id`, `variant_id`, `quantity`, `subscription_type`, `subscription_start`, `subscription_value`, `status`, `pause_date`, `resume_date`, `next_order_on`, `created_on`) VALUES
(1, 17, 49, 1, 0, 'Weekly', '2024-04-16', '[ { \"day\": \"Tue\", \"Quantity\": 5 }, { \"day\": \"Wed\", \"Quantity\": 3 }, { \"day\": \"Mon\", \"Quantity\": 1 } ]', 'Deleted', NULL, NULL, NULL, '2024-04-07 13:50:39'),
(2, 17, 49, 1, 1, 'Daily', '2024-04-07', '2024-04-07', 'Active', NULL, NULL, '2024-05-19', '2024-04-07 15:10:14'),
(3, 17, 49, 1, 1, 'Monthly', '2024-04-07', '2024-04-07', 'Deleted', NULL, NULL, NULL, '2024-04-07 15:10:26'),
(4, 17, 49, 1, 1, 'Monthly', '2024-04-08', '2024-04-08', 'Active', '2024-04-26', '0000-00-00', NULL, '2024-04-07 15:10:38'),
(5, 17, 49, 1, 1, 'Weekly', '2024-04-25', '[{day: Sun, Quantity: 1}, {day: Mon, Quantity: 2}]', 'Active', NULL, NULL, NULL, '2024-04-10 11:57:31'),
(6, 89, 49, 1, 1, '', '2024-04-11', '2024-04-11', 'Active', NULL, NULL, NULL, '2024-04-11 13:16:10'),
(7, 100, 3, 11, 1, '', '2024-04-11', '2024-04-11', 'Active', NULL, NULL, NULL, '2024-04-11 13:16:16'),
(8, 87, 49, 1, 1, '', '2024-04-11', '2024-04-11', 'Active', NULL, NULL, NULL, '2024-04-11 13:16:17'),
(9, 71, 49, 1, 2, '', '2024-04-11', '2024-04-11', 'Deleted', NULL, NULL, NULL, '2024-04-11 13:18:17'),
(10, 71, 49, 1, 2, 'Weekly', '2024-04-11', '[{day: Sun, Quantity: 1}, {day: Mon, Quantity: 1}, {day: Tue, Quantity: 1}]', 'Deleted', NULL, NULL, NULL, '2024-04-11 13:18:31'),
(11, 71, 49, 1, 2, '', '2024-04-20', '[{day: Sun, Quantity: 1}, {day: Mon, Quantity: 1}, {day: Tue, Quantity: 1}]', 'Deleted', NULL, NULL, NULL, '2024-04-11 13:19:10'),
(12, 71, 49, 1, 3, 'Monthly', '2024-04-19', '2024-04-19', 'Deleted', NULL, NULL, NULL, '2024-04-11 13:19:19'),
(13, 107, 49, 1, 1, 'Weekly', '2024-04-20', '[{day: Wed, Quantity: 1}, {day: Mon, Quantity: 1}, {day: Tue, Quantity: 1}, {day: Thu, Quantity: 1}, {day: Fri, Quantity: 1}, {day: Sat, Quantity: 2}, {day: Sun, Quantity: 1}]', 'Active', NULL, NULL, NULL, '2024-04-12 16:42:36'),
(14, 107, 49, 1, 1, '', '2024-04-13', '2024-04-13', 'Active', NULL, NULL, NULL, '2024-04-12 16:42:50'),
(15, 107, 49, 1, 1, 'Monthly', '2024-04-26', '2024-04-26', 'Active', NULL, NULL, NULL, '2024-04-12 16:47:06'),
(16, 107, 49, 1, 1, '', '2024-04-25', '[{day: Wed, Quantity: 1}, {day: Mon, Quantity: 1}, {day: Tue, Quantity: 1}, {day: Thu, Quantity: 1}, {day: Fri, Quantity: 1}, {day: Sat, Quantity: 2}, {day: Sun, Quantity: 1}]', 'Active', NULL, NULL, NULL, '2024-04-12 16:57:38'),
(17, 107, 49, 1, 1, '', '2024-04-27', '[{day: Wed, Quantity: 1}, {day: Mon, Quantity: 1}, {day: Tue, Quantity: 1}, {day: Thu, Quantity: 1}, {day: Fri, Quantity: 1}, {day: Sat, Quantity: 2}, {day: Sun, Quantity: 1}]', 'Active', NULL, NULL, NULL, '2024-04-12 16:58:04'),
(18, 107, 1, 8, 1, 'Monthly', '2024-04-26', '2024-04-26', 'Active', NULL, NULL, NULL, '2024-04-12 17:51:42'),
(19, 107, 3, 11, 1, 'Weekly', '2024-04-18', '[{day: Sun, Quantity: 1}]', 'Active', NULL, NULL, NULL, '2024-04-12 17:52:16'),
(20, 107, 3, 11, 1, 'Weekly', '2024-04-18', '[{day: Sun, Quantity: 1}]', 'Active', NULL, NULL, NULL, '2024-04-12 17:52:17'),
(21, 107, 4, 9, 4, '', '2024-04-30', '[]', 'Active', NULL, NULL, NULL, '2024-04-12 17:52:53'),
(22, 107, 53, 7, 1, 'Weekly', '2024-04-12', '[{day: Sun, Quantity: 1}]', 'Active', NULL, NULL, NULL, '2024-04-12 18:03:03'),
(23, 107, 53, 7, 1, 'Weekly', '2024-04-12', '[{day: Sun, Quantity: 1}]', 'Active', NULL, NULL, NULL, '2024-04-12 18:03:03'),
(24, 17, 49, 1, 1, 'Weekly', '2024-04-20', '[{day: Sun, Quantity: 1}, {day: Mon, Quantity: 1}, {day: Tue, Quantity: 1}, {day: Thu, Quantity: 1}]', 'Active', '2024-04-30', '2024-04-25', NULL, '2024-04-20 13:27:57'),
(25, 108, 1, 8, 2, 'Alternate', '2024-04-25', '[]', 'Deleted', NULL, NULL, NULL, '2024-04-21 18:13:01'),
(26, 108, 1, 8, 1, '', '2024-04-22', '2024-04-22', 'Deleted', NULL, NULL, NULL, '2024-04-22 17:59:17'),
(27, 108, 1, 8, 1, '', '2024-04-23', '2024-04-23', 'Deleted', NULL, NULL, NULL, '2024-04-23 08:00:14'),
(28, 108, 1, 8, 1, 'Weekly', '2024-04-24', '[{\"day\": \"Sun\", \"Quantity\": 1}, {\"day\": \"Mon\", \"Quantity\": 1}, {\"day\": \"Tue\", \"Quantity\": 1}, {\"day\": \"Wed\", \"Quantity\": 1}, {\"day\": \"Thu\", \"Quantity\": 1}, {\"day\": \"Fri\", \"Quantity\": 1}, {\"day\": \"Sat\", \"Quantity\": 1}]', 'Deleted', NULL, NULL, NULL, '2024-04-23 08:02:38'),
(29, 108, 1, 8, 1, 'Weekly', '2024-04-24', '[{\"day\": \"Sun\", \"Quantity\": 1}, {\"day\": \"Mon\", \"Quantity\": 1}, {\"day\": \"Tue\", \"Quantity\": 1}, {\"day\": \"Wed\", \"Quantity\": 1}, {\"day\": \"Thu\", \"Quantity\": 1}, {\"day\": \"Fri\", \"Quantity\": 1}, {\"day\": \"Sat\", \"Quantity\": 1}]', 'Deleted', NULL, NULL, NULL, '2024-04-23 08:02:40'),
(30, 108, 1, 8, 1, 'Monthly', '2024-04-24', '2024-04-24', 'Deleted', NULL, NULL, NULL, '2024-04-23 08:05:52'),
(31, 108, 1, 8, 1, 'Weekly', '2024-04-25', '[{\"day\": \"Sun\", \"Quantity\": 0}, {\"day\": \"Mon\", \"Quantity\": 0}, {\"day\": \"Tue\", \"Quantity\": 0}, {\"day\": \"Wed\", \"Quantity\": 0}, {\"day\": \"Thu\", \"Quantity\": 1}, {\"day\": \"Fri\", \"Quantity\": 1}, {\"day\": \"Sat\", \"Quantity\": 1}]', 'Deleted', NULL, NULL, NULL, '2024-04-23 08:09:45'),
(32, 108, 1, 8, 1, 'Weekly', '2024-04-25', '[{\"day\": \"Sun\", \"Quantity\": 0}, {\"day\": \"Mon\", \"Quantity\": 0}, {\"day\": \"Tue\", \"Quantity\": 0}, {\"day\": \"Wed\", \"Quantity\": 0}, {\"day\": \"Thu\", \"Quantity\": 1}, {\"day\": \"Fri\", \"Quantity\": 1}, {\"day\": \"Sat\", \"Quantity\": 1}]', 'Deleted', NULL, NULL, NULL, '2024-04-23 08:09:48'),
(33, 108, 1, 8, 1, 'Weekly', '2024-04-25', '[{\"day\": \"Sun\", \"Quantity\": 0}, {\"day\": \"Mon\", \"Quantity\": 0}, {\"day\": \"Tue\", \"Quantity\": 0}, {\"day\": \"Wed\", \"Quantity\": 0}, {\"day\": \"Thu\", \"Quantity\": 1}, {\"day\": \"Fri\", \"Quantity\": 1}, {\"day\": \"Sat\", \"Quantity\": 1}]', 'Deleted', NULL, NULL, NULL, '2024-04-23 08:09:50'),
(34, 108, 3, 11, 3, '', '2024-04-25', '2024-04-25', 'Deleted', NULL, NULL, NULL, '2024-04-23 08:11:16'),
(35, 108, 4, 9, 2, 'Monthly', '2024-04-25', '2024-04-25', 'Deleted', NULL, NULL, NULL, '2024-04-23 08:11:41'),
(36, 108, 4, 9, 2, 'Monthly', '2024-04-25', '2024-04-25', 'Deleted', NULL, NULL, NULL, '2024-04-23 08:11:43'),
(37, 108, 4, 9, 2, 'Monthly', '2024-04-25', '2024-04-25', 'Deleted', NULL, NULL, NULL, '2024-04-23 08:11:44'),
(38, 108, 49, 1, 3, '', '2024-04-24', '2024-04-24', 'Deleted', NULL, NULL, NULL, '2024-04-23 09:17:53'),
(39, 108, 49, 1, 3, '', '2024-04-24', '2024-04-24', 'Deleted', NULL, NULL, NULL, '2024-04-23 09:17:56'),
(40, 108, 49, 1, 1, '', '2024-04-23', '2024-04-23', 'Deleted', NULL, NULL, NULL, '2024-04-23 09:23:50'),
(41, 108, 1, 8, 2, 'Monthly', '2024-04-27', '2024-04-27', 'Deleted', '0000-00-00', '0000-00-00', NULL, '2024-04-23 09:27:35'),
(42, 108, 1, 12, 1, 'Weekly', '2024-04-23', '[{\"day\": \"Tue\", \"Quantity\": 1}]', 'Deleted', NULL, NULL, NULL, '2024-04-23 09:31:40'),
(43, 108, 49, 1, 1, 'Weekly', '2024-04-23', '[{\"day\": \"Mon\", \"Quantity\": 1}, {\"day\": \"Wed\", \"Quantity\": 1}, {\"day\": \"Fri\", \"Quantity\": 1}]', 'Deleted', NULL, NULL, NULL, '2024-04-23 09:33:35'),
(44, 108, 49, 1, 1, 'Weekly', '2024-04-23', '[{\"day\": \"Mon\", \"Quantity\": 1}, {\"day\": \"Wed\", \"Quantity\": 1}, {\"day\": \"Fri\", \"Quantity\": 1}]', 'Deleted', NULL, NULL, NULL, '2024-04-23 09:33:39'),
(45, 108, 49, 1, 1, 'Weekly', '2024-04-23', '[{\"day\": \"Mon\", \"Quantity\": 1}, {\"day\": \"Wed\", \"Quantity\": 1}, {\"day\": \"Fri\", \"Quantity\": 1}]', 'Deleted', NULL, NULL, NULL, '2024-04-23 09:33:44'),
(46, 108, 49, 1, 1, 'Weekly', '2024-04-23', '[{\"day\": \"Mon\", \"Quantity\": 1}, {\"day\": \"Wed\", \"Quantity\": 1}, {\"day\": \"Fri\", \"Quantity\": 1}]', 'Deleted', NULL, NULL, NULL, '2024-04-23 09:33:47'),
(47, 108, 49, 1, 1, 'Weekly', '2024-04-23', '[{\"day\": \"Mon\", \"Quantity\": 1}, {\"day\": \"Wed\", \"Quantity\": 1}, {\"day\": \"Fri\", \"Quantity\": 1}]', 'Deleted', NULL, NULL, NULL, '2024-04-23 09:33:58'),
(48, 108, 49, 1, 1, 'Weekly', '2024-04-23', '[{\"day\": \"Mon\", \"Quantity\": 1}, {\"day\": \"Wed\", \"Quantity\": 1}, {\"day\": \"Fri\", \"Quantity\": 1}]', 'Deleted', NULL, NULL, NULL, '2024-04-23 09:34:08'),
(49, 108, 49, 1, 1, '', '2024-04-23', '2024-04-23', 'Deleted', NULL, NULL, NULL, '2024-04-23 09:34:29'),
(50, 108, 49, 1, 1, '', '2024-04-23', '2024-04-23', 'Deleted', NULL, NULL, NULL, '2024-04-23 09:34:30'),
(51, 108, 49, 1, 1, '', '2024-04-23', '2024-04-23', 'Deleted', '2024-05-23', '0000-00-00', NULL, '2024-04-23 09:43:49'),
(52, 108, 49, 1, 1, '', '2024-04-23', '2024-04-23', 'Deleted', NULL, NULL, NULL, '2024-04-23 09:50:31'),
(53, 71, 1, 8, 1, '', '2024-05-01', '2024-05-01', 'Deleted', NULL, NULL, NULL, '2024-05-01 19:43:37'),
(54, 71, 4, 9, 1, '', '2024-05-02', '2024-05-02', 'Deleted', NULL, NULL, NULL, '2024-05-01 19:46:08'),
(55, 71, 4, 9, 1, 'Alternate', '2024-05-03', '[]', 'Deleted', '0000-00-00', '0000-00-00', NULL, '2024-05-01 19:46:26'),
(56, 71, 3, 11, 1, 'Alternate', '2024-05-02', '[]', 'Deleted', NULL, NULL, NULL, '2024-05-01 19:46:49'),
(57, 71, 3, 11, 1, 'Alternate', '2024-05-02', '[]', 'Deleted', NULL, NULL, NULL, '2024-05-01 19:46:50'),
(58, 71, 3, 11, 1, 'Alternate', '2024-05-02', '[]', 'Deleted', NULL, NULL, NULL, '2024-05-01 19:47:09'),
(59, 71, 3, 11, 1, 'Weekly', '2024-05-02', '[]', 'Deleted', NULL, NULL, NULL, '2024-05-01 19:47:25'),
(60, 71, 3, 11, 1, 'Weekly', '2024-05-02', '[]', 'Deleted', NULL, NULL, NULL, '2024-05-01 19:47:26'),
(61, 71, 49, 1, 1, '', '2024-05-02', '2024-05-02', 'Deleted', '2024-05-05', '0000-00-00', NULL, '2024-05-02 10:36:28'),
(62, 71, 49, 1, 1, 'Monthly', '2024-05-03', '2024-05-03', 'Deleted', '2024-05-06', '0000-00-00', NULL, '2024-05-02 10:37:00'),
(63, 71, 49, 6, 2, '', '2024-05-02', '2024-05-02', 'Deleted', NULL, NULL, NULL, '2024-05-02 11:14:01'),
(64, 71, 49, 6, 2, '', '2024-05-02', '2024-05-02', 'Deleted', NULL, NULL, NULL, '2024-05-02 11:14:02'),
(65, 71, 49, 1, 1, '', '2024-05-02', '2024-05-02', 'Deleted', NULL, NULL, NULL, '2024-05-02 12:19:11'),
(66, 71, 49, 1, 3, '', '2024-05-02', '2024-05-02', 'Deleted', '0000-00-00', '0000-00-00', NULL, '2024-05-02 12:20:54'),
(67, 71, 49, 1, 3, '', '2024-05-02', '2024-05-02', 'Deleted', NULL, NULL, NULL, '2024-05-02 12:30:50'),
(68, 71, 49, 1, 5, 'Alternate', '2024-05-03', '[]', 'Deleted', NULL, NULL, NULL, '2024-05-02 12:35:09'),
(69, 71, 49, 1, 1, '', '2024-05-03', '2024-05-03', 'Active', '2024-05-24', '0000-00-00', NULL, '2024-05-03 11:37:42'),
(70, 71, 49, 1, 2, 'Alternate', '2024-05-04', '[]', 'Active', NULL, NULL, NULL, '2024-05-03 11:37:59'),
(71, 71, 49, 1, 1, '', '2024-05-03', '2024-05-03', 'Active', '2024-05-11', '0000-00-00', NULL, '2024-05-03 16:47:13'),
(72, 71, 49, 1, 1, '', '2024-05-03', '2024-05-03', 'Active', NULL, NULL, NULL, '2024-05-03 16:53:26'),
(73, 71, 49, 1, 1, '', '2024-05-03', '2024-05-03', 'Active', NULL, NULL, NULL, '2024-05-03 16:53:36'),
(74, 71, 49, 1, 1, 'Alternate', '2024-05-04', '[]', 'Active', NULL, NULL, NULL, '2024-05-03 16:53:50'),
(75, 71, 49, 1, 1, 'Alternate', '2024-05-04', '[]', 'Active', NULL, NULL, NULL, '2024-05-03 16:53:52'),
(76, 71, 49, 1, 1, 'Alternate', '2024-05-04', '[]', 'Deleted', '2024-05-18', '0000-00-00', NULL, '2024-05-03 16:54:00'),
(77, 71, 49, 1, 1, 'Alternate', '2024-05-04', '[]', 'Active', NULL, NULL, NULL, '2024-05-03 16:54:03'),
(78, 71, 49, 1, 1, 'Alternate', '2024-05-04', '[]', 'Active', NULL, NULL, NULL, '2024-05-03 16:54:05'),
(79, 109, 49, 1, 1, 'Alternate', '2024-05-03', '[]', 'Active', '2024-05-08', '0000-00-00', NULL, '2024-05-03 21:11:41'),
(80, 109, 49, 1, 1, 'Alternate', '2024-05-09', '[]', 'Active', '2024-05-09', '0000-00-00', NULL, '2024-05-03 21:20:42'),
(81, 109, 49, 1, 1, '', '2024-05-03', '2024-05-03', 'Active', NULL, NULL, NULL, '2024-05-03 21:37:54'),
(82, 110, 49, 1, 1, '', '2024-05-03', '2024-05-03', 'Active', NULL, NULL, NULL, '2024-05-03 21:38:29'),
(83, 108, 49, 1, 2, 'Alternate', '2024-05-14', '[]', 'Deleted', NULL, NULL, NULL, '2024-05-06 18:44:49'),
(84, 108, 49, 1, 3, '', '2024-05-06', '2024-05-06', 'Deleted', NULL, NULL, NULL, '2024-05-06 18:45:12'),
(85, 114, 57, 4, 1, '', '2024-05-08', '2024-05-08', 'Deleted', NULL, NULL, NULL, '2024-05-08 12:54:22'),
(86, 115, 3, 11, 1, '', '2024-05-08', '2024-05-08', 'Active', NULL, NULL, NULL, '2024-05-08 16:04:32'),
(87, 115, 3, 11, 3, 'Monthly', '2024-05-09', '2024-05-09', 'Active', NULL, NULL, NULL, '2024-05-08 16:04:49'),
(88, 115, 56, 8, 3, '', '2024-05-08', '2024-05-08', 'Active', NULL, NULL, NULL, '2024-05-08 16:08:16'),
(89, 115, 56, 8, 3, '', '2024-05-08', '2024-05-08', 'Active', NULL, NULL, NULL, '2024-05-08 16:08:16'),
(90, 83, 57, 12, 1, 'Weekly', '2024-05-08', '[{\"day\": \"Wed\", \"Quantity\": 1}]', 'Active', NULL, NULL, '2024-05-15', '2024-05-08 16:52:40'),
(91, 116, 58, 1, 1, '', '2024-05-09', '2024-05-09', 'Deleted', NULL, NULL, NULL, '2024-05-09 13:04:08'),
(92, 121, 3, 11, 1, '', '2024-05-10', '2024-05-10', 'Deleted', NULL, NULL, NULL, '2024-05-09 13:18:26'),
(93, 116, 58, 1, 1, '', '2024-05-09', '2024-05-09', 'Deleted', NULL, NULL, NULL, '2024-05-09 15:05:23'),
(94, 116, 58, 1, 1, '', '2024-05-09', '2024-05-09', 'Active', '2024-05-24', '2024-05-17', NULL, '2024-05-09 15:06:53'),
(95, 130, 3, 11, 1, '', '2024-05-09', '2024-05-09', 'Active', NULL, NULL, NULL, '2024-05-09 15:48:08'),
(96, 131, 3, 11, 1, '', '2024-05-09', '2024-05-09', 'Active', NULL, NULL, NULL, '2024-05-09 15:53:47'),
(97, 124, 3, 11, 1, '', '2024-05-09', '2024-05-09', 'Active', NULL, NULL, NULL, '2024-05-09 16:52:02'),
(98, 124, 53, 7, 1, 'Alternate', '2024-05-09', '[]', 'Active', NULL, NULL, NULL, '2024-05-09 16:52:57'),
(99, 124, 53, 7, 1, 'Alternate', '2024-05-09', '[]', 'Deleted', NULL, NULL, NULL, '2024-05-09 16:53:00'),
(100, 124, 53, 7, 1, 'Alternate', '2024-05-09', '[]', 'Deleted', NULL, NULL, NULL, '2024-05-09 16:53:02'),
(101, 124, 53, 7, 1, 'Alternate', '2024-05-09', '[]', 'Deleted', NULL, NULL, NULL, '2024-05-09 16:53:02'),
(102, 4, 56, 8, 2, '', '2024-05-14', '2024-05-14', 'Active', NULL, NULL, NULL, '2024-05-14 15:03:01'),
(103, 4, 56, 8, 2, '', '2024-05-16', '[]', 'Active', NULL, NULL, NULL, '2024-05-14 15:04:20'),
(104, 4, 3, 11, 2, '', '2024-05-16', '2024-05-16', 'Active', NULL, NULL, NULL, '2024-05-14 15:25:26'),
(105, 4, 3, 11, 2, 'Weekly', '2024-05-16', '[{\"day\": \"Wed\", \"Quantity\": 1}, {\"day\": \"Tue\", \"Quantity\": 1}, {\"day\": \"Thu\", \"Quantity\": 1}]', 'Active', NULL, NULL, '2024-05-16', '2024-05-14 17:39:06'),
(106, 4, 58, 1, 2, '', '2024-05-16', '2024-05-16', 'Active', NULL, NULL, NULL, '2024-05-14 17:41:42'),
(107, 4, 56, 8, 1, '', '2024-05-24', '2024-05-24', 'Active', NULL, NULL, NULL, '2024-05-14 17:47:56'),
(108, 4, 56, 8, 1, 'Alternate', '2024-05-14', '[]', 'Active', NULL, NULL, NULL, '2024-05-14 17:48:14'),
(109, 4, 56, 8, 1, 'Monthly', '2024-05-14', '2024-05-14', 'Active', NULL, NULL, NULL, '2024-05-14 17:48:24'),
(110, 71, 56, 8, 1, 'Alternate', '2024-05-16', '[]', 'Active', NULL, NULL, NULL, '2024-05-15 17:23:49'),
(111, 108, 56, 8, 1, 'Alternate', '2024-05-15', '[]', 'Deleted', '2024-05-24', '0000-00-00', NULL, '2024-05-15 17:40:45'),
(112, 108, 56, 8, 2, 'Monthly', '2024-05-31', '2024-05-15 17:50:00.055132', 'Deleted', NULL, NULL, NULL, '2024-05-15 17:40:45'),
(113, 108, 56, 8, 2, '', '2024-05-24', '2024-05-24', 'Deleted', NULL, NULL, NULL, '2024-05-17 21:15:54'),
(114, 5, 1, 9, 2, 'Daily', '2024-03-20', NULL, 'Active', NULL, NULL, NULL, '2024-05-17 21:21:10'),
(115, 108, 3, 11, 4, 'Monthly', '2024-05-31', '2024-05-18 10:05:16.505460', 'Active', NULL, NULL, '2024-05-20', '2024-05-17 21:21:15'),
(116, 121, 61, 7, 1, '', '2024-05-28', '2024-05-28', 'Deleted', NULL, NULL, NULL, '2024-05-28 09:37:11'),
(117, 137, 61, 7, 1, '', '2024-06-14', '2024-06-14', 'Deleted', NULL, NULL, NULL, '2024-06-14 17:36:25'),
(118, 137, 61, 7, 1, '', '2024-06-14', '2024-06-14', 'Active', NULL, NULL, NULL, '2024-06-14 17:36:38'),
(119, 138, 56, 8, 7, 'Alternate', '2024-06-18', '', 'Active', '2024-06-19', '0000-00-00', NULL, '2024-06-17 17:13:11'),
(120, 138, 56, 8, 7, 'Daily', '2024-06-18', NULL, 'Deleted', '2024-06-19', '0000-00-00', NULL, '2024-06-17 17:13:13'),
(121, 138, 61, 7, 1, 'Daily', '2024-06-18', NULL, 'Deleted', '0000-00-00', '0000-00-00', NULL, '2024-06-17 17:13:41'),
(122, 138, 56, 12, 1, 'Alternate', '2024-06-19', '[]', 'Active', '2024-06-19', '0000-00-00', NULL, '2024-06-17 17:23:30'),
(123, 138, 58, 1, 5, 'Daily', '2024-06-17', NULL, 'Active', '2024-06-19', '0000-00-00', '2024-06-25', '2024-06-17 17:25:56'),
(124, 138, 3, 11, 1, 'Daily', '2024-06-17', NULL, 'Active', NULL, NULL, '2024-06-25', '2024-06-17 17:28:47'),
(125, 138, 3, 11, 1, 'Daily', '2024-06-17', NULL, 'Active', NULL, NULL, '2024-06-25', '2024-06-17 17:28:47'),
(126, 138, 3, 11, 1, 'Daily', '2024-06-17', NULL, 'Active', NULL, NULL, '2024-06-25', '2024-06-17 17:28:47'),
(127, 138, 3, 11, 3, 'Daily', '2024-06-17', NULL, 'Active', NULL, NULL, '2024-06-25', '2024-06-17 17:36:57'),
(128, 138, 3, 11, 5, 'Daily', '2024-06-17', NULL, 'Active', '0000-00-00', '0000-00-00', '2024-06-25', '2024-06-17 17:36:58'),
(129, 121, 56, 8, 2, '', '2024-06-23', '2024-06-23', 'Active', '0000-00-00', '0000-00-00', NULL, '2024-06-23 18:52:18');

-- --------------------------------------------------------

--
-- Table structure for table `testimonials`
--

CREATE TABLE `testimonials` (
  `id` int(11) NOT NULL,
  `customer_name` varchar(250) NOT NULL,
  `message` longtext NOT NULL,
  `status` enum('Active','Inactive') NOT NULL DEFAULT 'Active',
  `created_by` int(11) NOT NULL,
  `created_on` datetime NOT NULL,
  `updated_on` datetime NOT NULL
) ENGINE=MyISAM DEFAULT CHARSET=latin1 COLLATE=latin1_swedish_ci;

--
-- Dumping data for table `testimonials`
--

INSERT INTO `testimonials` (`id`, `customer_name`, `message`, `status`, `created_by`, `created_on`, `updated_on`) VALUES
(1, 'Nikhil', 'Pure Sliver at Low Price and designs are well and good, l like kts products and item. These items made my life', 'Active', 1, '2022-05-07 15:13:41', '2022-05-07 15:43:16'),
(2, 'Akhil Kumar', 'hai test akhil kumar', 'Active', 1, '2022-05-07 15:43:34', '2022-05-07 15:43:54');

-- --------------------------------------------------------

--
-- Table structure for table `transactions`
--

CREATE TABLE `transactions` (
  `id` int(11) NOT NULL,
  `customer_name` varchar(50) NOT NULL,
  `customer_email` varchar(50) NOT NULL,
  `item_name` varchar(255) NOT NULL,
  `item_number` varchar(50) NOT NULL,
  `item_price` float(10,2) NOT NULL,
  `item_price_currency` varchar(10) NOT NULL,
  `paid_amount` float(10,2) NOT NULL,
  `paid_amount_currency` varchar(10) NOT NULL,
  `txn_id` varchar(50) NOT NULL,
  `payment_status` varchar(25) NOT NULL,
  `created` datetime NOT NULL,
  `modified` datetime NOT NULL
) ENGINE=InnoDB DEFAULT CHARSET=utf8mb3 COLLATE=utf8mb3_unicode_ci;

-- --------------------------------------------------------

--
-- Table structure for table `users`
--

CREATE TABLE `users` (
  `id` int(11) NOT NULL,
  `name` varchar(100) NOT NULL,
  `username` varchar(100) NOT NULL,
  `password` text NOT NULL,
  `phone_number` varchar(40) DEFAULT NULL,
  `role` enum('Admin','Delivery','User') NOT NULL,
  `status` enum('Active','Inactive') NOT NULL,
  `email_verified` enum('No','Yes') NOT NULL DEFAULT 'No',
  `email_verified_on` datetime DEFAULT NULL,
  `created_on` datetime NOT NULL,
  `updated_on` datetime DEFAULT NULL,
  `password_reset_token` varchar(100) DEFAULT NULL,
  `password_reset_created` datetime(6) DEFAULT NULL,
  `delivery_lane_id` int(11) DEFAULT NULL,
  `referal_code` varchar(50) NOT NULL,
  `refered_by` int(11) DEFAULT NULL,
  `last_bill_generated_on` datetime DEFAULT NULL,
  `last_bill` varchar(100) NOT NULL,
  `otp` varchar(100) DEFAULT NULL
) ENGINE=InnoDB DEFAULT CHARSET=latin1 COLLATE=latin1_swedish_ci;

--
-- Dumping data for table `users`
--

INSERT INTO `users` (`id`, `name`, `username`, `password`, `phone_number`, `role`, `status`, `email_verified`, `email_verified_on`, `created_on`, `updated_on`, `password_reset_token`, `password_reset_created`, `delivery_lane_id`, `referal_code`, `refered_by`, `last_bill_generated_on`, `last_bill`, `otp`) VALUES
(1, 'Dhensuya', 'admin@dhensuya.com', '41175801c7bfd4de01c50bdb5ced1af0cf70b55ecd7190ee2bdf1442c957a83b', NULL, 'Admin', 'Active', 'Yes', NULL, '2021-09-09 00:00:00', '0000-00-00 00:00:00', '', NULL, NULL, '', NULL, NULL, '', NULL),
(4, 'Rohith', 'rohithch.1811@gmail.com', '8d969eef6ecad3c29a3a629280e686cf0c3f5d5a86aff3ca12020c923adc6c92', '9666418095', 'User', 'Active', 'No', NULL, '2022-05-05 02:18:01', NULL, '65f3e4fed', '2024-03-15 11:34:46.000000', NULL, '', NULL, NULL, '', '2975'),
(5, 'Rohith Kumar', 'rohith.crazyfreak@gmail.com', '8d969eef6ecad3c29a3a629280e686cf0c3f5d5a86aff3ca12020c923adc6c92', '9666418094', 'User', 'Active', 'No', NULL, '2022-05-06 05:33:46', NULL, '62c1edb8f', '2022-07-04 12:57:52.000000', NULL, '', NULL, NULL, '', NULL),
(6, 'nikhil', 'nikhilvarma5312@gmail.com', 'd47ac8ab883ad37bfbb248a2247598bdf76baecfeda29063ce350dfd09447363', '7981369305', 'User', 'Active', 'No', NULL, '2022-05-07 18:02:01', NULL, NULL, NULL, NULL, '', NULL, NULL, '', NULL),
(7, 'NIkhil Varma', 'nikhilvarma5311@gmail.com', 'd47ac8ab883ad37bfbb248a2247598bdf76baecfeda29063ce350dfd09447363', '7981369305', 'User', 'Active', 'No', NULL, '2022-05-07 18:15:16', NULL, NULL, NULL, NULL, '', NULL, NULL, '', NULL),
(8, 'AKhil', 'nikhilvarma531@gmail.com', 'd47ac8ab883ad37bfbb248a2247598bdf76baecfeda29063ce350dfd09447363', '7981369305', 'User', 'Active', 'No', NULL, '2022-05-07 18:25:46', NULL, NULL, NULL, NULL, '', NULL, NULL, '', NULL),
(10, 'Vamshi krishna', 'vamshikrishnaa43@gmail.com', 'dfdf99fc8db075108badef28ccd1535363b58aeceff3441d947afbc98dbd5c60', '8686563135', 'User', 'Active', 'No', NULL, '2022-05-15 09:19:18', NULL, '62da45c07', '2022-07-22 12:07:52.000000', NULL, '', NULL, NULL, '', NULL),
(12, 'vamshi krishna peddineni', 'vamshi@gmail.com', 'b8fae66bf3d6032ec92285db36ad53cd63056240806bbc1927e3a80d3ae3f61c', '8686563135', 'User', 'Active', 'No', NULL, '2022-05-15 19:06:29', NULL, '62da45682', '2022-07-22 12:06:24.000000', NULL, '', NULL, NULL, '', NULL),
(13, 'surya', 'ktsurya31@gmail.com', '8d969eef6ecad3c29a3a629280e686cf0c3f5d5a86aff3ca12020c923adc6c92', '9290633703', 'User', 'Active', 'No', NULL, '2022-05-15 19:31:02', NULL, '62a0cf0e7', '2022-06-08 10:02:14.000000', NULL, '', NULL, NULL, '', NULL),
(14, 'Ks Sunil', 'kssunil07@gmail.com', '5ba21f07e7911953e1b7c5b5f47b16ce4736126f2d4bf17f6cc1cf3e6d347d26', '8639830035', 'User', 'Active', 'No', NULL, '2022-05-31 17:07:45', NULL, '62d2c3c3a', '2022-07-16 07:27:23.000000', NULL, '', NULL, NULL, '', NULL),
(15, 'Sunil Kumar ', 'sunilks68668@gmail.com', '5ba21f07e7911953e1b7c5b5f47b16ce4736126f2d4bf17f6cc1cf3e6d347d26', '9502881855', 'User', 'Active', 'No', NULL, '2022-06-10 11:14:16', NULL, NULL, NULL, NULL, '', NULL, NULL, '', NULL),
(16, 'Sunil Kts', 'kslaxmi26285@gmail.com', '5ba21f07e7911953e1b7c5b5f47b16ce4736126f2d4bf17f6cc1cf3e6d347d26', '8790349141', 'User', 'Active', 'No', NULL, '2022-06-10 22:00:24', NULL, '62bfa36c4', '2022-07-02 07:16:20.000000', NULL, '', NULL, NULL, '', NULL),
(17, 'Akhil Kumar', 'akhil.srikakolapu@gmail.com', '8d969eef6ecad3c29a3a629280e686cf0c3f5d5a86aff3ca12020c923adc6c92', '9885800328', 'User', 'Active', 'Yes', '2022-06-10 11:15:24', '2022-06-10 22:58:17', NULL, '62dad43b7', '2022-07-22 10:15:47.000000', 1, '', NULL, '2024-04-20 03:03:11', 'uploads/bills/customer_invoice_1713605591.pdf', '4287'),
(18, 'eveberbe', 'ufygug@gmail.com', 'd2d02ea74de2c9fab1d802db969c18d409a8663a9697977bb1c98ccdd9de4372', '9897799999', 'User', 'Active', 'No', NULL, '2022-06-10 23:19:13', NULL, NULL, NULL, NULL, '', NULL, NULL, '', NULL),
(19, 'Ks Maheswari ', 'sunilop06@gmail.com', '5ba21f07e7911953e1b7c5b5f47b16ce4736126f2d4bf17f6cc1cf3e6d347d26', '8885416099', 'User', 'Active', 'No', NULL, '2022-06-12 16:53:52', NULL, '62d3d6734', '2022-07-17 02:59:23.000000', NULL, '', NULL, NULL, '', NULL),
(20, 'Rohith2', 'rohith2@gmail.com', '8d969eef6ecad3c29a3a629280e686cf0c3f5d5a86aff3ca12020c923adc6c92', '9567892343', 'User', 'Active', 'No', NULL, '2022-06-16 18:08:01', NULL, NULL, NULL, NULL, '', NULL, NULL, '', NULL),
(21, 'text', 'text', '982d9e3eb996f559e633f4d194def3761d909f5a3b647d1a851fead67c32c9d1', 'text', 'User', 'Active', 'No', NULL, '2022-06-16 20:46:30', NULL, '62fbddd53', '2022-08-16 11:41:33.000000', NULL, '', NULL, NULL, '', NULL),
(22, 'lavaKumar', 'lav.at.21@gmail.com', 'ab93995bdb16e502510db8338cf598692a7f020ceaa4e29f69a6ffa81c3ece66', '9849948474', 'User', 'Active', 'No', NULL, '2022-06-25 21:46:39', NULL, NULL, NULL, NULL, '', NULL, NULL, '', NULL),
(23, 'kssunil ', 'tumodel101@gmail.com', '5ba21f07e7911953e1b7c5b5f47b16ce4736126f2d4bf17f6cc1cf3e6d347d26', '9502881855', 'User', 'Active', 'No', NULL, '2022-06-29 13:19:03', NULL, NULL, NULL, NULL, '', NULL, NULL, '', NULL),
(24, 'Ks Sunil Kumar ', 'kssunilkuttuvan@gmail.com', '5ba21f07e7911953e1b7c5b5f47b16ce4736126f2d4bf17f6cc1cf3e6d347d26', '8639830035', 'User', 'Active', 'No', NULL, '2022-07-15 10:58:56', NULL, NULL, NULL, NULL, '', NULL, NULL, '', NULL),
(25, 'Rajendra ', 'rajpanibhate@gmail.com', '8d969eef6ecad3c29a3a629280e686cf0c3f5d5a86aff3ca12020c923adc6c92', '9030473907', 'User', 'Active', 'Yes', '2022-07-18 11:50:12', '2022-07-15 12:02:24', NULL, NULL, NULL, NULL, '', NULL, NULL, '', NULL),
(26, 'Lava Kumar', 'Lkkuttuvan@gmail.com', 'c87159a9ad930c196ca91eac4f160de41f57eae3581c38e5329faa4b9def1306', '9849948474', 'User', 'Active', 'No', NULL, '2022-07-15 19:19:20', NULL, NULL, NULL, NULL, '', NULL, NULL, '', NULL),
(27, 'Y N RAJU ', 'yadlapallinag@gmail.com ', '7450f311ad84092e6159cc8731d1fe59ee44cb070ad2b180e70d81503ee7f2fb', '9908890269', 'User', 'Active', 'No', NULL, '2022-07-17 08:56:16', NULL, NULL, NULL, NULL, '', NULL, NULL, '', NULL),
(28, 'Jeeva', 'kgjeeva1997@gmail.com', '7c197b9cc19d36f030d12b6d9d311e7480cd88411002e2f9345ba4879afe2674', '8639291432', 'User', 'Active', 'No', NULL, '2022-07-17 13:35:42', NULL, NULL, NULL, NULL, '', NULL, NULL, '', NULL),
(29, 'Gopi Thulasiram', 'kt.gopi07@gmail.com', '102f61d81b9adc441011f5e0f0353141905401ad82a8bf921b3016225e10280e', '9490313357', 'User', 'Active', 'Yes', '2022-07-18 01:40:35', '2022-07-17 13:42:40', NULL, NULL, NULL, NULL, '', NULL, NULL, '', NULL),
(30, 'Ks Sunil', 'sungod0306@gmail.com', '5ba21f07e7911953e1b7c5b5f47b16ce4736126f2d4bf17f6cc1cf3e6d347d26', '8885416099', 'User', 'Active', 'Yes', '2022-07-17 06:42:29', '2022-07-17 14:34:32', NULL, NULL, NULL, NULL, '', NULL, NULL, '', NULL),
(31, 'shreeya', 'voodigishreya3593@gmail.com', 'd3fc7e1d4b4eb2c29e1f1ac84d8b7a479168eb2beeaf9521391b44fc68975e66', '9032993593', 'User', 'Active', 'No', NULL, '2022-07-18 15:37:58', NULL, NULL, NULL, NULL, '', NULL, NULL, '', NULL),
(32, 'Raj', 'Raju.rangapadi@gmail.com ', 'a1c57e9591aaa88e837a378cc0313c9fab1120ec71f6cd7083e508038d2a0989', '9666636699', 'User', 'Active', 'No', NULL, '2022-07-18 16:47:23', NULL, NULL, NULL, NULL, '', NULL, NULL, '', NULL),
(33, 'Ganesh ', 'ktganesh32@gmail.com', 'ef75ab55c38a7599e7f79b2f9556bcc406b1eb4ba8522d268700cc02b4a44f6e', '9700748114 ', 'User', 'Active', 'No', NULL, '2022-07-18 17:06:10', NULL, NULL, NULL, NULL, '', NULL, NULL, '', NULL),
(34, 'muskan ', 'muskaanrenwa@gmail.com ', '19eb3207dbddc1e6e2a2f52c4722eb5f9bed6db1a7210e8aae94204a51b90153', '93981 75634 ', 'User', 'Active', 'No', NULL, '2022-07-18 18:18:46', NULL, NULL, NULL, NULL, '', NULL, NULL, '', NULL),
(35, 'Jagadeswari ', 'jjagadeswari@gmail.com', '55b47e50f177fc46f7c0e0ba22c4678870620eb164ceaae60d153f239374d7b1', '99121 87391', 'User', 'Active', 'No', NULL, '2022-07-18 21:55:49', NULL, NULL, NULL, NULL, '', NULL, NULL, '', NULL),
(36, 'Shiva ', 'shiva199470@gmail.com', '2415ba2e4333e2dae4c982e01b77949400a2f76639445aa0ce18c1e1f73ae93d', '8686280370', 'User', 'Active', 'No', NULL, '2022-07-18 23:15:07', NULL, NULL, NULL, NULL, '', NULL, NULL, '', NULL),
(37, 'balu k t', 'amktbalu@gmail.com', 'fb37be47b45e7b3057f99ce99668300a83567c520c84e65ad8026356eef495b7', '9843650159', 'User', 'Active', 'No', NULL, '2022-07-18 23:37:23', NULL, NULL, NULL, NULL, '', NULL, NULL, '', NULL),
(38, '7416629187', 'kannan', '2df8563b5e171d9367012f40108c036b084fd3624b02aa5c815761563dfa5906', 'kannank30286@gmail.com', 'User', 'Active', 'No', NULL, '2022-07-19 10:35:46', NULL, NULL, NULL, NULL, '', NULL, NULL, '', NULL),
(39, 'shruti', 'shiv.kuttuvan@gmail.com', 'b864008ed150b6ae67af8351b77ae10466af4df949d6df00fc057aed4065933e', '9290731500', 'User', 'Active', 'No', NULL, '2022-07-19 19:17:31', NULL, NULL, NULL, NULL, '', NULL, NULL, '', NULL),
(40, 'kannan', 'kannank30286@gmail.com', 'cbc22e90442cca2523a7e012bc7ff44824a41fdd47a6db5a662dea4fc64372d4', '9390736841', 'User', 'Active', 'No', NULL, '2022-07-19 20:37:31', NULL, NULL, NULL, NULL, '', NULL, NULL, '', NULL),
(41, 'udit Suryavanshi ', 'uditsuryavanshi.07@gmail.com', '6c921f526720e5371697ed4e4eacfbe642a804638e00f4342abb002f281380f6', '7702578477', 'User', 'Active', 'No', NULL, '2022-07-22 00:47:31', NULL, NULL, NULL, NULL, '', NULL, NULL, '', NULL),
(42, 'Pragathi teijeen jeeva', 'pragathiteijeen2002@gmail.com', '9dc733c4341a8bf67d82720a817029639f1d5167e35ca31a37696f104e61c501', '8790372324', 'User', 'Active', 'No', NULL, '2022-07-22 09:35:52', NULL, '62daad0b6', '2022-07-22 07:28:35.000000', NULL, '', NULL, NULL, '', NULL),
(43, 'sushstylish9679@gmail.com', 'sushstylish9679@gmail.com', '554aa04fabe8536dc2cc6da55f81292f031940d706ea08070474ef947387eadc', '07207909679', 'User', 'Active', 'No', NULL, '2022-07-22 10:49:33', NULL, NULL, NULL, NULL, '', NULL, NULL, '', NULL),
(44, 'arvind ', 'kgarvind324@gmail.com', '9d083e1a68cea7ffe294143024702abd94d1f004dab50de0223d9dd606c43ae6', '8121194891', 'User', 'Active', 'No', NULL, '2022-07-22 15:32:54', NULL, NULL, NULL, NULL, '', NULL, NULL, '', NULL),
(45, 'Naveen', 'devnaveen79@gmail.com', '89c41e59a14e31eb87bd5c0793fe9217fdfcb44864f0b316e2d01ef7c74a2b9d', '8328509609', 'User', 'Active', 'No', NULL, '2022-07-22 21:15:35', NULL, NULL, NULL, NULL, '', NULL, NULL, '', NULL),
(46, 'Prem ', 'premkumar47254@gmail.com', 'ef797c8118f02dfb649607dd5d3f8c7623048c9c063d532cc95c5ed7a898a64f', '8688039419', 'User', 'Active', 'No', NULL, '2022-07-22 21:27:21', NULL, '62e0d72e0', '2022-07-27 11:41:58.000000', NULL, '', NULL, NULL, '', NULL),
(47, 'prasath', 'divyaprasath28@gmail.com', '1f12131148ddf9809b7d1202e574a3a828c80cd396d239b6e9aee0ba687a0901', '7598508800', 'User', 'Active', 'No', NULL, '2022-07-23 12:31:29', NULL, NULL, NULL, NULL, '', NULL, NULL, '', NULL),
(48, 'SHRIKANT GAIKWAD ', 'gaikwadshrikant56@gmail.com ', 'adc07945ec3be2871f6bc47480a487fa7556645a6470a4d27fe381e068c3f63a', '8977491436', 'User', 'Active', 'No', NULL, '2022-07-24 11:35:25', NULL, NULL, NULL, NULL, '', NULL, NULL, '', NULL),
(49, 'ambika', 'ambicasree123@gmail.com ', '5ce31d60d61a1a8c447fcc2228797f41c427b5529f99c7d0406df1ece9b5552c', '9703686939', 'User', 'Active', 'No', NULL, '2022-07-24 11:51:03', NULL, NULL, NULL, NULL, '', NULL, NULL, '', NULL),
(50, 'n m hari', 'harim433@gmail.com', '9cc612c27184b0a6f83f41ca5a33e02c403adf35770bd883d05a412ee46c0ba8', '8686906866', 'User', 'Active', 'No', NULL, '2022-07-24 13:21:39', NULL, NULL, NULL, NULL, '', NULL, NULL, '', NULL),
(51, 'n m yuraj', 'yurajraj2gmail. com', '4ed01a095e2ac1fafc5019e2031ef6c8f1955337fd273e47d151ede280a2e530', '9030063140', 'User', 'Active', 'No', NULL, '2022-07-24 13:21:54', NULL, NULL, NULL, NULL, '', NULL, NULL, '', NULL),
(52, 'Maheshwari ', 'Maheshwarikuttuvan@gmail.com', '8d969eef6ecad3c29a3a629280e686cf0c3f5d5a86aff3ca12020c923adc6c92', '8885416099', 'User', 'Active', 'No', NULL, '2022-07-24 20:22:51', NULL, NULL, NULL, NULL, '', NULL, NULL, '', NULL),
(53, 'usha kuttuvan ', 'usha.kuttuvan@gmail.com ', '5f809a7654ab9b2991f319a506de6640c36c103d3b47de9ae3827b16770efafc', '9849085803', 'User', 'Active', 'No', NULL, '2022-07-24 22:58:44', NULL, NULL, NULL, NULL, '', NULL, NULL, '', NULL),
(54, 'Nikhil Shrimali', 'nikhilshrimali19@gmail.com', '7d6e3bfe57344c6c9c4a71eb435712c2a83b224c7b5e60ee402582aabf17494a', '7389477733', 'User', 'Active', 'No', NULL, '2022-07-25 08:52:33', NULL, NULL, NULL, NULL, '', NULL, NULL, '', NULL),
(55, 'kiran kalyani', 'kiran.kalyani3@gmail.com', '5f3e9fb17935da74af9201f12e9b2f8c574ad0df364e331ed3340a084b4aff13', '9441567110', 'User', 'Active', 'No', NULL, '2022-07-25 11:27:57', NULL, NULL, NULL, NULL, '', NULL, NULL, '', NULL),
(56, 'Vanitha ', 'kvnpurnima81@gmail.com ', '8f1e6cfbe232e1785b307a34c7ab4e8b487fa7064d37a1f34dac674536a9fe02', '8790600119', 'User', 'Active', 'No', NULL, '2022-07-26 11:44:27', NULL, NULL, NULL, NULL, '', NULL, NULL, '', NULL),
(57, 'Bibhu Prasad', 'adityab093@gmail.com', 'c62c4d6d0d5f57a1e2a40ac65af78dc49e097da665de55a3db4095aff86207d2', '9337159765', 'User', 'Active', 'No', NULL, '2022-07-26 22:49:03', NULL, NULL, NULL, NULL, '', NULL, NULL, '', NULL),
(58, 'hahahah', 'hasibstd6099@gmail.com', '274bfec8c03f42ceecd7e0596c7e9c6dc519a8fb58b4df02a453d343dbedafdf', '01769175515', 'User', 'Active', 'No', NULL, '2022-07-28 22:58:13', NULL, NULL, NULL, NULL, '', NULL, NULL, '', NULL),
(59, 'Surendragupta', 'surendragupta242@gmail.com', 'dcdc240c9e0c71a200eec8cc118ae8dbd640ae3f79b8d41515d96462bc09bcc7', '9704644122', 'User', 'Active', 'No', NULL, '2022-07-29 14:19:49', NULL, NULL, NULL, NULL, '', NULL, NULL, '', NULL),
(60, 'raghav ', 'raghav.bixby@gmail.com', 'cbdf69ce9507273582a90ef8abe6ad2e5844c976e08b782c059daeb860e418e8', '9030836899', 'User', 'Active', 'Yes', '2022-08-07 09:27:45', '2022-07-30 22:08:42', NULL, NULL, NULL, NULL, '', NULL, NULL, '', NULL),
(61, 'Venkatesh', 'Yadav. Venkatesh.84@gmail.com', '03752e796bffa919c2198c1b067fdb88026bea3a9dec4f6cbd9a17be9d9ee0a0', '79890447715', 'User', 'Active', 'No', NULL, '2022-08-01 18:59:09', NULL, NULL, NULL, NULL, '', NULL, NULL, '', NULL),
(62, 'Rammohan', 'athiram1979@gmail.com', 'fd36fef67bdbf95dbd286089a0061c9dae70ca4d1fa68079e7097499c052b55f', '9965725821', 'User', 'Active', 'No', NULL, '2022-08-06 07:03:05', NULL, NULL, NULL, NULL, '', NULL, NULL, '', NULL),
(63, 'Raj Kumar Achary', 'rajkumarachary@gmail.com', '5fef57da373fe50fe8fe1064c21e5013301bc161a6a4b312e13a2bbf0a43d425', '9348851012', 'User', 'Active', 'No', NULL, '2022-08-27 21:52:16', NULL, NULL, NULL, NULL, '', NULL, NULL, '', NULL),
(64, 'Naveen ', 'pvnaveenpvn@gmail.com', '4c02c368e0e50e79cf421e2249aea1e8c62ca24c805d61bf58df5ff93489c0d0', '6381450508', 'User', 'Active', 'No', NULL, '2022-09-04 09:46:23', NULL, NULL, NULL, NULL, '', NULL, NULL, '', NULL),
(65, 'Geethanjali', 'ggeetha.in@gmail.co.', '9e5a5a0f3e5a64f1d96a9e62a73371c6882c5098568776786b526e400b475d50', '9036176925', 'User', 'Active', 'No', NULL, '2022-09-07 12:20:42', NULL, NULL, NULL, NULL, '', NULL, NULL, '', NULL),
(66, 'Geethanjali', 'ggeetha.in@gmail.com', '9e5a5a0f3e5a64f1d96a9e62a73371c6882c5098568776786b526e400b475d50', '9036176925', 'User', 'Active', 'No', NULL, '2022-09-07 12:20:54', NULL, NULL, NULL, NULL, '', NULL, NULL, '', NULL),
(67, 'pawan', 'shahidshukla524@gmail.com', 'c90eb21dd21f4842657c1f5de735084bea57b66a28efc008549d25ff56d7a8cd', '8052100245', 'User', 'Active', 'No', NULL, '2022-09-12 23:16:48', NULL, NULL, NULL, NULL, '', NULL, NULL, '', NULL),
(68, 'K R SARATH BABU ', 'sarathpayals@gmail.com', 'c775e7b757ede630cd0aa1113bd102661ab38829ca52a6422ab782862f268646', '9894489895', 'User', 'Active', 'No', NULL, '2022-09-25 10:48:03', NULL, NULL, NULL, NULL, '', NULL, NULL, '', NULL),
(69, 'sai jewellers', 'rjonty@gmail.com', '165e5a5628a631dcd39b40d94757486d6ec6bfb851d50f6d43c51d55fc6c172b', '9156632222', 'User', 'Active', 'No', NULL, '2022-10-22 21:58:58', NULL, NULL, NULL, NULL, '', NULL, NULL, '', NULL),
(70, 'Gopi R', 'rgopi01061975@gmail.com', '16bb16d5e78984e7f9a9a17a42f15b0eda10e698c4867931d9fa1dbeb6d6a9cb', '9150909303', 'User', 'Active', 'No', NULL, '2022-11-07 14:12:58', NULL, NULL, NULL, NULL, '', NULL, NULL, '', NULL),
(71, 'sailesh', 'kallurisailesh@gmail.com', '11783746dc6ec81964537972452a9d4d00a496a0973ec310a9ff7b1f91d9eafd', '9177191097', 'User', 'Active', 'No', NULL, '2024-03-18 11:21:03', NULL, NULL, NULL, NULL, '', NULL, NULL, '', NULL),
(72, 'Bhavya1008', 'ebhavya50@gmail.com', '160b6e7dcb2a6abf7423b98c41ea0cc391bd15ec71943c26f5381de9c41a723e', '8125393447647538', 'User', 'Active', 'No', NULL, '2024-03-18 11:58:12', NULL, '65fd967e5', '2024-03-22 08:02:30.000000', NULL, '', NULL, NULL, '', NULL),
(73, 'bahvya456', '50@gmail.com', '62c29df8ad3178f02022e0d014e5ce2ccf9fec36c1e1a667699f167a08307f51', '81761625336tgyh', 'User', 'Active', 'No', NULL, '2024-03-18 12:03:31', NULL, NULL, NULL, NULL, '', NULL, NULL, '', NULL),
(74, 'bahvya456', 'bhavya@gmail.com', '62c29df8ad3178f02022e0d014e5ce2ccf9fec36c1e1a667699f167a08307f51', '81761625336tgyh', 'User', 'Active', 'No', NULL, '2024-03-18 12:03:38', NULL, NULL, NULL, NULL, '', NULL, NULL, '', NULL),
(75, 'bahvya456', '50.890@gmail.com', '62c29df8ad3178f02022e0d014e5ce2ccf9fec36c1e1a667699f167a08307f51', '81761625336tgyh', 'User', 'Active', 'No', NULL, '2024-03-18 12:04:12', NULL, NULL, NULL, NULL, '', NULL, NULL, '', NULL),
(76, 'bahvya456. 567', '50.890@gmail.com.m', '3436a667fbb8f88172841d27a08db141ec9562f95dc3124307fa6e928e219fea', '81761625336tgyh', 'User', 'Active', 'No', NULL, '2024-03-18 12:08:10', NULL, NULL, NULL, NULL, '', NULL, NULL, '', NULL),
(77, 'Gandhe Nethra', 'Gandhenethra@gmail.com', '03ac674216f3e15c761ee1a5e255f067953623c8b388b4459e13f978d7c846f4', '9913736568', 'User', 'Active', 'No', NULL, '2024-03-18 12:23:15', NULL, NULL, NULL, NULL, '', NULL, NULL, '', NULL),
(78, 'nethra', 'Gandhenethra@gmail.com.abc', '03ac674216f3e15c761ee1a5e255f067953623c8b388b4459e13f978d7c846f4', 'hahahshshjshs', 'User', 'Active', 'No', NULL, '2024-03-18 12:27:59', NULL, NULL, NULL, NULL, '', NULL, NULL, '', NULL),
(79, 'sailesh', 'kalluri@gmail.com', 'f395afa56cfe1c37ad4de40cb7f2551bf532b9fac9734fe59957feb0e9fce08a', '7032909949', 'User', 'Active', 'No', NULL, '2024-03-19 15:53:16', NULL, NULL, NULL, NULL, '', NULL, NULL, '', NULL),
(80, 'sailesh', 'kalluri@gmail.gmail.com', 'f395afa56cfe1c37ad4de40cb7f2551bf532b9fac9734fe59957feb0e9fce08a', '70329099499878', 'User', 'Active', 'No', NULL, '2024-03-19 15:55:05', NULL, NULL, NULL, NULL, '', NULL, NULL, '', NULL),
(81, 'sailesh123#@?', 'kalluri@gmail.com@gmail.com', '11783746dc6ec81964537972452a9d4d00a496a0973ec310a9ff7b1f91d9eafd', '9177191097', 'User', 'Active', 'No', NULL, '2024-03-19 18:02:45', NULL, NULL, NULL, NULL, '', NULL, NULL, '', NULL),
(82, 'daffg2334=?{}°$', 'kallurisailesh@gmail.com@gmail.com', '11783746dc6ec81964537972452a9d4d00a496a0973ec310a9ff7b1f91d9eafd', 'sfd9177191097', 'User', 'Active', 'No', NULL, '2024-03-20 17:27:09', NULL, NULL, NULL, NULL, '', NULL, NULL, '', NULL),
(83, 'sailesh', 'skalluri@zitisisolutions.com', '5ddc87eaf2fb303adf2344a4c8f81cbc7923b1c3a819950f6c6e5cc5cd8052bd', '9177191097', 'User', 'Active', 'No', NULL, '2024-03-22 18:54:54', NULL, NULL, NULL, NULL, '', NULL, NULL, '', NULL),
(84, 'sailesh', 'skalluri@zitisisolutions.com', '5ddc87eaf2fb303adf2344a4c8f81cbc7923b1c3a819950f6c6e5cc5cd8052bd', '9177191097', 'User', 'Active', 'No', NULL, '2024-03-22 18:54:54', NULL, NULL, NULL, NULL, '', NULL, NULL, '', NULL),
(85, 'sailesh', 'skalluri@zitisisolutions.com', '5ddc87eaf2fb303adf2344a4c8f81cbc7923b1c3a819950f6c6e5cc5cd8052bd', '9177191097', 'User', 'Active', 'No', NULL, '2024-03-22 18:54:54', NULL, NULL, NULL, NULL, '', NULL, NULL, '', NULL),
(86, 'pujitha ', 'damerapujitha5@gmail.com', '7811280509cb5caf7cfab060f903cd215582d3535e6a902504a83c8272e58d4d', '7731994990', 'User', 'Active', 'No', NULL, '2024-03-22 20:00:03', NULL, NULL, NULL, NULL, '', NULL, NULL, '', NULL),
(87, 'pujitha ', 'damerapujitha@gmail.com', '7e1239966ee8d61f7e127f84b6e9a01f61bf3c323021cdfa00e819fc022eeb79', '7731994990', 'User', 'Active', 'No', NULL, '2024-03-22 20:01:05', NULL, NULL, NULL, NULL, '', NULL, NULL, '', NULL),
(88, 'Bhavya', 'ebhavya50@gmail.com.cm', 'dbd868fe76ed4b4beb28c948822c2c304789602e821db6d3bf9e7ca4a844cc51', '81&@+) #?-', 'User', 'Active', 'No', NULL, '2024-03-22 20:03:26', NULL, NULL, NULL, NULL, '', NULL, NULL, '', NULL),
(89, 'Lavanya', 'lavanyadonepudi37@gmail.com', '644b1ee68d98275256e67a26b685f749090e7adefed6a79d5c2157b5f1ae2539', '9515426278', 'User', 'Active', 'No', NULL, '2024-03-22 23:04:43', NULL, NULL, NULL, NULL, '', NULL, NULL, '', NULL),
(90, 'vanaja', 'vanaja2017@gmail.com', '20d9f609dd23b8743b2d795809e6665dea244ae35467634e7fd22556a713a657', '9704184287', 'User', 'Active', 'No', NULL, '2024-03-23 22:18:36', NULL, NULL, NULL, NULL, '', NULL, NULL, '', NULL),
(91, 'Hari', 'harikrishnapotnuru5@gmail.com', 'e1bf52f5a2c681e81f1c1faabc2ec0f36930dbc298e3677a1ac357b4ac92b3ad', '9010233562', 'User', 'Active', 'No', NULL, '2024-03-24 22:38:05', NULL, NULL, NULL, NULL, '', NULL, NULL, '', NULL),
(92, 'poola Ganesh ', 'poolaganeshroyals2000@gmail.com', '5df3bfc99ea98398e4dcfa2a8eb3cf4047698244ff8ac5ec92a640983ad0e345', '8885283963', 'User', 'Active', 'No', NULL, '2024-03-25 08:04:00', NULL, NULL, NULL, NULL, '', NULL, NULL, '', NULL),
(95, 'Lavanya', 'lavanyadonepudi37@gmail.com.', '644b1ee68d98275256e67a26b685f749090e7adefed6a79d5c2157b5f1ae2539', '9515426278111', 'User', 'Active', 'No', NULL, '2024-03-26 19:09:00', NULL, NULL, NULL, NULL, '', NULL, NULL, '', NULL),
(96, 'Lavanya', 'test@abc.com', '6d987a391d90fc2451751b2bb85890fc6e452bc057f39a85d8d1fd552f965fb2', '9515426278', 'User', 'Active', 'No', NULL, '2024-03-26 19:21:17', NULL, NULL, NULL, NULL, '', NULL, NULL, '', NULL),
(97, 'test', 'test@gmail.com', 'bee1c3c1f9df3df656185eb3db4887afef414f3eb292b252ec858c69986b6022', '1234567890', 'User', 'Active', 'No', NULL, '2024-03-26 19:23:49', NULL, NULL, NULL, NULL, '', NULL, NULL, '', NULL),
(98, 'test1', 'test1@gmail.com', '60b6e1bc4cc869724e619de00a883774421841bc7a1db86992721590e95f7ec8', '1234567890', 'User', 'Active', 'No', NULL, '2024-03-26 19:24:59', NULL, NULL, NULL, NULL, '', NULL, NULL, '', NULL),
(99, 'abcgdshnf', 'sstjnaaeth', '249982de481067c2f40b77cd0a340cfa71599ad7c63f30b0c274fb72f998cc77', '952178032778999', 'User', 'Active', 'No', NULL, '2024-03-26 19:27:12', NULL, NULL, NULL, NULL, '', NULL, NULL, '', NULL),
(100, 'bhavya1234', 'ebhavya50@gmail.com.com', '233e059a2f1148fedf8ff42391f81c7cf0bd52c4f82bd0a91d3ce3bbc371019d', 'bhavyasri', 'User', 'Active', 'No', NULL, '2024-03-26 19:32:14', NULL, NULL, NULL, NULL, '', NULL, NULL, '', NULL),
(101, 'lavanya', 'abyrsfhu@gmail.com', '7bfa7477518cf4d3e23e09291fcdc9bf5ed361a16c00b165cdb5a2595e65e1e3', '9531479003267', 'User', 'Active', 'No', NULL, '2024-03-26 19:33:11', NULL, NULL, NULL, NULL, '', NULL, NULL, '', NULL),
(103, 'Delivery Agent1', 'webartise@gmail.com', 'a645da45b0d0f1527ffd8e2da5893240432307eec199323e4b8429c675724086', '8273872972', 'Delivery', 'Active', 'No', NULL, '2024-03-30 20:41:49', '2024-03-30 21:59:14', NULL, NULL, NULL, '', NULL, NULL, '', NULL),
(104, '09743', 'lavanyadonepudi@3777gmail.com', 'd43b30ad85c6984a1595e2c5214b5e20b4729245429e11690a79d954093fbbfb', '9515426278', 'User', 'Active', 'No', NULL, '2024-04-11 14:13:02', NULL, NULL, NULL, NULL, 'n684bg0fzc', 0, NULL, '', NULL),
(105, 'raju', 'raju@gmail.com', '0a43bc1b53d11c8f36bf9b0b5e38b67dbeb91b2f317eb4babdd487d4bc142beb', '9177191097', 'User', 'Active', 'No', NULL, '2024-04-11 15:05:53', NULL, NULL, NULL, NULL, 'z4mfna9o5w', 0, NULL, '', NULL),
(106, 'yeshwanth', 'yeshpendyala@gmail.com', '7fa88a089bec3fdd6dbf43367ddf006e00b50ffd9871b0770d5d0958521a1694', '7676995251', 'User', 'Active', 'No', NULL, '2024-04-11 15:12:38', NULL, NULL, NULL, NULL, '56b0gq13k8', 0, NULL, '', NULL),
(107, 'yeshwanth', 'yeshwanth@gmail.com', '19fdf435708cf18bed79881d4947d0d8d5eb56db0335270908f5b437081b5242', '9876543210', 'User', 'Active', 'No', NULL, '2024-04-11 15:43:18', NULL, NULL, NULL, NULL, 'vgcytlm862', 0, NULL, '', NULL),
(108, 'Rohith', 'rohithch1811@gmail.com', '8d969eef6ecad3c29a3a629280e686cf0c3f5d5a86aff3ca12020c923adc6c92', '9677754556', 'User', 'Active', 'No', NULL, '2024-04-21 18:07:28', NULL, NULL, NULL, 3, 'qi7bgw3zkn', 0, NULL, '', NULL),
(109, 'varsha ', 'varshareddy0808@gmail.com', '72a6e0e02dc3eaa5a5fff8a9ea139d9c20dcabf3f72d2cc5ad5c761d877bfe5a', '9502292673', 'User', 'Active', 'No', NULL, '2024-05-03 21:09:34', NULL, NULL, NULL, 4, 'hxiuydeptb', 0, NULL, '', NULL),
(110, 'rohith', 'rohith1766@gmail.com', '8d969eef6ecad3c29a3a629280e686cf0c3f5d5a86aff3ca12020c923adc6c92', '8743884883', 'User', 'Active', 'No', NULL, '2024-05-03 21:13:23', NULL, NULL, NULL, NULL, 'wv8j6unopc', 0, NULL, '', NULL),
(111, 'Kalyan', 'Kalyan.Dhenusya@gmail.com', '8cf3f3446b9580de96bcf6c50d8de04a94a75ddad77bee636b408c38f424f4b9', '8247737843', 'Delivery', 'Active', 'No', NULL, '2024-05-07 16:03:09', NULL, NULL, NULL, NULL, '', NULL, NULL, '', NULL),
(112, 'Mohan', 'Mohan.dhenusya@gmail.com', '75c0518d1705aa2a815ad20851a6c1f5806f22b78e7c16de9a5e158cfa9e6b99', '6305208687', 'Delivery', 'Active', 'No', NULL, '2024-05-07 16:04:51', NULL, NULL, NULL, NULL, '', NULL, NULL, '', NULL),
(113, 'Siddu', 'siddu.dhenusya@gmail.com', '1b0e3819c9641d8af805d03423e64cb60d26c242dbaec521808b329f38d31bdc', '7780276944', 'Delivery', 'Active', 'No', NULL, '2024-05-07 16:07:40', '2024-05-09 17:45:52', NULL, NULL, NULL, '', NULL, NULL, '', NULL),
(114, 'sailesh', 'sailesh.k@chromiumsolutions.com', '11783746dc6ec81964537972452a9d4d00a496a0973ec310a9ff7b1f91d9eafd', '9177191097', 'User', 'Active', 'No', NULL, '2024-05-07 16:32:54', NULL, NULL, NULL, 4, 'i56wzvea41', 0, NULL, '', NULL),
(115, 'vijaya', 'Vijayalakshmi.v@chromiumsolutions.com', '18af699067b90b07e8f643ceb982d249eee29bdbc48e42cbabed35b5851e96ba', '7799149797', 'User', 'Active', 'No', NULL, '2024-05-08 16:02:03', NULL, NULL, NULL, 5, 'wcupmj7ofd', 0, NULL, '', NULL),
(116, 'Sirisha D', 'sdevarasetty@zitisisolutions.com', 'f72ae1a64936f3cc8a35214113c154a006088af6e64d376c172bc446164e5db1', '9885977948', 'User', 'Active', 'Yes', '2024-05-09 03:37:27', '2024-05-09 12:47:04', NULL, NULL, NULL, NULL, '4wr20am8y5', 0, NULL, '', NULL),
(117, 'yeshwanth ', 'ypendyala@zitisisolutions.com', '24352efef99ac6c8900a8ed7ad781cca0a063ce402b8aa585b88df8a573808bb', '7675995251', 'User', 'Active', 'No', NULL, '2024-05-09 13:04:23', NULL, '663c7ca87', '2024-05-09 01:05:04.000000', NULL, 'w1amr8k93j', 0, NULL, '', NULL),
(118, 'jayasri boina', 'jayasriboina@gmail.com', '578207d779a9b26387c335c28825237f473fa045d3483ef7ab7711f92db7f02c', '8790857538', 'User', 'Active', 'No', NULL, '2024-05-09 13:10:15', NULL, NULL, NULL, NULL, 'dckyu426qn', 0, NULL, '', NULL),
(119, 'Revathi ', 'radari@zitisisolutions.com', '4ea8aa72d4d7d12a5362d07ed7b68de9cc18440e789fdc7d74247c16997abe1d', '9703458539', 'User', 'Active', 'No', NULL, '2024-05-09 13:11:31', NULL, NULL, NULL, NULL, 'htf0e4w8pg', 0, NULL, '', NULL),
(120, 'lokesh Bisetti ', 'lokeshbisetti98@gmail.com', '5a05525cfa26e49a6bf661bf951e5c9c413b5877d80ab188ffc37c49d466acf4', '6303079893', 'User', 'Active', 'No', NULL, '2024-05-09 13:11:41', NULL, NULL, NULL, NULL, 'zltpyhwv6k', 0, NULL, '', NULL),
(121, 'Anusha', 'anushapoloju874@gmail.com', 'd21d00e9769a271df1c2e75733bf392c4d1be6209cca13e3e3a0489f2ba80f93', '7675019215', 'User', 'Active', 'No', NULL, '2024-05-09 13:15:43', NULL, NULL, NULL, NULL, 'so5kpf1lay', 0, NULL, '', NULL),
(122, 'Bhanu Madugula ', 'bhanumadugula05@gmail.com', '1c60ce4a341f339c6931edc4e950347e9f2aaba1649854bef570e9af99e1a5fd', '9014363240', 'User', 'Active', 'No', NULL, '2024-05-09 13:17:14', NULL, NULL, NULL, NULL, 'op9xsm87lz', 0, NULL, '', NULL),
(123, 'Lavanya', 'lavanyadonepydi27@gmail.com', 'd43b30ad85c6984a1595e2c5214b5e20b4729245429e11690a79d954093fbbfb', '9515426278', 'User', 'Active', 'No', NULL, '2024-05-09 13:18:51', NULL, NULL, NULL, NULL, 'vaxli9zht2', 0, NULL, '', NULL),
(124, 'kiran', 'adarikirankumar9@gmail.com', 'd083f5bda450723f3d06810d9e6678f3ba1558e7330d3bb12fb285892bf7dc66', '8919918903', 'User', 'Active', 'Yes', '2024-05-09 05:49:16', '2024-05-09 14:25:20', NULL, NULL, NULL, NULL, 'q5cyeh0ml3', 0, NULL, '', NULL),
(125, 'shiva', 'shiva.dhenusya@gmail.com', 'd9caf7e719bebc76c47411601e3e7a430b181f17eee2afea1fe4c37eff920734', '9121070805', 'Delivery', 'Active', 'No', NULL, '2024-05-09 14:41:33', NULL, NULL, NULL, NULL, '', NULL, NULL, '', NULL),
(126, 'Nirmal', 'nirmal.dhenusya@gmail.com', '382893d217f3b114cd89f57513f812ffeb68fd45de7d5f702328e44679b741d9', '6302923747', 'Delivery', 'Active', 'No', NULL, '2024-05-09 14:44:25', NULL, NULL, NULL, NULL, '', NULL, NULL, '', NULL),
(127, 'Aravinda Jyothi', 'vajyothi@gmail.com', '1a92ec223c6877fa676a60eb92afdd22421c832eba45ddd7ca94ee8b2a0e969a', '7386251357', 'User', 'Active', 'No', NULL, '2024-05-09 14:47:35', NULL, NULL, NULL, NULL, '0wc8x6fesm', 0, NULL, '', NULL),
(128, 'Aravinda Jyothi', 'vajyothi@gmail.com', '1a92ec223c6877fa676a60eb92afdd22421c832eba45ddd7ca94ee8b2a0e969a', '7386251357', 'User', 'Active', 'No', NULL, '2024-05-09 14:47:35', NULL, NULL, NULL, NULL, 'a47wtb1fxn', 0, NULL, '', NULL),
(129, 'Prince', 'Prince.dhenusya@gmail.com', '5fc46494b535e4fad4275fb3e4a3db001883efde84115efbd981dfc746f7144f', '8978024184', 'Delivery', 'Active', 'No', NULL, '2024-05-09 14:51:54', NULL, NULL, NULL, NULL, '', NULL, NULL, '', NULL),
(130, 'Lahari', 'pendyala.lahari2001@gmail.com', 'a37767486df141d464385e88db578a47a5a8c10dbea60e02d88ced4cb6a47160', '6301525746', 'User', 'Active', 'No', NULL, '2024-05-09 15:47:37', NULL, NULL, NULL, NULL, 'me67gkzoic', 0, NULL, '', NULL),
(131, 'Lavanya', 'lavanyadonepudi27@gmail.com', 'a37767486df141d464385e88db578a47a5a8c10dbea60e02d88ced4cb6a47160', '9515426278', 'User', 'Active', 'No', NULL, '2024-05-09 15:53:15', NULL, NULL, NULL, NULL, 'ieo2mu7yjt', 0, NULL, '', NULL),
(132, 'Gandhe Nethra', 'ngandhe@zitisisolutions.com', '03ac674216f3e15c761ee1a5e255f067953623c8b388b4459e13f978d7c846f4', '9912736568', 'User', 'Active', 'No', NULL, '2024-05-09 17:31:54', NULL, NULL, NULL, 6, 'k528rm9ay6', 0, NULL, '', NULL),
(133, 'Arjun', 'Arjun.dhenusya@gmail.com', '0d07b7c8ad431b789552e183a052cb41fcdf73bebf2e986b50ecf33496b27549', '8897914723', 'Delivery', 'Active', 'No', NULL, '2024-05-09 17:45:31', NULL, NULL, NULL, NULL, '', NULL, NULL, '', NULL),
(134, 'Shanthan Kumar ', 'spaladi@zitisisolutions.com', '58726e508083599f49e8df73238ec361bc37a73cbb6babcce3693f4912ed2f99', '9705968049', 'User', 'Active', 'No', NULL, '2024-05-09 17:58:42', NULL, NULL, NULL, NULL, 'etof71n28q', 0, NULL, '', NULL),
(135, 'rohith', 'rohith678@gmail.com', '8d969eef6ecad3c29a3a629280e686cf0c3f5d5a86aff3ca12020c923adc6c92', '9667188889', 'User', 'Active', 'No', NULL, '2024-05-09 18:40:29', NULL, NULL, NULL, NULL, '4d6xokt5uy', 0, NULL, '', NULL),
(136, 'Bharat', 'bharat.dhenusya@gmail.com', '3ce9f1635cb349fa3ac22a804c325417aa88771bddea19d7b5802b5596e5e3bf', '7981988837', 'Delivery', 'Inactive', 'No', NULL, '2024-05-10 22:09:43', '2024-05-10 22:11:42', NULL, NULL, NULL, '', NULL, NULL, '', NULL),
(137, 'test', 'pritampoojary100@gmail.com ', '1d95a4c6d681ede5b18c89b21ceb46bfea7b8e4d8f824107615a2ee297493710', '9967903929', 'User', 'Active', 'No', NULL, '2024-06-14 17:33:44', NULL, NULL, NULL, NULL, 'zcavk7qg4d', 0, NULL, '', NULL),
(138, 'lahari', 'pendyala.lahari@gmail.com', 'a37767486df141d464385e88db578a47a5a8c10dbea60e02d88ced4cb6a47160', '6301525746', 'User', 'Active', 'No', NULL, '2024-06-17 17:01:29', NULL, NULL, NULL, NULL, '8a219xy4c3', 0, NULL, '', NULL);

-- --------------------------------------------------------

--
-- Table structure for table `user_referals`
--

CREATE TABLE `user_referals` (
  `id` int(11) NOT NULL,
  `user_id` int(11) NOT NULL,
  `refered_userid` int(11) DEFAULT NULL,
  `points` float NOT NULL,
  `status` enum('Added','Deducted','Inactive') DEFAULT 'Inactive',
  `order_id` int(11) DEFAULT NULL,
  `created_on` datetime NOT NULL
) ENGINE=MyISAM DEFAULT CHARSET=latin1 COLLATE=latin1_swedish_ci;

--
-- Dumping data for table `user_referals`
--

INSERT INTO `user_referals` (`id`, `user_id`, `refered_userid`, `points`, `status`, `order_id`, `created_on`) VALUES
(1, 7, NULL, 500, 'Added', NULL, '2022-05-07 18:25:46'),
(2, 7, NULL, 200, 'Deducted', NULL, '2022-05-18 23:59:03'),
(3, 12, NULL, 500, 'Added', NULL, '2022-06-10 11:14:16'),
(4, 15, NULL, 500, 'Added', NULL, '2022-06-10 22:00:24'),
(5, 5, 17, 500, 'Added', NULL, '2022-06-10 22:58:17'),
(6, 5, 18, 500, 'Inactive', NULL, '2022-06-10 23:19:13'),
(7, 5, NULL, 75, 'Deducted', 13, '0000-00-00 00:00:00'),
(8, 5, NULL, 64, 'Deducted', 20, '2022-06-24 10:56:45'),
(9, 5, NULL, 54, 'Deducted', 21, '2022-06-24 04:57:37'),
(10, 5, NULL, 46, 'Deducted', 26, '2022-06-27 11:34:11'),
(11, 5, NULL, 39, 'Deducted', 27, '2022-06-27 11:42:24'),
(12, 5, NULL, 33, 'Deducted', 28, '2022-06-29 12:26:18'),
(13, 5, NULL, 33, 'Deducted', 29, '2022-06-29 12:41:41'),
(14, 5, NULL, 23, 'Deducted', 30, '2022-06-29 11:54:27'),
(15, 5, NULL, 20, 'Deducted', 31, '2022-06-29 11:57:04'),
(16, 5, NULL, 17, 'Deducted', 32, '2022-06-29 11:59:36'),
(17, 5, NULL, 14, 'Deducted', 33, '2022-06-30 12:03:58'),
(18, 5, NULL, 12, 'Deducted', 34, '2022-06-30 12:08:17'),
(19, 5, NULL, 11, 'Deducted', 35, '2022-06-30 12:13:10'),
(20, 5, NULL, 9, 'Deducted', 36, '2022-06-30 12:21:47'),
(21, 5, NULL, 8, 'Deducted', 37, '2022-06-30 12:20:02'),
(22, 5, NULL, 6, 'Deducted', 39, '2022-07-01 12:35:14'),
(23, 13, 28, 500, 'Inactive', NULL, '2022-07-17 13:35:42'),
(24, 13, 29, 500, 'Added', NULL, '2022-07-17 13:42:40'),
(25, 14, 30, 500, 'Added', NULL, '2022-07-17 14:34:32'),
(26, 14, 43, 200, 'Inactive', NULL, '2022-07-22 10:49:33'),
(27, 13, NULL, 75, 'Deducted', 1, '2022-07-24 07:36:52'),
(28, 5, NULL, 5, 'Deducted', 2, '2022-08-01 04:35:47'),
(29, 5, NULL, 5, 'Deducted', 3, '2022-08-02 11:24:10'),
(30, 14, NULL, 75, 'Deducted', 4, '2022-09-25 11:08:53');

-- --------------------------------------------------------

--
-- Table structure for table `variants`
--

CREATE TABLE `variants` (
  `id` int(11) NOT NULL,
  `variant_name` varchar(100) NOT NULL,
  `variant_status` enum('Active','Inactive') NOT NULL,
  `created_on` datetime NOT NULL,
  `updated_on` datetime NOT NULL
) ENGINE=InnoDB DEFAULT CHARSET=latin1 COLLATE=latin1_swedish_ci;

--
-- Dumping data for table `variants`
--

INSERT INTO `variants` (`id`, `variant_name`, `variant_status`, `created_on`, `updated_on`) VALUES
(1, '500 ML', 'Active', '2022-05-05 14:24:06', '0000-00-00 00:00:00'),
(2, '250 ML', 'Active', '2022-05-05 14:24:16', '0000-00-00 00:00:00'),
(3, '100 ML', 'Active', '2022-05-05 14:24:26', '0000-00-00 00:00:00'),
(4, '250 G', 'Active', '2022-05-05 14:24:36', '0000-00-00 00:00:00'),
(5, '100 G', 'Active', '2022-05-05 14:24:46', '0000-00-00 00:00:00'),
(6, '1 liter', 'Active', '2022-05-15 20:31:46', '0000-00-00 00:00:00'),
(7, '1 KG', 'Active', '2022-05-15 20:31:54', '2024-05-14 16:15:03'),
(8, '300 G', 'Active', '2022-05-15 20:32:01', '0000-00-00 00:00:00'),
(9, '900 G', 'Active', '2022-05-15 20:32:10', '0000-00-00 00:00:00'),
(10, '200 ML', 'Active', '2022-05-15 20:32:17', '0000-00-00 00:00:00'),
(11, '650 ML', 'Active', '2022-05-15 20:32:26', '0000-00-00 00:00:00'),
(12, '150 G', 'Active', '2022-05-15 20:32:34', '0000-00-00 00:00:00'),
(17, '200 GMS', 'Active', '2024-05-08 16:14:53', '2024-05-09 18:32:00'),
(18, '250 GMS', 'Active', '2024-05-09 18:30:08', '2024-05-09 18:31:40'),
(19, '500 GMS', 'Active', '2024-05-09 18:30:21', '0000-00-00 00:00:00'),
(20, '750 GMS', 'Active', '2024-05-09 18:30:34', '0000-00-00 00:00:00'),
(21, '1 Piece', 'Active', '2024-05-14 16:15:54', '2024-05-14 16:16:17');

-- --------------------------------------------------------

--
-- Table structure for table `wholesale_enquiry`
--

CREATE TABLE `wholesale_enquiry` (
  `id` int(11) NOT NULL,
  `item_category` int(11) NOT NULL,
  `shop_name` varchar(255) NOT NULL,
  `pan_number` varchar(50) DEFAULT NULL,
  `gstn` varchar(50) DEFAULT NULL,
  `mobile` varchar(20) NOT NULL,
  `address` varchar(2500) NOT NULL,
  `address2` varchar(2500) NOT NULL,
  `city` varchar(255) NOT NULL,
  `state` varchar(255) NOT NULL,
  `zip` varchar(10) NOT NULL,
  `comment` longtext NOT NULL,
  `created_on` datetime DEFAULT NULL
) ENGINE=MyISAM DEFAULT CHARSET=latin1 COLLATE=latin1_swedish_ci;

--
-- Dumping data for table `wholesale_enquiry`
--

INSERT INTO `wholesale_enquiry` (`id`, `item_category`, `shop_name`, `pan_number`, `gstn`, `mobile`, `address`, `address2`, `city`, `state`, `zip`, `comment`, `created_on`) VALUES
(1, 1, 'nikhil', NULL, NULL, '7894546415', 'sdfdfsfs', 'sdfsdfsdfsdsdsdf', 'dsfsdf', 'dfsdf', '656565', 'dsfsdfsdfsdfsdf', '2022-05-10 22:44:47'),
(2, 3, 'lkdsfsdkf', NULL, NULL, '7981369305', 'dfsdf', 'sdfsdf', 'sdfsdf', 'sdfsdf', '66454', 'sdfsdfsdf', '2022-05-10 23:21:53'),
(3, 1, 'Kts Silver Palace', '', '', '9700748114', '21-4 , Petla Burz , Back Side Of Police Line ', 'Near City Collage Hyderabad', 'Hyderabad', 'Telangana', '500002', 'I want to buy silver anklets', '2022-06-04 10:18:25'),
(4, 1, 'ouh i iishvis', '-03i904 03u83uu03u0', 'oijo svjo ov', 'o039u0u4093 03 0434', 'env oeorejirew1oio', 'oij soivokp`', 'poiwjpv op', 'opkv kp', 'poskv psv ', 'odijv odpf vdv', '2022-06-04 13:05:16'),
(5, 1, 'ouh i iishvis', '-03i904 03u83uu03u0', '36ASBPM7437Q1Z2', '+549885800328', 'jbsjh bv', 'bjsh v', 'hs d', 'Buenos Aires', '3232', 'iuytdresdftyguhij', '2022-06-07 00:14:43');

-- --------------------------------------------------------

--
-- Table structure for table `wishlist`
--

CREATE TABLE `wishlist` (
  `id` int(11) NOT NULL,
  `product_id` int(10) NOT NULL,
  `user_id` int(10) NOT NULL
) ENGINE=MyISAM DEFAULT CHARSET=latin1 COLLATE=latin1_swedish_ci;

--
-- Dumping data for table `wishlist`
--

INSERT INTO `wishlist` (`id`, `product_id`, `user_id`) VALUES
(117, 51, 71),
(19, 2, 5),
(26, 29, 12),
(27, 6, 12),
(28, 4, 12),
(96, 41, 5),
(31, 29, 5),
(42, 35, 17),
(33, 28, 5),
(34, 30, 5),
(116, 47, 5),
(101, 47, 17),
(43, 35, 21),
(44, 33, 21),
(46, 31, 17),
(48, 3, 21),
(49, 12, 21),
(50, 1, 21),
(51, 11, 21),
(61, 3, 12),
(75, 43, 13),
(90, 41, 12),
(60, 37, 21),
(57, 38, 5),
(64, 13, 5),
(83, 37, 5),
(113, 43, 5),
(89, 42, 49),
(111, 46, 5),
(76, 38, 12),
(77, 1, 12),
(82, 12, 5),
(80, 15, 5),
(94, 3, 5),
(112, 42, 5),
(119, 49, 78),
(120, 50, 78),
(121, 3, 78),
(122, 4, 78),
(123, 53, 4),
(125, 52, 87),
(126, 49, 87),
(137, 50, 89),
(130, 3, 89),
(131, 53, 87),
(132, 52, 89),
(133, 4, 100),
(134, 49, 100),
(135, 50, 100),
(136, 52, 100),
(138, 51, 89),
(139, 4, 89),
(140, 1, 100),
(141, 2, 8),
(143, 49, 107),
(144, 49, 108);

--
-- Indexes for dumped tables
--

--
-- Indexes for table `aboutus`
--
ALTER TABLE `aboutus`
  ADD PRIMARY KEY (`id`);

--
-- Indexes for table `addresses`
--
ALTER TABLE `addresses`
  ADD PRIMARY KEY (`id`);

--
-- Indexes for table `api_user_login`
--
ALTER TABLE `api_user_login`
  ADD PRIMARY KEY (`id`);

--
-- Indexes for table `banners`
--
ALTER TABLE `banners`
  ADD PRIMARY KEY (`id`),
  ADD KEY `id` (`id`,`banner_status`);

--
-- Indexes for table `cart`
--
ALTER TABLE `cart`
  ADD PRIMARY KEY (`id`);

--
-- Indexes for table `categories`
--
ALTER TABLE `categories`
  ADD PRIMARY KEY (`id`),
  ADD KEY `id` (`id`,`parent_id`,`category_status`);

--
-- Indexes for table `collections`
--
ALTER TABLE `collections`
  ADD PRIMARY KEY (`id`);

--
-- Indexes for table `colors`
--
ALTER TABLE `colors`
  ADD PRIMARY KEY (`id`);

--
-- Indexes for table `contact_details`
--
ALTER TABLE `contact_details`
  ADD PRIMARY KEY (`id`);

--
-- Indexes for table `country`
--
ALTER TABLE `country`
  ADD PRIMARY KEY (`id`);

--
-- Indexes for table `coupons`
--
ALTER TABLE `coupons`
  ADD PRIMARY KEY (`id`);

--
-- Indexes for table `customer_bills`
--
ALTER TABLE `customer_bills`
  ADD PRIMARY KEY (`id`);

--
-- Indexes for table `delivery_lanes`
--
ALTER TABLE `delivery_lanes`
  ADD PRIMARY KEY (`id`);

--
-- Indexes for table `email_templates`
--
ALTER TABLE `email_templates`
  ADD PRIMARY KEY (`id`);

--
-- Indexes for table `enquiry`
--
ALTER TABLE `enquiry`
  ADD PRIMARY KEY (`id`);

--
-- Indexes for table `gift_wrap_price`
--
ALTER TABLE `gift_wrap_price`
  ADD PRIMARY KEY (`id`);

--
-- Indexes for table `making_charges`
--
ALTER TABLE `making_charges`
  ADD PRIMARY KEY (`id`);

--
-- Indexes for table `offers`
--
ALTER TABLE `offers`
  ADD PRIMARY KEY (`id`),
  ADD KEY `id` (`id`,`product_id`,`variant_id`,`status`);

--
-- Indexes for table `orders`
--
ALTER TABLE `orders`
  ADD PRIMARY KEY (`id`),
  ADD KEY `id` (`id`,`order_number`,`user_id`,`status`);

--
-- Indexes for table `order_items`
--
ALTER TABLE `order_items`
  ADD PRIMARY KEY (`id`);

--
-- Indexes for table `payment_responses`
--
ALTER TABLE `payment_responses`
  ADD PRIMARY KEY (`id`);

--
-- Indexes for table `products`
--
ALTER TABLE `products`
  ADD PRIMARY KEY (`id`),
  ADD KEY `stock_status` (`stock_status`),
  ADD KEY `best_selling` (`best_selling`),
  ADD KEY `id` (`id`),
  ADD KEY `category_id` (`category_id`),
  ADD KEY `best_selling_2` (`best_selling`),
  ADD KEY `product_status` (`product_status`,`stock_status`);

--
-- Indexes for table `product_images`
--
ALTER TABLE `product_images`
  ADD PRIMARY KEY (`id`),
  ADD KEY `product_id` (`product_id`);

--
-- Indexes for table `product_reviews`
--
ALTER TABLE `product_reviews`
  ADD PRIMARY KEY (`id`);

--
-- Indexes for table `product_variants`
--
ALTER TABLE `product_variants`
  ADD PRIMARY KEY (`id`),
  ADD KEY `product_id` (`product_id`,`variant_id`);

--
-- Indexes for table `profit_margins`
--
ALTER TABLE `profit_margins`
  ADD PRIMARY KEY (`id`);

--
-- Indexes for table `referal_options`
--
ALTER TABLE `referal_options`
  ADD PRIMARY KEY (`id`);

--
-- Indexes for table `settings`
--
ALTER TABLE `settings`
  ADD PRIMARY KEY (`id`);

--
-- Indexes for table `shipping_charges`
--
ALTER TABLE `shipping_charges`
  ADD PRIMARY KEY (`id`);

--
-- Indexes for table `social_media`
--
ALTER TABLE `social_media`
  ADD PRIMARY KEY (`id`);

--
-- Indexes for table `tax`
--
ALTER TABLE `tax`
  ADD PRIMARY KEY (`id`);

--
-- Indexes for table `tbl_subscriptions`
--
ALTER TABLE `tbl_subscriptions`
  ADD PRIMARY KEY (`id`);

--
-- Indexes for table `testimonials`
--
ALTER TABLE `testimonials`
  ADD PRIMARY KEY (`id`);

--
-- Indexes for table `transactions`
--
ALTER TABLE `transactions`
  ADD PRIMARY KEY (`id`);

--
-- Indexes for table `users`
--
ALTER TABLE `users`
  ADD PRIMARY KEY (`id`);

--
-- Indexes for table `user_referals`
--
ALTER TABLE `user_referals`
  ADD PRIMARY KEY (`id`);

--
-- Indexes for table `variants`
--
ALTER TABLE `variants`
  ADD PRIMARY KEY (`id`);

--
-- Indexes for table `wholesale_enquiry`
--
ALTER TABLE `wholesale_enquiry`
  ADD PRIMARY KEY (`id`);

--
-- Indexes for table `wishlist`
--
ALTER TABLE `wishlist`
  ADD PRIMARY KEY (`id`);

--
-- AUTO_INCREMENT for dumped tables
--

--
-- AUTO_INCREMENT for table `aboutus`
--
ALTER TABLE `aboutus`
  MODIFY `id` int(11) NOT NULL AUTO_INCREMENT;

--
-- AUTO_INCREMENT for table `addresses`
--
ALTER TABLE `addresses`
  MODIFY `id` int(11) NOT NULL AUTO_INCREMENT, AUTO_INCREMENT=55;

--
-- AUTO_INCREMENT for table `api_user_login`
--
ALTER TABLE `api_user_login`
  MODIFY `id` int(11) NOT NULL AUTO_INCREMENT, AUTO_INCREMENT=2707;

--
-- AUTO_INCREMENT for table `banners`
--
ALTER TABLE `banners`
  MODIFY `id` int(11) NOT NULL AUTO_INCREMENT, AUTO_INCREMENT=17;

--
-- AUTO_INCREMENT for table `cart`
--
ALTER TABLE `cart`
  MODIFY `id` int(11) NOT NULL AUTO_INCREMENT, AUTO_INCREMENT=406;

--
-- AUTO_INCREMENT for table `categories`
--
ALTER TABLE `categories`
  MODIFY `id` int(11) NOT NULL AUTO_INCREMENT, AUTO_INCREMENT=10;

--
-- AUTO_INCREMENT for table `collections`
--
ALTER TABLE `collections`
  MODIFY `id` int(11) NOT NULL AUTO_INCREMENT;

--
-- AUTO_INCREMENT for table `colors`
--
ALTER TABLE `colors`
  MODIFY `id` int(11) NOT NULL AUTO_INCREMENT;

--
-- AUTO_INCREMENT for table `contact_details`
--
ALTER TABLE `contact_details`
  MODIFY `id` int(11) NOT NULL AUTO_INCREMENT, AUTO_INCREMENT=2;

--
-- AUTO_INCREMENT for table `country`
--
ALTER TABLE `country`
  MODIFY `id` int(11) NOT NULL AUTO_INCREMENT, AUTO_INCREMENT=240;

--
-- AUTO_INCREMENT for table `coupons`
--
ALTER TABLE `coupons`
  MODIFY `id` int(11) NOT NULL AUTO_INCREMENT, AUTO_INCREMENT=8;

--
-- AUTO_INCREMENT for table `customer_bills`
--
ALTER TABLE `customer_bills`
  MODIFY `id` int(11) NOT NULL AUTO_INCREMENT, AUTO_INCREMENT=2;

--
-- AUTO_INCREMENT for table `delivery_lanes`
--
ALTER TABLE `delivery_lanes`
  MODIFY `id` int(11) NOT NULL AUTO_INCREMENT, AUTO_INCREMENT=10;

--
-- AUTO_INCREMENT for table `email_templates`
--
ALTER TABLE `email_templates`
  MODIFY `id` int(11) NOT NULL AUTO_INCREMENT, AUTO_INCREMENT=8;

--
-- AUTO_INCREMENT for table `enquiry`
--
ALTER TABLE `enquiry`
  MODIFY `id` int(11) NOT NULL AUTO_INCREMENT, AUTO_INCREMENT=53;

--
-- AUTO_INCREMENT for table `gift_wrap_price`
--
ALTER TABLE `gift_wrap_price`
  MODIFY `id` int(11) NOT NULL AUTO_INCREMENT, AUTO_INCREMENT=3;

--
-- AUTO_INCREMENT for table `making_charges`
--
ALTER TABLE `making_charges`
  MODIFY `id` int(11) NOT NULL AUTO_INCREMENT, AUTO_INCREMENT=2;

--
-- AUTO_INCREMENT for table `offers`
--
ALTER TABLE `offers`
  MODIFY `id` int(11) NOT NULL AUTO_INCREMENT;

--
-- AUTO_INCREMENT for table `orders`
--
ALTER TABLE `orders`
  MODIFY `id` int(11) NOT NULL AUTO_INCREMENT, AUTO_INCREMENT=209;

--
-- AUTO_INCREMENT for table `order_items`
--
ALTER TABLE `order_items`
  MODIFY `id` int(11) NOT NULL AUTO_INCREMENT, AUTO_INCREMENT=177;

--
-- AUTO_INCREMENT for table `payment_responses`
--
ALTER TABLE `payment_responses`
  MODIFY `id` int(11) NOT NULL AUTO_INCREMENT, AUTO_INCREMENT=4;

--
-- AUTO_INCREMENT for table `products`
--
ALTER TABLE `products`
  MODIFY `id` int(11) NOT NULL AUTO_INCREMENT, AUTO_INCREMENT=67;

--
-- AUTO_INCREMENT for table `product_images`
--
ALTER TABLE `product_images`
  MODIFY `id` int(11) NOT NULL AUTO_INCREMENT, AUTO_INCREMENT=120;

--
-- AUTO_INCREMENT for table `product_reviews`
--
ALTER TABLE `product_reviews`
  MODIFY `id` int(11) NOT NULL AUTO_INCREMENT, AUTO_INCREMENT=3;

--
-- AUTO_INCREMENT for table `product_variants`
--
ALTER TABLE `product_variants`
  MODIFY `id` int(11) NOT NULL AUTO_INCREMENT, AUTO_INCREMENT=194;

--
-- AUTO_INCREMENT for table `profit_margins`
--
ALTER TABLE `profit_margins`
  MODIFY `id` int(11) NOT NULL AUTO_INCREMENT, AUTO_INCREMENT=4;

--
-- AUTO_INCREMENT for table `referal_options`
--
ALTER TABLE `referal_options`
  MODIFY `id` int(11) NOT NULL AUTO_INCREMENT, AUTO_INCREMENT=2;

--
-- AUTO_INCREMENT for table `settings`
--
ALTER TABLE `settings`
  MODIFY `id` int(11) NOT NULL AUTO_INCREMENT, AUTO_INCREMENT=6;

--
-- AUTO_INCREMENT for table `shipping_charges`
--
ALTER TABLE `shipping_charges`
  MODIFY `id` int(11) NOT NULL AUTO_INCREMENT, AUTO_INCREMENT=2;

--
-- AUTO_INCREMENT for table `social_media`
--
ALTER TABLE `social_media`
  MODIFY `id` int(11) NOT NULL AUTO_INCREMENT, AUTO_INCREMENT=6;

--
-- AUTO_INCREMENT for table `tax`
--
ALTER TABLE `tax`
  MODIFY `id` int(11) NOT NULL AUTO_INCREMENT, AUTO_INCREMENT=3;

--
-- AUTO_INCREMENT for table `tbl_subscriptions`
--
ALTER TABLE `tbl_subscriptions`
  MODIFY `id` int(11) NOT NULL AUTO_INCREMENT, AUTO_INCREMENT=130;

--
-- AUTO_INCREMENT for table `testimonials`
--
ALTER TABLE `testimonials`
  MODIFY `id` int(11) NOT NULL AUTO_INCREMENT, AUTO_INCREMENT=3;

--
-- AUTO_INCREMENT for table `transactions`
--
ALTER TABLE `transactions`
  MODIFY `id` int(11) NOT NULL AUTO_INCREMENT;

--
-- AUTO_INCREMENT for table `users`
--
ALTER TABLE `users`
  MODIFY `id` int(11) NOT NULL AUTO_INCREMENT, AUTO_INCREMENT=139;

--
-- AUTO_INCREMENT for table `user_referals`
--
ALTER TABLE `user_referals`
  MODIFY `id` int(11) NOT NULL AUTO_INCREMENT, AUTO_INCREMENT=31;

--
-- AUTO_INCREMENT for table `variants`
--
ALTER TABLE `variants`
  MODIFY `id` int(11) NOT NULL AUTO_INCREMENT, AUTO_INCREMENT=22;

--
-- AUTO_INCREMENT for table `wholesale_enquiry`
--
ALTER TABLE `wholesale_enquiry`
  MODIFY `id` int(11) NOT NULL AUTO_INCREMENT, AUTO_INCREMENT=6;

--
-- AUTO_INCREMENT for table `wishlist`
--
ALTER TABLE `wishlist`
  MODIFY `id` int(11) NOT NULL AUTO_INCREMENT, AUTO_INCREMENT=145;
COMMIT;

